-- https://www.phpmyadmin.net/
--

START TRANSACTION;



--
-- Database: `omaralyomhost_saudiway_2`
--

-- --------------------------------------------------------

--
-- Table structure for table `addresses`
--

CREATE TABLE `addresses` (
  `id` bigint(20) UNSIGNED NOT NULL,
  `user_status` varchar(191) DEFAULT NULL,
  `address` varchar(500) DEFAULT NULL,
  `latitude` varchar(100) DEFAULT NULL,
  `longitude` varchar(100) DEFAULT NULL,
  `region_id` bigint(20) UNSIGNED DEFAULT NULL,
  `city_id` bigint(20) UNSIGNED DEFAULT NULL,
  `area_id` bigint(20) UNSIGNED DEFAULT NULL,
  `user_id` bigint(20) UNSIGNED DEFAULT NULL,
  `created_at` timestamp NULL DEFAULT current_timestamp(),
  `updated_at` timestamp NULL DEFAULT current_timestamp(),
  `deleted_at` timestamp NULL DEFAULT NULL
) ENGINE=InnoDB DEFAULT CHARSET=utf8mb4 COLLATE=utf8mb4_unicode_ci;

--
-- Dumping data for table `addresses`
--

INSERT INTO `addresses` (`id`, `user_status`, `address`, `latitude`, `longitude`, `region_id`, `city_id`, `area_id`, `user_id`, `created_at`, `updated_at`, `deleted_at`) VALUES
(1, 'user', 'fdgdf', '21.5123', '39.1334', 4, 4, 4, 1, '2024-08-13 21:35:41', '2024-08-13 21:39:05', '2024-08-13 21:39:05'),
(2, 'user', 'test', '21.4599', '39.0951', 4, 4, 4, 1, '2024-08-16 17:49:26', '2024-08-18 18:05:43', NULL),
(3, 'user', 'rfewr', '21.5206', '39.1644', 4, 4, 4, 24, '2024-08-18 16:00:42', '2024-08-18 16:00:42', NULL),
(4, 'user', 'rrest', '21.5890', '39.4026', 3, 3, 3, 1, '2024-08-18 18:06:04', '2024-08-18 18:06:04', NULL),
(5, 'user', 'السنبلاوين', '24.6818', '46.6832', 2, 2, 2, 26, '2024-08-19 10:41:45', '2024-08-19 10:41:45', NULL),
(6, 'user', 'السنبلاوين - شارع عبد المنعم رياض', '21.5021', '39.2646', 3, 3, 3, 25, '2024-08-19 12:46:25', '2024-08-19 12:46:25', NULL),
(7, 'user', 'sdajckjS', '21.5078', '39.2015', 4, 4, 4, 31, '2024-08-19 13:51:22', '2024-08-19 13:51:22', NULL);

-- --------------------------------------------------------

--
-- Table structure for table `areas`
--

CREATE TABLE `areas` (
  `id` bigint(20) UNSIGNED NOT NULL,
  `city_id` bigint(20) UNSIGNED DEFAULT NULL,
  `deleted_at` timestamp NULL DEFAULT NULL,
  `created_at` timestamp NULL DEFAULT NULL,
  `updated_at` timestamp NULL DEFAULT NULL
) ENGINE=InnoDB DEFAULT CHARSET=utf8mb4 COLLATE=utf8mb4_unicode_ci;

--
-- Dumping data for table `areas`
--

INSERT INTO `areas` (`id`, `city_id`, `deleted_at`, `created_at`, `updated_at`) VALUES
(2, 2, NULL, '2024-07-28 09:21:11', '2024-07-28 09:21:11'),
(3, 3, NULL, '2024-07-28 09:22:19', '2024-07-28 09:22:19'),
(4, 4, NULL, '2024-07-28 09:23:07', '2024-07-28 09:23:07'),
(5, 3, NULL, '2024-08-19 15:00:21', '2024-08-19 15:00:21');

-- --------------------------------------------------------

--
-- Table structure for table `area_descriptions`
--

CREATE TABLE `area_descriptions` (
  `id` bigint(20) UNSIGNED NOT NULL,
  `title` varchar(50) DEFAULT NULL,
  `area_id` bigint(20) UNSIGNED DEFAULT NULL,
  `language_id` bigint(20) UNSIGNED DEFAULT NULL
) ENGINE=InnoDB DEFAULT CHARSET=utf8mb4 COLLATE=utf8mb4_unicode_ci;

--
-- Dumping data for table `area_descriptions`
--

INSERT INTO `area_descriptions` (`id`, `title`, `area_id`, `language_id`) VALUES
(5, 'الملز', 2, 1),
(6, 'Al Malaz Dist', 2, 2),
(7, 'مصر الجديدة', 3, 1),
(8, 'New Cairo', 3, 2),
(9, 'مرسى دبي', 4, 1),
(10, 'Dubai Marina', 4, 2),
(11, 'الجيزة', 5, 1),
(12, 'Giza', 5, 2);

-- --------------------------------------------------------

--
-- Table structure for table `attributes`
--

CREATE TABLE `attributes` (
  `id` bigint(20) UNSIGNED NOT NULL,
  `status` varchar(191) DEFAULT NULL,
  `color` varchar(191) DEFAULT NULL,
  `deleted_at` timestamp NULL DEFAULT NULL,
  `created_at` timestamp NULL DEFAULT NULL,
  `updated_at` timestamp NULL DEFAULT NULL
) ENGINE=InnoDB DEFAULT CHARSET=utf8mb4 COLLATE=utf8mb4_unicode_ci;

--
-- Dumping data for table `attributes`
--

INSERT INTO `attributes` (`id`, `status`, `color`, `deleted_at`, `created_at`, `updated_at`) VALUES
(1, '0', '#000000', NULL, '2024-07-22 15:25:15', '2024-07-22 15:25:15'),
(2, '0', '#000000', NULL, '2024-07-22 15:25:36', '2024-07-22 15:25:36'),
(3, '1', '#a01313', NULL, '2024-07-22 15:28:56', '2024-07-22 15:28:56'),
(4, '1', '#09ec0c', NULL, '2024-07-22 15:29:25', '2024-07-22 15:29:25');

-- --------------------------------------------------------

--
-- Table structure for table `attribute_descriptions`
--

CREATE TABLE `attribute_descriptions` (
  `id` bigint(20) UNSIGNED NOT NULL,
  `title` varchar(500) DEFAULT NULL,
  `attribute_id` bigint(20) UNSIGNED DEFAULT NULL,
  `language_id` bigint(20) UNSIGNED DEFAULT NULL
) ENGINE=InnoDB DEFAULT CHARSET=utf8mb4 COLLATE=utf8mb4_unicode_ci;

--
-- Dumping data for table `attribute_descriptions`
--

INSERT INTO `attribute_descriptions` (`id`, `title`, `attribute_id`, `language_id`) VALUES
(1, 'XL', 1, 1),
(2, 'XL', 1, 2),
(3, 'XXL', 2, 1),
(4, 'XXL', 2, 2),
(5, 'RED AR', 3, 1),
(6, 'Red en', 3, 2),
(7, 'Green AR', 4, 1),
(8, 'Green EN', 4, 2);

-- --------------------------------------------------------

--
-- Table structure for table `branches`
--

CREATE TABLE `branches` (
  `id` int(11) NOT NULL,
  `status` tinyint(4) DEFAULT NULL,
  `category_id` bigint(20) DEFAULT NULL,
  `deleted_at` timestamp NULL DEFAULT NULL,
  `created_at` timestamp NULL DEFAULT NULL,
  `updated_at` timestamp NULL DEFAULT NULL
) ENGINE=InnoDB DEFAULT CHARSET=utf8mb3 COLLATE=utf8mb3_general_ci;

--
-- Dumping data for table `branches`
--

INSERT INTO `branches` (`id`, `status`, `category_id`, `deleted_at`, `created_at`, `updated_at`) VALUES
(2, 1, 5, '2024-08-19 09:21:26', '2024-08-17 11:21:17', '2024-08-19 09:21:26'),
(3, 0, 5, '2024-08-19 09:21:26', '2024-08-17 21:23:16', '2024-08-19 09:21:26'),
(4, 2, 7, '2024-08-19 09:21:26', '2024-08-18 16:18:50', '2024-08-19 09:21:26'),
(5, 0, 7, NULL, '2024-08-19 09:22:55', '2024-08-19 09:22:55'),
(6, 0, 7, NULL, '2024-08-19 09:24:27', '2024-08-19 09:24:27'),
(7, 0, 3, NULL, '2024-08-19 09:25:26', '2024-08-19 09:25:26'),
(8, 0, 4, NULL, '2024-08-19 09:26:09', '2024-08-19 09:26:09'),
(9, 0, 2, NULL, '2024-08-19 09:26:48', '2024-08-19 09:26:48'),
(10, 0, 2, NULL, '2024-08-19 09:27:35', '2024-08-19 09:27:35'),
(11, 1, 7, NULL, '2024-08-19 12:43:06', '2024-08-19 12:43:06'),
(12, 1, 7, NULL, '2024-08-19 12:44:30', '2024-08-19 12:44:30'),
(13, 1, 7, NULL, '2024-08-19 12:45:47', '2024-08-19 12:45:47'),
(14, 2, 7, NULL, '2024-08-19 12:48:04', '2024-08-19 12:48:04'),
(15, 0, 7, NULL, '2024-08-25 13:11:02', '2024-08-25 13:11:02'),
(16, 0, 3, NULL, '2024-08-25 13:12:30', '2024-08-25 13:12:30'),
(17, 0, 3, NULL, '2024-08-25 13:13:44', '2024-08-25 13:13:44');

-- --------------------------------------------------------

--
-- Table structure for table `branch_categories`
--

CREATE TABLE `branch_categories` (
  `id` int(11) NOT NULL,
  `branch_id` bigint(20) DEFAULT NULL,
  `category_id` bigint(20) DEFAULT NULL
) ENGINE=InnoDB DEFAULT CHARSET=utf8mb3 COLLATE=utf8mb3_general_ci;

--
-- Dumping data for table `branch_categories`
--

INSERT INTO `branch_categories` (`id`, `branch_id`, `category_id`) VALUES
(2, 2, 6),
(6, 3, 6),
(7, 2, 2),
(8, 4, 8),
(9, 4, 9),
(10, 4, 11),
(11, 5, 9),
(12, 5, 8),
(13, 6, 34),
(14, 6, 16),
(15, 6, 15),
(16, 6, 14),
(17, 6, 13),
(18, 6, 12),
(19, 6, 11),
(20, 7, 18),
(21, 7, 17),
(22, 8, 25),
(23, 8, 24),
(24, 8, 23),
(25, 9, 28),
(26, 9, 27),
(27, 9, 26),
(28, 10, 33),
(29, 10, 32),
(30, 10, 31),
(31, 10, 30),
(32, 10, 29),
(33, 11, 8),
(34, 11, 26),
(35, 11, 33),
(36, 12, 8),
(37, 12, 9),
(38, 12, 11),
(39, 12, 26),
(40, 12, 33),
(41, 12, 39),
(42, 13, 9),
(43, 13, 25),
(44, 13, 36),
(45, 13, 38),
(46, 13, 37),
(47, 14, 31),
(48, 14, 32),
(50, 14, 30),
(51, 15, 40),
(52, 15, 41),
(53, 16, 19),
(54, 17, 20),
(55, 17, 21),
(56, 17, 22),
(57, 14, 28);

-- --------------------------------------------------------

--
-- Table structure for table `branch_descriptions`
--

CREATE TABLE `branch_descriptions` (
  `id` int(11) NOT NULL,
  `title` text DEFAULT NULL,
  `branch_id` bigint(20) DEFAULT NULL,
  `language_id` bigint(20) DEFAULT NULL
) ENGINE=InnoDB DEFAULT CHARSET=utf8mb3 COLLATE=utf8mb3_general_ci;

--
-- Dumping data for table `branch_descriptions`
--

INSERT INTO `branch_descriptions` (`id`, `title`, `branch_id`, `language_id`) VALUES
(11, 'data', 3, 1),
(12, 'datga', 3, 2),
(13, 'data', 2, 1),
(14, 'data', 2, 2),
(15, 'data', 4, 1),
(16, 'data', 4, 2),
(25, 'المطبخ', 9, 1),
(26, 'kitchen', 9, 2),
(31, 'اكسسوارات', 6, 1),
(32, 'Accessories', 6, 2),
(33, 'تسوق كامل المجموعة', 8, 1),
(34, 'Shop Full Range', 8, 2),
(35, 'من أجله', 11, 1),
(36, 'For his sake', 11, 2),
(37, 'من أجلها', 12, 1),
(38, 'For Her Sake', 12, 2),
(39, 'للأطفال', 13, 1),
(40, 'for children', 13, 2),
(45, 'للأطفال', 15, 1),
(46, 'for children', 15, 2),
(47, 'للجنسين- تسوق كامل المجموعة', 5, 1),
(48, 'Unisex - Shop the Full Collection', 5, 2),
(49, 'دمى حيوانات  البيئة السعودية', 7, 1),
(50, 'Saudi Environmental Dolls', 7, 2),
(51, 'العاب', 16, 1),
(52, 'Games', 16, 2),
(53, 'ادوات مكتبية', 17, 1),
(54, 'office supplies', 17, 2),
(55, 'تسوق كامل المجموعة', 14, 1),
(56, 'Shop Full Range', 14, 2),
(57, 'غرف الضيوف', 10, 1),
(58, 'guest rooms', 10, 2);

-- --------------------------------------------------------

--
-- Table structure for table `carts`
--

CREATE TABLE `carts` (
  `id` bigint(20) UNSIGNED NOT NULL,
  `status` varchar(100) DEFAULT NULL,
  `count` int(11) DEFAULT NULL,
  `product_id` bigint(20) UNSIGNED DEFAULT NULL,
  `user_id` bigint(20) UNSIGNED DEFAULT NULL,
  `main_attribute_id` bigint(20) UNSIGNED DEFAULT NULL,
  `sub_attribute_id` bigint(20) UNSIGNED DEFAULT NULL,
  `created_at` timestamp NULL DEFAULT NULL,
  `updated_at` timestamp NULL DEFAULT NULL
) ENGINE=InnoDB DEFAULT CHARSET=utf8mb4 COLLATE=utf8mb4_unicode_ci;

-- --------------------------------------------------------

--
-- Table structure for table `categories`
--

CREATE TABLE `categories` (
  `id` bigint(20) UNSIGNED NOT NULL,
  `visits` int(11) DEFAULT NULL,
  `image` text DEFAULT NULL,
  `category_id` bigint(20) UNSIGNED DEFAULT NULL,
  `order` int(11) DEFAULT NULL,
  `deleted_at` timestamp NULL DEFAULT NULL,
  `created_at` timestamp NULL DEFAULT NULL,
  `updated_at` timestamp NULL DEFAULT NULL
) ENGINE=InnoDB DEFAULT CHARSET=utf8mb4 COLLATE=utf8mb4_unicode_ci;

--
-- Dumping data for table `categories`
--

INSERT INTO `categories` (`id`, `visits`, `image`, `category_id`, `order`, `deleted_at`, `created_at`, `updated_at`) VALUES
(1, 23, '/storage/photos/shares/categories/categ-1.svg', NULL, NULL, '2024-08-18 14:20:50', '2024-06-28 19:35:05', '2024-08-18 14:20:50'),
(2, 2, '/storage/files/shares/test/presents_5093640.png', NULL, 4, NULL, '2024-06-28 19:35:24', '2024-08-20 18:14:11'),
(3, 2, '/storage/photos/shares/categories/categ-2.svg', NULL, 2, NULL, '2024-07-07 11:42:10', '2024-08-20 18:13:15'),
(4, 3, '/storage/photos/shares/categories/categ-3.svg', NULL, 3, NULL, '2024-07-07 11:49:59', '2024-08-20 18:13:37'),
(5, NULL, 'http://modern.omar.alyomhost.org//storage/photos/shares/header-1.png', NULL, NULL, '2024-08-19 12:36:46', '2024-07-28 12:19:06', '2024-08-19 12:36:46'),
(6, NULL, NULL, 5, NULL, NULL, '2024-07-28 13:21:15', '2024-07-28 13:21:15'),
(7, NULL, '/storage/files/shares/test/presents_5093640.png', NULL, 1, NULL, '2024-08-18 10:54:48', '2024-08-20 18:13:01'),
(8, NULL, NULL, 7, NULL, NULL, '2024-08-18 10:57:28', '2024-08-18 10:57:28'),
(9, NULL, NULL, 7, NULL, NULL, '2024-08-18 10:59:27', '2024-08-18 10:59:27'),
(10, NULL, NULL, 2, NULL, '2024-08-18 14:21:12', '2024-08-18 11:06:45', '2024-08-18 14:21:12'),
(11, NULL, NULL, 7, NULL, NULL, '2024-08-18 14:09:51', '2024-08-18 14:09:51'),
(12, NULL, NULL, 7, NULL, NULL, '2024-08-18 14:11:06', '2024-08-18 14:11:06'),
(13, NULL, NULL, 7, NULL, NULL, '2024-08-18 14:11:21', '2024-08-18 14:11:21'),
(14, NULL, NULL, 7, NULL, NULL, '2024-08-18 14:11:39', '2024-08-18 14:11:39'),
(15, NULL, NULL, 7, NULL, NULL, '2024-08-18 14:11:57', '2024-08-18 14:11:57'),
(16, NULL, NULL, 7, NULL, NULL, '2024-08-18 14:12:16', '2024-08-18 14:12:16'),
(17, NULL, NULL, 3, NULL, NULL, '2024-08-18 14:13:34', '2024-08-18 14:13:34'),
(18, NULL, NULL, 3, NULL, NULL, '2024-08-18 14:13:47', '2024-08-18 14:13:47'),
(19, NULL, NULL, 3, NULL, NULL, '2024-08-18 14:14:01', '2024-08-18 14:14:01'),
(20, NULL, NULL, 3, NULL, NULL, '2024-08-18 14:14:17', '2024-08-18 14:14:17'),
(21, NULL, NULL, 3, NULL, NULL, '2024-08-18 14:14:31', '2024-08-18 14:14:31'),
(22, NULL, NULL, 3, NULL, NULL, '2024-08-18 14:14:41', '2024-08-18 14:14:41'),
(23, NULL, NULL, 4, NULL, NULL, '2024-08-18 14:17:33', '2024-08-18 14:17:33'),
(24, NULL, NULL, 4, NULL, NULL, '2024-08-18 14:17:49', '2024-08-18 14:17:49'),
(25, NULL, NULL, 4, NULL, NULL, '2024-08-18 14:18:01', '2024-08-18 14:18:01'),
(26, NULL, NULL, 2, NULL, NULL, '2024-08-18 14:18:24', '2024-08-18 14:18:24'),
(27, NULL, NULL, 2, NULL, NULL, '2024-08-18 14:18:45', '2024-08-18 14:18:45'),
(28, NULL, NULL, 2, NULL, NULL, '2024-08-18 14:18:56', '2024-08-18 14:18:56'),
(29, NULL, NULL, 2, NULL, NULL, '2024-08-18 14:19:11', '2024-08-18 14:19:11'),
(30, NULL, NULL, 2, NULL, NULL, '2024-08-18 14:19:27', '2024-08-18 14:19:27'),
(31, NULL, NULL, 2, NULL, NULL, '2024-08-18 14:19:43', '2024-08-18 14:19:43'),
(32, NULL, NULL, 2, NULL, NULL, '2024-08-18 14:20:00', '2024-08-18 14:20:00'),
(33, NULL, NULL, 2, NULL, NULL, '2024-08-18 14:20:24', '2024-08-18 14:20:24'),
(34, NULL, NULL, 7, NULL, NULL, '2024-08-18 14:51:34', '2024-08-18 14:51:34'),
(35, NULL, NULL, 7, NULL, '2024-08-19 14:47:20', '2024-08-18 16:05:11', '2024-08-19 14:47:20'),
(36, NULL, NULL, 3, NULL, NULL, '2024-08-19 11:31:53', '2024-08-19 11:31:53'),
(37, NULL, NULL, 2, NULL, NULL, '2024-08-19 12:11:14', '2024-08-19 12:11:14'),
(38, NULL, NULL, 3, NULL, NULL, '2024-08-19 12:14:45', '2024-08-19 12:14:45'),
(39, NULL, NULL, 2, NULL, NULL, '2024-08-19 12:25:09', '2024-08-19 12:25:09'),
(40, NULL, NULL, 7, NULL, NULL, '2024-08-19 13:10:14', '2024-08-19 13:10:14'),
(41, NULL, NULL, 7, NULL, NULL, '2024-08-19 13:11:21', '2024-08-19 13:11:21');

-- --------------------------------------------------------

--
-- Table structure for table `category_descriptions`
--

CREATE TABLE `category_descriptions` (
  `id` bigint(20) UNSIGNED NOT NULL,
  `title` varchar(50) DEFAULT NULL,
  `category_id` bigint(20) UNSIGNED DEFAULT NULL,
  `language_id` bigint(20) UNSIGNED DEFAULT NULL
) ENGINE=InnoDB DEFAULT CHARSET=utf8mb4 COLLATE=utf8mb4_unicode_ci;

--
-- Dumping data for table `category_descriptions`
--

INSERT INTO `category_descriptions` (`id`, `title`, `category_id`, `language_id`) VALUES
(5, 'احذية السلامة', 1, 1),
(6, 'احذية السلامة', 1, 2),
(11, 'هدايا', 5, 1),
(12, 'هدايا', 5, 2),
(13, 'حديثة', 6, 1),
(14, 'حديثة', 6, 2),
(23, 'كاب', 8, 1),
(24, 'Cap', 8, 2),
(27, 'مجسمات', 10, 1),
(28, 'models', 10, 2),
(29, 'تيشرتات', 9, 1),
(30, 'T-shirts', 9, 2),
(31, 'شنط ومحافظ عملات', 11, 1),
(32, 'شنط ومحافظ عملات', 11, 2),
(33, 'ميداليات', 12, 1),
(34, 'ميداليات', 12, 2),
(35, 'مراوح', 13, 1),
(36, 'مراوح', 13, 2),
(37, 'دفتر مذكرات', 14, 1),
(38, 'دفتر مذكرات', 14, 2),
(39, 'مظلات', 15, 1),
(40, 'مظلات', 15, 2),
(41, 'مستلزمات السفر', 16, 1),
(42, 'مستلزمات السفر', 16, 2),
(43, 'دمية الحمامة الناعمة', 17, 1),
(44, 'دمية الحمامة الناعمة', 17, 2),
(45, 'دمية الجمل الناعمة', 18, 1),
(46, 'دمية الجمل الناعمة', 18, 2),
(47, 'بزل', 19, 1),
(48, 'بزل', 19, 2),
(49, 'المذكرات', 20, 1),
(50, 'المذكرات', 20, 2),
(51, 'الألوان & الأقلام', 21, 1),
(52, 'الألوان & الأقلام', 21, 2),
(53, 'الأكواب', 22, 1),
(54, 'الأكواب', 22, 2),
(55, 'قلادة', 23, 1),
(56, 'قلادة', 23, 2),
(57, 'سبح الأحجار الكريمة', 24, 1),
(58, 'سبح الأحجار الكريمة', 24, 2),
(59, 'مجوهرات الأطفال', 25, 1),
(60, 'مجوهرات الأطفال', 25, 2),
(61, 'حافظات المشروبات', 26, 1),
(62, 'حافظات المشروبات', 26, 2),
(63, 'مغناطيس الثلاجة', 27, 1),
(64, 'مغناطيس الثلاجة', 27, 2),
(65, 'دلة القهوة', 28, 1),
(66, 'دلة القهوة', 28, 2),
(67, 'ساعة مكتبية', 29, 1),
(68, 'ساعة مكتبية', 29, 2),
(69, 'تحف الديكور', 30, 1),
(70, 'تحف الديكور', 30, 2),
(71, 'كرات الثلج', 31, 1),
(72, 'كرات الثلج', 31, 2),
(73, 'كرات الكريستال', 32, 1),
(74, 'كرات الكريستال', 32, 2),
(75, 'سجاد الصلاة', 33, 1),
(76, 'سجاد الصلاة', 33, 2),
(77, 'حامل شنطة', 34, 1),
(78, 'حامل شنطة', 34, 2),
(79, 'قسم ١', 35, 1),
(80, 'قسم ١', 35, 2),
(81, 'دمى والعاب', 36, 1),
(82, 'Puppets and toys', 36, 2),
(83, 'اكواب', 37, 1),
(84, 'cups', 37, 2),
(85, 'ادوات مكتبية', 38, 1),
(86, 'office supplies', 38, 2),
(87, 'هدايا المنزل', 39, 1),
(88, 'Home Gifts', 39, 2),
(89, 'من 0-24 شهر', 40, 1),
(90, 'From 0 to 40 Monthes', 40, 2),
(91, 'من 2- 14', 41, 1),
(92, 'From 2 to 14 Years', 41, 2),
(95, 'ملابس & اكسسوارات', 7, 1),
(96, 'Clothing & Accessories', 7, 2),
(97, 'دمى والعاب', 3, 1),
(98, 'Puppets and toys', 3, 2),
(99, 'المجوهرات & السبح', 4, 1),
(100, 'Jewelry & Prayer Beads', 4, 2),
(101, 'هدايا المنزل', 2, 1),
(102, 'Home Gifts', 2, 2);

-- --------------------------------------------------------

--
-- Table structure for table `cities`
--

CREATE TABLE `cities` (
  `id` bigint(20) UNSIGNED NOT NULL,
  `region_id` bigint(20) UNSIGNED DEFAULT NULL,
  `deleted_at` timestamp NULL DEFAULT NULL,
  `created_at` timestamp NULL DEFAULT NULL,
  `updated_at` timestamp NULL DEFAULT NULL
) ENGINE=InnoDB DEFAULT CHARSET=utf8mb4 COLLATE=utf8mb4_unicode_ci;

--
-- Dumping data for table `cities`
--

INSERT INTO `cities` (`id`, `region_id`, `deleted_at`, `created_at`, `updated_at`) VALUES
(1, 1, '2024-08-19 14:59:58', '2024-06-28 17:11:48', '2024-08-19 14:59:58'),
(2, 2, NULL, '2024-07-28 09:13:56', '2024-07-28 09:13:56'),
(3, 3, NULL, '2024-07-28 09:14:14', '2024-07-28 09:14:14'),
(4, 4, NULL, '2024-07-28 09:14:35', '2024-07-28 09:14:35'),
(5, 5, NULL, '2024-08-19 14:59:50', '2024-08-19 14:59:50');

-- --------------------------------------------------------

--
-- Table structure for table `city_descriptions`
--

CREATE TABLE `city_descriptions` (
  `id` bigint(20) UNSIGNED NOT NULL,
  `title` varchar(50) DEFAULT NULL,
  `city_id` bigint(20) UNSIGNED DEFAULT NULL,
  `language_id` bigint(20) UNSIGNED DEFAULT NULL
) ENGINE=InnoDB DEFAULT CHARSET=utf8mb4 COLLATE=utf8mb4_unicode_ci;

--
-- Dumping data for table `city_descriptions`
--

INSERT INTO `city_descriptions` (`id`, `title`, `city_id`, `language_id`) VALUES
(3, 'dd', 1, 1),
(4, 'dddd', 1, 2),
(5, 'الرياض', 2, 1),
(6, 'Riyadh', 2, 2),
(7, 'القاهرة', 3, 1),
(8, 'Cairo', 3, 2),
(9, 'دبي', 4, 1),
(10, 'Dubai', 4, 2),
(11, 'الدوحة', 5, 1),
(12, 'Doha', 5, 2);

-- --------------------------------------------------------

--
-- Table structure for table `countries`
--

CREATE TABLE `countries` (
  `id` bigint(20) UNSIGNED NOT NULL,
  `code` varchar(15) NOT NULL,
  `created_at` timestamp NULL DEFAULT NULL,
  `updated_at` timestamp NULL DEFAULT NULL,
  `deleted_at` timestamp NULL DEFAULT NULL
) ENGINE=InnoDB DEFAULT CHARSET=utf8mb3 COLLATE=utf8mb3_general_ci;

--
-- Dumping data for table `countries`
--

INSERT INTO `countries` (`id`, `code`, `created_at`, `updated_at`, `deleted_at`) VALUES
(1, '+966', '2021-08-31 09:38:08', '2022-05-17 12:44:39', NULL),
(2, '+2', '2021-08-31 09:38:08', '2021-09-01 09:02:28', '2021-09-01 09:02:28'),
(3, '202', '2021-09-20 10:12:01', '2021-09-26 06:35:16', '2021-09-26 06:35:16'),
(4, '339', '2021-09-26 06:36:36', '2021-09-26 06:36:57', '2021-09-26 06:36:57'),
(5, '446', '2021-09-26 06:36:52', '2021-09-29 09:58:12', '2021-09-29 09:58:12'),
(6, '+1', '2022-05-17 12:41:23', '2023-01-12 13:49:32', '2023-01-12 13:49:32'),
(7, '+20', '2022-05-17 12:41:43', '2022-05-17 12:41:43', NULL),
(8, '+27', '2022-05-17 12:42:17', '2022-06-14 11:22:43', '2022-06-14 11:22:43'),
(9, '+30', '2022-05-17 12:42:29', '2022-06-09 12:24:31', '2022-06-09 12:24:31'),
(10, '+33', '2022-05-17 12:42:50', '2022-06-14 11:27:02', '2022-06-14 11:27:02'),
(11, '+34', '2022-05-17 12:43:02', '2022-06-14 11:22:38', '2022-06-14 11:22:38'),
(12, '+39', '2022-05-17 12:43:19', '2022-06-14 11:26:56', '2022-06-14 11:26:56'),
(13, '+44', '2022-05-17 12:43:31', '2022-06-21 13:42:16', '2022-06-21 13:42:16'),
(14, '+52', '2022-05-17 12:43:57', '2022-06-09 12:24:19', '2022-06-09 12:24:19'),
(15, '+90', '2022-05-17 12:44:33', '2022-05-17 12:44:33', NULL),
(16, '+216', '2022-05-17 12:45:00', '2022-06-14 11:22:51', '2022-06-14 11:22:51'),
(17, '+218', '2022-05-17 12:45:12', '2022-06-09 12:28:46', '2022-06-09 12:28:46'),
(18, '+249', '2022-05-17 12:45:44', '2022-06-14 11:22:56', '2022-06-14 11:22:56'),
(19, '+252', '2022-05-17 12:45:57', '2022-06-09 12:35:40', '2022-06-09 12:35:40'),
(20, '+971', '2022-05-17 12:46:34', '2022-05-17 12:46:34', NULL),
(21, '+970', '2022-05-17 12:46:47', '2022-06-14 11:26:47', '2022-06-14 11:26:47'),
(22, '+968', '2022-05-17 12:47:43', '2022-06-14 11:27:07', '2022-06-14 11:27:07');

-- --------------------------------------------------------

--
-- Table structure for table `country_descriptions`
--

CREATE TABLE `country_descriptions` (
  `id` bigint(20) UNSIGNED NOT NULL,
  `title` varchar(50) NOT NULL,
  `country_id` bigint(20) UNSIGNED NOT NULL,
  `language_id` bigint(20) UNSIGNED NOT NULL
) ENGINE=InnoDB DEFAULT CHARSET=utf8mb3 COLLATE=utf8mb3_general_ci;

--
-- Dumping data for table `country_descriptions`
--

INSERT INTO `country_descriptions` (`id`, `title`, `country_id`, `language_id`) VALUES
(3, 'Nihil.', 2, 1),
(4, 'In qui.', 2, 2),
(7, 'الولايات المتحدة الامريكية', 3, 1),
(8, 'USA', 3, 2),
(9, 'الولايات المتحدة الامريكية', 4, 1),
(10, 'USA', 4, 2),
(11, 'الولايات المتحدة الامريكية', 5, 1),
(12, 'USA', 5, 2),
(13, 'الولايات المتحدة الأمريكية', 6, 1),
(14, 'United States', 6, 2),
(15, 'مصر', 7, 1),
(16, 'Egypt', 7, 2),
(17, 'جنوب إفريقيا', 8, 1),
(18, 'South Africa', 8, 2),
(19, 'اليونان', 9, 1),
(20, 'Greece', 9, 2),
(21, 'فرنسا', 10, 1),
(22, 'France', 10, 2),
(23, 'أسبانيا', 11, 1),
(24, 'Spain', 11, 2),
(25, 'ايطاليا', 12, 1),
(26, 'Italy', 12, 2),
(27, 'المملكة المتحدة', 13, 1),
(28, 'United Kingdom', 13, 2),
(29, 'المكسيك', 14, 1),
(30, 'Mexico', 14, 2),
(31, 'تركيا', 15, 1),
(32, 'Turkey', 15, 2),
(35, 'تونس', 16, 1),
(36, 'Tunisia', 16, 2),
(37, 'ليبيا', 17, 1),
(38, 'Libya', 17, 2),
(39, 'السودان', 18, 1),
(40, 'Sudan', 18, 2),
(41, 'الصومال', 19, 1),
(42, 'Somalia', 19, 2),
(43, 'الامارات العربية المتحدة', 20, 1),
(44, 'United Arab Emirates', 20, 2),
(47, 'فلسطين', 21, 1),
(48, 'Palestine', 21, 2),
(49, 'المملكة العربية السعودية', 1, 1),
(50, 'Saudi Arabia', 1, 2),
(51, 'سلطنة عمان', 22, 1),
(52, 'Oman', 22, 2);

-- --------------------------------------------------------

--
-- Table structure for table `coupons`
--

CREATE TABLE `coupons` (
  `id` bigint(20) UNSIGNED NOT NULL,
  `title` varchar(300) DEFAULT NULL,
  `code` varchar(300) DEFAULT NULL,
  `start_date` date DEFAULT NULL,
  `end_date` date DEFAULT NULL,
  `status` varchar(50) DEFAULT NULL,
  `discount_status` tinyint(4) DEFAULT NULL,
  `discount` double DEFAULT NULL,
  `count` int(11) DEFAULT NULL,
  `user_count` int(11) DEFAULT NULL,
  `user_id` bigint(20) UNSIGNED DEFAULT NULL,
  `deleted_at` timestamp NULL DEFAULT NULL,
  `created_at` timestamp NULL DEFAULT NULL,
  `updated_at` timestamp NULL DEFAULT NULL
) ENGINE=InnoDB DEFAULT CHARSET=utf8mb4 COLLATE=utf8mb4_unicode_ci;

--
-- Dumping data for table `coupons`
--

INSERT INTO `coupons` (`id`, `title`, `code`, `start_date`, `end_date`, `status`, `discount_status`, `discount`, `count`, `user_count`, `user_id`, `deleted_at`, `created_at`, `updated_at`) VALUES
(1, '4534', '1234', '2020-06-20', '2034-11-09', '1', 1, 10, 1110, 5, NULL, NULL, '2024-06-28 19:08:42', '2024-08-17 07:43:31'),
(2, 'rewr', '432', '2024-06-13', '2024-07-12', '1', 0, 44, 2, 23, 5, NULL, '2024-06-28 19:15:46', '2024-06-28 19:15:46'),
(3, 'اليوم الوطنى', '123456K', '2024-08-19', '2024-08-21', NULL, 1, 50, 0, 6, NULL, NULL, '2024-08-19 11:36:55', '2024-08-19 12:47:32'),
(4, 'test', 'Te12', '2024-08-19', '2024-09-06', NULL, 0, 50, 20, 1, 7, NULL, '2024-08-19 15:34:33', '2024-08-19 15:34:33'),
(5, 'test', 'te13', '2024-08-19', '2024-09-05', NULL, 0, 40, 30, 1, NULL, NULL, '2024-08-19 15:35:01', '2024-08-19 15:35:01');

-- --------------------------------------------------------

--
-- Table structure for table `coupon_products`
--

CREATE TABLE `coupon_products` (
  `id` bigint(20) UNSIGNED NOT NULL,
  `coupon_id` bigint(20) UNSIGNED DEFAULT NULL,
  `product_id` bigint(20) UNSIGNED DEFAULT NULL
) ENGINE=InnoDB DEFAULT CHARSET=utf8mb4 COLLATE=utf8mb4_unicode_ci;

-- --------------------------------------------------------

--
-- Table structure for table `failed_jobs`
--

CREATE TABLE `failed_jobs` (
  `id` bigint(20) UNSIGNED NOT NULL,
  `connection` text NOT NULL,
  `queue` text NOT NULL,
  `payload` longtext NOT NULL,
  `exception` longtext NOT NULL,
  `failed_at` timestamp NOT NULL DEFAULT current_timestamp()
) ENGINE=InnoDB DEFAULT CHARSET=utf8mb4 COLLATE=utf8mb4_unicode_ci;

-- --------------------------------------------------------

--
-- Table structure for table `faqs`
--

CREATE TABLE `faqs` (
  `id` bigint(20) UNSIGNED NOT NULL,
  `faq_category_id` bigint(20) UNSIGNED DEFAULT NULL,
  `deleted_at` timestamp NULL DEFAULT NULL,
  `created_at` timestamp NULL DEFAULT NULL,
  `updated_at` timestamp NULL DEFAULT NULL
) ENGINE=InnoDB DEFAULT CHARSET=utf8mb4 COLLATE=utf8mb4_unicode_ci;

--
-- Dumping data for table `faqs`
--

INSERT INTO `faqs` (`id`, `faq_category_id`, `deleted_at`, `created_at`, `updated_at`) VALUES
(2, 1, '2024-08-18 12:23:16', '2024-06-28 18:42:26', '2024-08-18 12:23:16'),
(3, 1, '2024-08-18 12:23:16', '2024-08-09 17:22:09', '2024-08-18 12:23:16'),
(4, 2, '2024-08-18 12:23:16', '2024-08-09 17:22:09', '2024-08-18 12:23:16'),
(5, 2, NULL, '2024-08-18 12:23:08', '2024-08-18 12:23:08'),
(6, 2, NULL, '2024-08-18 12:24:15', '2024-08-18 12:24:15'),
(7, 3, NULL, '2024-08-19 15:15:43', '2024-08-19 15:15:43');

-- --------------------------------------------------------

--
-- Table structure for table `faq_categories`
--

CREATE TABLE `faq_categories` (
  `id` bigint(20) UNSIGNED NOT NULL,
  `deleted_at` timestamp NULL DEFAULT NULL,
  `created_at` timestamp NULL DEFAULT NULL,
  `updated_at` timestamp NULL DEFAULT NULL
) ENGINE=InnoDB DEFAULT CHARSET=utf8mb3 COLLATE=utf8mb3_general_ci;

--
-- Dumping data for table `faq_categories`
--

INSERT INTO `faq_categories` (`id`, `deleted_at`, `created_at`, `updated_at`) VALUES
(1, '2024-08-19 15:14:01', '2024-08-09 17:10:18', '2024-08-19 15:14:01'),
(2, NULL, '2024-08-09 17:10:18', '2024-08-09 17:10:18'),
(3, NULL, '2024-08-19 15:10:19', '2024-08-19 15:10:19');

-- --------------------------------------------------------

--
-- Table structure for table `faq_category_descriptions`
--

CREATE TABLE `faq_category_descriptions` (
  `id` int(11) NOT NULL,
  `title` varchar(100) DEFAULT NULL,
  `faq_category_id` bigint(20) UNSIGNED DEFAULT NULL,
  `language_id` bigint(20) UNSIGNED DEFAULT NULL
) ENGINE=InnoDB DEFAULT CHARSET=utf8mb3 COLLATE=utf8mb3_general_ci;

--
-- Dumping data for table `faq_category_descriptions`
--

INSERT INTO `faq_category_descriptions` (`id`, `title`, `faq_category_id`, `language_id`) VALUES
(7, 'انواع الهدايا', 2, 1),
(8, 'types of gifts', 2, 2),
(9, 'safd', 1, 1),
(10, 'dsafdsa', 1, 2),
(13, 'الأسئلة الخاصة بطرق الدفع', 3, 1),
(14, 'Questions about payment methods', 3, 2);

-- --------------------------------------------------------

--
-- Table structure for table `faq_descriptions`
--

CREATE TABLE `faq_descriptions` (
  `id` bigint(20) UNSIGNED NOT NULL,
  `question` varchar(500) DEFAULT NULL,
  `answer` text DEFAULT NULL,
  `faq_id` bigint(20) UNSIGNED DEFAULT NULL,
  `language_id` bigint(20) UNSIGNED DEFAULT NULL
) ENGINE=InnoDB DEFAULT CHARSET=utf8mb4 COLLATE=utf8mb4_unicode_ci;

--
-- Dumping data for table `faq_descriptions`
--

INSERT INTO `faq_descriptions` (`id`, `question`, `answer`, `faq_id`, `language_id`) VALUES
(5, 'daat', 'dasdf', 3, 1),
(6, 'sdafds', 'fsdfds', 3, 2),
(7, 'data', 'saddfas', 2, 1),
(8, 'dsad', 'dsafdasdfsa', 2, 2),
(9, 'data', 'saddfas', 4, 1),
(10, 'dsad', 'dsafdasdfsa', 4, 2),
(11, 'ما هي أنواع الهدايا التي تقدمونها؟', 'نقدم مجموعة متنوعة من الهدايا، تشمل التذكارات، المجوهرات، الإكسسوارات، التحف، أدوات الديكور، والمنتجات المخصصة. نحرص على توفير منتجات تلبي مختلف الأذواق والمناسبات.', 5, 1),
(12, 'What kinds of gifts do you offer?', 'We offer a variety of gifts, including souvenirs, jewelry, accessories, antiques, decoration tools, and custom products. We are keen to provide products that meet different tastes and occasions.', 5, 2),
(13, 'هل تقدمون خدمات تغليف الهدايا؟', 'نعم، نوفر خدمة تغليف الهدايا بشكل أنيق ومخصص، مع إمكانية إضافة بطاقة تهنئة برسالة شخصية.', 6, 1),
(14, 'Do you offer gift packaging services?', 'Yes, we provide a personalised and stylish gift wrapping service, with the possibility of adding a greeting card with a personal message.', 6, 2),
(19, 'كيف يمكنني تقييم المنتج ؟', 'التحقق من الضمان وخدمة ما بعد البيع: تأكد من وجود ضمان للمنتج وخدمة ما بعد البيع في حال واجهت أي مشكلة.', 7, 1),
(20, 'How can I rate the product ?', 'Check Warranty and After-sales Service: Make sure there is a product warranty and after-sales service in case you encounter any problem.', 7, 2);

-- --------------------------------------------------------

--
-- Table structure for table `favorites`
--

CREATE TABLE `favorites` (
  `id` bigint(20) UNSIGNED NOT NULL,
  `status` varchar(100) DEFAULT NULL,
  `product_id` bigint(20) UNSIGNED DEFAULT NULL,
  `user_id` bigint(20) UNSIGNED DEFAULT NULL,
  `created_at` timestamp NULL DEFAULT NULL,
  `updated_at` timestamp NULL DEFAULT NULL
) ENGINE=InnoDB DEFAULT CHARSET=utf8mb4 COLLATE=utf8mb4_unicode_ci;

--
-- Dumping data for table `favorites`
--

INSERT INTO `favorites` (`id`, `status`, `product_id`, `user_id`, `created_at`, `updated_at`) VALUES
(17, 'user', 2, 22, '2024-07-13 13:41:09', '2024-07-13 13:41:09'),
(21, 'user', 5, 22, '2024-07-13 13:55:21', '2024-07-13 13:55:21'),
(22, 'user', 3, 22, '2024-07-13 13:58:42', '2024-07-13 13:58:42'),
(23, 'user', 4, 22, '2024-07-13 13:58:48', '2024-07-13 13:58:48'),
(28, 'user', 18, 24, '2024-08-18 16:00:17', '2024-08-18 16:00:17'),
(29, 'user', 42, 26, '2024-08-19 10:07:59', '2024-08-19 10:07:59'),
(30, 'user', 119, 26, '2024-08-19 14:54:06', '2024-08-19 14:54:06'),
(40, 'user', 119, 25, '2024-08-20 08:49:04', '2024-08-20 08:49:04'),
(41, 'user', 120, 25, '2024-08-20 08:52:40', '2024-08-20 08:52:40'),
(42, 'user', 118, 25, '2024-08-20 17:07:35', '2024-08-20 17:07:35'),
(43, 'user', 52, 25, '2024-08-20 19:11:59', '2024-08-20 19:11:59');

-- --------------------------------------------------------

--
-- Table structure for table `galleries`
--

CREATE TABLE `galleries` (
  `id` int(11) NOT NULL,
  `image` text DEFAULT NULL,
  `deleted_at` timestamp NULL DEFAULT NULL,
  `created_at` timestamp NULL DEFAULT NULL,
  `updated_at` timestamp NULL DEFAULT NULL
) ENGINE=InnoDB DEFAULT CHARSET=utf8mb3 COLLATE=utf8mb3_general_ci;

--
-- Dumping data for table `galleries`
--

INSERT INTO `galleries` (`id`, `image`, `deleted_at`, `created_at`, `updated_at`) VALUES
(1, 'http://rose.omar.alyomhost.org//storage/photos/shares/address_empty.png', '2024-08-17 17:13:44', '2024-08-17 06:58:23', '2024-08-17 17:13:44'),
(2, 'http://rose.omar.alyomhost.org//storage/photos/shares/address_empty.png', '2024-08-18 11:57:21', '2024-08-17 17:13:44', '2024-08-18 11:57:21'),
(3, 'http://rose.omar.alyomhost.org//storage/photos/shares/free-shipping.png', '2024-08-18 11:57:21', '2024-08-17 17:13:44', '2024-08-18 11:57:21'),
(4, 'http://rose.omar.alyomhost.org//storage/photos/shares/logo.png', '2024-08-18 11:57:21', '2024-08-17 17:13:44', '2024-08-18 11:57:21'),
(5, 'http://rose.omar.alyomhost.org//storage/photos/shares/header-1.png', '2024-08-18 11:57:21', '2024-08-17 17:13:44', '2024-08-18 11:57:21'),
(6, 'http://rose.omar.alyomhost.org//storage/photos/shares/Test.jpg', '2024-08-18 11:57:21', '2024-08-17 17:13:44', '2024-08-18 11:57:21'),
(7, 'http://rose.omar.alyomhost.org//storage/photos/shares/address_empty.png', '2024-08-18 11:57:21', '2024-08-17 17:13:44', '2024-08-18 11:57:21'),
(8, 'http://rose.omar.alyomhost.org//storage/photos/shares/free-shipping.png', '2024-08-18 11:57:21', '2024-08-17 17:13:44', '2024-08-18 11:57:21'),
(9, 'http://rose.omar.alyomhost.org//storage/photos/shares/address_empty.png', '2024-08-18 11:57:21', '2024-08-17 17:13:44', '2024-08-18 11:57:21'),
(10, 'http://rose.omar.alyomhost.org//storage/photos/shares/address_empty.png', '2024-08-18 12:05:02', '2024-08-18 11:57:21', '2024-08-18 12:05:02'),
(11, 'http://rose.omar.alyomhost.org//storage/photos/shares/free-shipping.png', '2024-08-18 12:05:02', '2024-08-18 11:57:21', '2024-08-18 12:05:02'),
(12, 'http://rose.omar.alyomhost.org//storage/photos/shares/address_empty.png', '2024-08-18 12:05:02', '2024-08-18 11:57:21', '2024-08-18 12:05:02'),
(13, 'http://rose.omar.alyomhost.org//storage/photos/shares/Test.jpg', '2024-08-18 12:05:02', '2024-08-18 11:57:21', '2024-08-18 12:05:02'),
(14, 'http://rose.omar.alyomhost.org//storage/photos/shares/header-1.png', '2024-08-18 12:05:02', '2024-08-18 11:57:21', '2024-08-18 12:05:02'),
(15, 'http://rose.omar.alyomhost.org//storage/photos/shares/logo.png', '2024-08-18 12:05:02', '2024-08-18 11:57:21', '2024-08-18 12:05:02'),
(16, 'http://rose.omar.alyomhost.org//storage/photos/shares/free-shipping.png', '2024-08-18 12:05:02', '2024-08-18 11:57:21', '2024-08-18 12:05:02'),
(17, 'http://rose.omar.alyomhost.org//storage/photos/shares/address_empty.png', '2024-08-18 12:05:02', '2024-08-18 11:57:21', '2024-08-18 12:05:02'),
(18, 'http://rose.omar.alyomhost.org//storage/photos/shares/address_empty.png', '2024-08-18 12:16:41', '2024-08-18 12:05:02', '2024-08-18 12:16:41'),
(19, 'http://rose.omar.alyomhost.org//storage/photos/shares/free-shipping.png', '2024-08-18 12:16:41', '2024-08-18 12:05:02', '2024-08-18 12:16:41'),
(20, 'http://rose.omar.alyomhost.org//storage/photos/shares/logo.png', '2024-08-18 12:16:41', '2024-08-18 12:05:02', '2024-08-18 12:16:41'),
(21, 'http://rose.omar.alyomhost.org//storage/photos/shares/header-1.png', '2024-08-18 12:16:41', '2024-08-18 12:05:02', '2024-08-18 12:16:41'),
(22, 'http://rose.omar.alyomhost.org//storage/photos/shares/Test.jpg', '2024-08-18 12:16:41', '2024-08-18 12:05:02', '2024-08-18 12:16:41'),
(23, 'http://rose.omar.alyomhost.org//storage/photos/shares/address_empty.png', '2024-08-18 12:16:41', '2024-08-18 12:05:02', '2024-08-18 12:16:41'),
(24, 'http://rose.omar.alyomhost.org//storage/photos/shares/free-shipping.png', '2024-08-18 12:16:41', '2024-08-18 12:05:02', '2024-08-18 12:16:41'),
(25, 'http://rose.omar.alyomhost.org//storage/photos/shares/free-shipping.png', '2024-08-18 12:17:07', '2024-08-18 12:16:41', '2024-08-18 12:17:07'),
(26, 'http://rose.omar.alyomhost.org//storage/photos/shares/address_empty.png', '2024-08-18 12:17:07', '2024-08-18 12:16:41', '2024-08-18 12:17:07'),
(27, 'http://rose.omar.alyomhost.org//storage/photos/shares/Test.jpg', '2024-08-18 12:17:07', '2024-08-18 12:16:41', '2024-08-18 12:17:07'),
(28, 'http://rose.omar.alyomhost.org//storage/photos/shares/header-1.png', '2024-08-18 12:17:07', '2024-08-18 12:16:41', '2024-08-18 12:17:07'),
(29, 'http://rose.omar.alyomhost.org//storage/photos/shares/logo.png', '2024-08-18 12:17:07', '2024-08-18 12:16:41', '2024-08-18 12:17:07'),
(30, 'http://rose.omar.alyomhost.org//storage/photos/shares/free-shipping.png', '2024-08-18 12:17:07', '2024-08-18 12:16:41', '2024-08-18 12:17:07'),
(31, 'http://rose.omar.alyomhost.org//storage/photos/shares/address_empty.png', '2024-08-18 12:17:07', '2024-08-18 12:16:41', '2024-08-18 12:17:07'),
(32, '/storage/files/shares/1.jpg', '2024-08-18 12:17:07', '2024-08-18 12:16:41', '2024-08-18 12:17:07'),
(33, '/storage/files/shares/1.jpg', '2024-08-18 12:32:34', '2024-08-18 12:17:07', '2024-08-18 12:32:34'),
(34, 'http://rose.omar.alyomhost.org//storage/photos/shares/free-shipping.png', '2024-08-18 12:32:34', '2024-08-18 12:17:07', '2024-08-18 12:32:34'),
(35, 'http://rose.omar.alyomhost.org//storage/photos/shares/logo.png', '2024-08-18 12:32:34', '2024-08-18 12:17:07', '2024-08-18 12:32:34'),
(36, 'http://rose.omar.alyomhost.org//storage/photos/shares/header-1.png', '2024-08-18 12:32:34', '2024-08-18 12:17:07', '2024-08-18 12:32:34'),
(37, 'http://rose.omar.alyomhost.org//storage/photos/shares/Test.jpg', '2024-08-18 12:32:34', '2024-08-18 12:17:07', '2024-08-18 12:32:34'),
(38, 'http://rose.omar.alyomhost.org//storage/photos/shares/address_empty.png', '2024-08-18 12:32:34', '2024-08-18 12:17:07', '2024-08-18 12:32:34'),
(39, 'http://rose.omar.alyomhost.org//storage/photos/shares/free-shipping.png', '2024-08-18 12:32:34', '2024-08-18 12:17:07', '2024-08-18 12:32:34'),
(40, '/storage/files/shares/2.png', '2024-08-18 12:32:34', '2024-08-18 12:17:07', '2024-08-18 12:32:34'),
(41, '/storage/files/shares/1.jpg', NULL, '2024-08-18 12:32:34', '2024-08-18 12:32:34'),
(42, '/storage/files/shares/2__1_.png', NULL, '2024-08-18 12:32:34', '2024-08-18 12:32:34'),
(43, '/storage/files/shares/3.jpg', NULL, '2024-08-18 12:32:34', '2024-08-18 12:32:34'),
(44, '/storage/files/shares/4__1_.png', NULL, '2024-08-18 12:32:34', '2024-08-18 12:32:34'),
(45, '/storage/files/shares/3_1.jpg', NULL, '2024-08-18 12:32:34', '2024-08-18 12:32:34'),
(46, '/storage/files/shares/1_1.jpg', NULL, '2024-08-18 12:32:34', '2024-08-18 12:32:34'),
(47, '/storage/files/shares/2.jpg', NULL, '2024-08-18 12:32:34', '2024-08-18 12:32:34');

-- --------------------------------------------------------

--
-- Table structure for table `groups`
--

CREATE TABLE `groups` (
  `id` int(11) NOT NULL,
  `image` text DEFAULT NULL,
  `deleted_at` timestamp NULL DEFAULT NULL,
  `created_at` timestamp NULL DEFAULT NULL,
  `updated_at` timestamp NULL DEFAULT NULL
) ENGINE=InnoDB DEFAULT CHARSET=utf8mb3 COLLATE=utf8mb3_general_ci;

--
-- Dumping data for table `groups`
--

INSERT INTO `groups` (`id`, `image`, `deleted_at`, `created_at`, `updated_at`) VALUES
(4, '/storage/files/shares/8.jpg', NULL, '2024-08-17 09:14:31', '2024-08-18 12:36:45'),
(5, '/storage/files/shares/11.png', NULL, '2024-08-17 20:37:04', '2024-08-18 12:35:42'),
(6, '/storage/files/shares/10.png', NULL, '2024-08-18 12:37:50', '2024-08-18 12:37:50'),
(7, '/storage/files/shares/1.png', NULL, '2024-08-19 14:55:04', '2024-08-19 14:55:04'),
(8, '/storage/files/shares/4.png', NULL, '2024-08-19 14:55:57', '2024-08-19 14:55:57'),
(9, '/storage/files/shares/7.jpg', NULL, '2024-08-19 14:57:03', '2024-08-19 14:57:03'),
(10, '/storage/files/shares/8.jpg', NULL, '2024-08-19 14:58:10', '2024-08-19 14:58:10'),
(11, '/storage/files/shares/9.jpg', NULL, '2024-08-19 14:59:10', '2024-08-19 14:59:10'),
(12, '/storage/files/shares/2_1.jpg', NULL, '2024-08-19 15:00:20', '2024-08-19 15:00:20'),
(13, '/storage/files/shares/3__1_.jpg', NULL, '2024-08-19 15:01:35', '2024-08-19 15:01:35'),
(14, '/storage/files/shares/4.jpg', NULL, '2024-08-19 15:02:56', '2024-08-19 15:02:56');

-- --------------------------------------------------------

--
-- Table structure for table `group_categories`
--

CREATE TABLE `group_categories` (
  `id` int(11) NOT NULL,
  `group_id` bigint(20) DEFAULT NULL,
  `category_id` bigint(20) DEFAULT NULL
) ENGINE=InnoDB DEFAULT CHARSET=utf8mb3 COLLATE=utf8mb3_general_ci;

--
-- Dumping data for table `group_categories`
--

INSERT INTO `group_categories` (`id`, `group_id`, `category_id`) VALUES
(16, 6, 30),
(31, 5, 4),
(32, 5, 23),
(33, 5, 24),
(34, 5, 25),
(35, 4, 22),
(36, 4, 28),
(37, 6, 39),
(38, 7, 8),
(39, 7, 9),
(40, 8, 27),
(41, 9, 13),
(42, 9, 15),
(43, 10, 37),
(44, 11, 38),
(45, 10, 28),
(46, 12, 12),
(47, 12, 4),
(48, 12, 23),
(49, 12, 24),
(50, 12, 25),
(51, 13, 7),
(52, 13, 8),
(53, 13, 9),
(54, 13, 11),
(55, 13, 12),
(56, 13, 13),
(57, 13, 14),
(58, 13, 15),
(59, 13, 16),
(60, 13, 34),
(61, 13, 40),
(62, 13, 41),
(63, 13, 4),
(64, 13, 23),
(65, 13, 24),
(66, 13, 25),
(67, 13, 2),
(68, 13, 26),
(69, 13, 27),
(70, 13, 28),
(71, 13, 29),
(72, 13, 30),
(73, 13, 31),
(74, 13, 32),
(75, 13, 33),
(76, 13, 37),
(77, 13, 39),
(78, 14, 25),
(79, 14, 3),
(80, 14, 17),
(81, 14, 18),
(82, 14, 19),
(83, 14, 20),
(84, 14, 21),
(85, 14, 22),
(86, 14, 36),
(87, 14, 38);

-- --------------------------------------------------------

--
-- Table structure for table `group_descriptions`
--

CREATE TABLE `group_descriptions` (
  `id` int(11) NOT NULL,
  `title` text DEFAULT NULL,
  `group_id` bigint(20) DEFAULT NULL,
  `language_id` bigint(20) DEFAULT NULL
) ENGINE=InnoDB DEFAULT CHARSET=utf8mb3 COLLATE=utf8mb3_general_ci;

--
-- Dumping data for table `group_descriptions`
--

INSERT INTO `group_descriptions` (`id`, `title`, `group_id`, `language_id`) VALUES
(23, 'المجوهرات & السبح', 5, 1),
(24, 'المجوهرات & السبح', 5, 2),
(25, 'مجموعة القهوة', 4, 1),
(26, 'مجموعة القهوة', 4, 2),
(27, 'فواحات عطرية', 6, 1),
(28, 'فواحات عطرية', 6, 2),
(29, 'ملابس', 7, 1),
(30, 'clothing', 7, 2),
(31, 'مغناطيس الثلاجة', 8, 1),
(32, 'refrigerator magnets', 8, 2),
(33, 'مجموعة مكة', 9, 1),
(34, 'Makkah Group', 9, 2),
(37, 'مجموعة الشماغ', 11, 1),
(38, 'Al-Shamagh Group', 11, 2),
(39, 'مجموعة القهوة السعودية', 10, 1),
(40, 'Saudi Coffee Group', 10, 2),
(41, 'ميداليات', 12, 1),
(42, 'medals', 12, 2),
(43, 'منتجات متنوعة', 13, 1),
(44, 'diverse products', 13, 2),
(45, 'منتجات اطفال', 14, 1),
(46, 'Baby Products', 14, 2);

-- --------------------------------------------------------

--
-- Table structure for table `jobs`
--

CREATE TABLE `jobs` (
  `id` bigint(20) UNSIGNED NOT NULL,
  `queue` varchar(191) NOT NULL,
  `payload` longtext NOT NULL,
  `attempts` tinyint(3) UNSIGNED NOT NULL,
  `reserved_at` int(10) UNSIGNED DEFAULT NULL,
  `available_at` int(10) UNSIGNED NOT NULL,
  `created_at` int(10) UNSIGNED NOT NULL
) ENGINE=InnoDB DEFAULT CHARSET=utf8mb4 COLLATE=utf8mb4_unicode_ci;

-- --------------------------------------------------------

--
-- Table structure for table `languages`
--

CREATE TABLE `languages` (
  `id` bigint(20) UNSIGNED NOT NULL,
  `local` char(2) NOT NULL,
  `name` varchar(50) NOT NULL,
  `status` tinyint(1) NOT NULL DEFAULT 1 COMMENT 'whether the language is active in the website or not, 1-> is active',
  `admin_status` tinyint(1) NOT NULL DEFAULT 1 COMMENT 'whether the language is active in the dashboard or not, 1-> is active',
  `deleted_at` timestamp NULL DEFAULT NULL,
  `created_at` timestamp NULL DEFAULT NULL,
  `updated_at` timestamp NULL DEFAULT NULL
) ENGINE=InnoDB DEFAULT CHARSET=utf8mb4 COLLATE=utf8mb4_unicode_ci;

--
-- Dumping data for table `languages`
--

INSERT INTO `languages` (`id`, `local`, `name`, `status`, `admin_status`, `deleted_at`, `created_at`, `updated_at`) VALUES
(1, 'ar', 'العربية', 1, 1, NULL, NULL, NULL),
(2, 'en', 'English', 1, 1, NULL, NULL, NULL);

-- --------------------------------------------------------

--
-- Table structure for table `migrations`
--

CREATE TABLE `migrations` (
  `id` int(10) UNSIGNED NOT NULL,
  `migration` varchar(191) NOT NULL,
  `batch` int(11) NOT NULL
) ENGINE=InnoDB DEFAULT CHARSET=utf8mb4 COLLATE=utf8mb4_unicode_ci;

--
-- Dumping data for table `migrations`
--

INSERT INTO `migrations` (`id`, `migration`, `batch`) VALUES
(1, '2003_03_28_090214_create_languages_table', 1),
(2, '2014_10_12_000000_create_users_table', 1),
(3, '2014_10_12_100000_create_password_resets_table', 1),
(4, '2020_03_23_152956_create_modules_table', 1),
(5, '2020_03_24_152330_create_user_modules_table', 1),
(6, '2020_04_11_162749_create_pages_table', 1),
(7, '2020_04_15_174353_create_page_description_table', 1),
(8, '2020_05_18_084100_create_jobs_table', 1),
(9, '2020_05_18_103912_create_failed_jobs_table', 1),
(10, '2020_06_01_181915_create_setting_table', 1),
(11, '2020_06_06_155249_create_website_visitor_table', 1),
(12, '2024_03_12_163619_visitor_messages', 1),
(13, '2024_03_12_163629_visitor_message_replies', 1),
(14, '2024_05_30_134127_sliders', 1),
(15, '2024_05_30_134132_slider_descriptions', 1),
(16, '2024_05_30_135801_regions', 1),
(17, '2024_05_30_135802_region_descriptions', 1),
(18, '2024_05_30_135803_cities', 1),
(19, '2024_05_30_135805_city_descriptions', 1),
(20, '2024_05_30_135810_areas', 1),
(21, '2024_05_30_135811_area_descriptions', 1),
(22, '2024_05_30_135844_visitors', 1),
(23, '2024_05_30_135908_addresses', 1),
(24, '2024_06_01_192205_categories', 1),
(25, '2024_06_01_192210_category_descriptions', 1),
(26, '2024_06_01_192216_products', 1),
(27, '2024_06_01_192221_product_descriptions', 1),
(28, '2024_06_01_192234_rates', 1),
(29, '2024_06_01_192340_newsletters', 1),
(30, '2024_06_01_192348_partners', 1),
(31, '2024_06_01_192350_coupons', 1),
(32, '2024_06_01_192353_partner_descriptions', 1),
(33, '2024_06_01_192507_notifications', 1),
(34, '2024_06_01_192511_notification_descriptions', 1),
(35, '2024_06_01_192610_ways', 1),
(36, '2024_06_01_192611_way_desriptions', 1),
(37, '2024_06_01_192612_shippings', 1),
(38, '2024_06_01_192613_shipping_descriptions', 1),
(39, '2024_06_01_192614_shipping_cities', 1),
(40, '2024_06_01_192619_carts', 1),
(41, '2024_06_01_192633_orders', 1),
(42, '2024_06_01_192644_order_products', 1),
(43, '2024_06_01_192808_favorites', 1),
(44, '2024_06_01_193012_product_items', 1),
(45, '2024_06_01_193016_product_item_descriptions', 1),
(46, '2024_06_01_201233_product_photos', 1),
(47, '2024_06_01_205632_coupon_products', 1),
(48, '2024_06_28_004305_user_points', 1),
(49, '2024_06_28_005425_faqs', 1),
(50, '2024_06_28_005430_faq_descriptions', 1),
(51, '2024_06_28_152000_quotations', 1),
(52, '2024_06_01_192212_attributes', 2),
(53, '2024_06_01_192214_attribute_descriptions', 2),
(54, '2024_06_29_123207_product_attributes', 2);

-- --------------------------------------------------------

--
-- Table structure for table `modules`
--

CREATE TABLE `modules` (
  `id` bigint(20) UNSIGNED NOT NULL,
  `name` varchar(100) NOT NULL,
  `path` varchar(50) NOT NULL,
  `meta` text DEFAULT NULL,
  `deleted_at` timestamp NULL DEFAULT NULL,
  `created_at` timestamp NULL DEFAULT NULL,
  `updated_at` timestamp NULL DEFAULT NULL
) ENGINE=InnoDB DEFAULT CHARSET=utf8mb4 COLLATE=utf8mb4_unicode_ci;

--
-- Dumping data for table `modules`
--

INSERT INTO `modules` (`id`, `name`, `path`, `meta`, `deleted_at`, `created_at`, `updated_at`) VALUES
(1, 'Users', 'users', '{\"module_name\":{\"ar\":\"\\u0627\\u0644\\u0645\\u0634\\u0631\\u0641\\u064a\\u0646\",\"en\":\"Users\"},\"fields\":{\"ar\":{\"add_new\":\"\\u0625\\u0636\\u0627\\u0641\\u0629 \\u0645\\u0634\\u0631\\u0641 \\u062c\\u062f\\u064a\\u062f\",\"edit\":\"\\u062a\\u0639\\u062f\\u064a\\u0644 \\u0645\\u0634\\u0631\\u0641\",\"name\":\"\\u0627\\u0644\\u0625\\u0633\\u0645\",\"email\":\"\\u0627\\u0644\\u0628\\u0631\\u064a\\u062f \\u0627\\u0644\\u0625\\u0644\\u0643\\u062a\\u0631\\u0648\\u0646\\u064a\",\"phone\":\"\\u0631\\u0642\\u0645 \\u0627\\u0644\\u062c\\u0648\\u0627\\u0644\",\"photo\":\"\\u0635\\u0648\\u0631\\u0629 \\u0627\\u0644\\u0628\\u0631\\u0648\\u0641\\u0627\\u064a\\u0644\",\"password\":\"\\u0643\\u0644\\u0645\\u0629 \\u0627\\u0644\\u0645\\u0631\\u0648\\u0631\",\"password_confirmation\":\"\\u062a\\u0623\\u0643\\u064a\\u062f \\u0643\\u0644\\u0645\\u0629 \\u0627\\u0644\\u0645\\u0631\\u0648\\u0631\",\"Modules\":\"\\u0627\\u0644\\u0645\\u0648\\u062f\\u064a\\u0648\\u0644\\u0627\\u062a\"},\"en\":{\"add_new\":\"Add New User\",\"edit\":\"Edit User\",\"name\":\"The name\",\"email\":\"The email\",\"phone\":\"The Phone\",\"photo\":\"The Photo\",\"password\":\"Password\",\"password_confirmation\":\"Password Confirmation\",\"Modules\":\"Modules\"}}}', NULL, NULL, '2024-08-20 16:22:22'),
(2, 'Members', 'members', '{\"module_name\":{\"ar\":\"\\u0627\\u0644\\u0645\\u0633\\u062a\\u062e\\u062f\\u0645\\u064a\\u0646\",\"en\":\"Members\"},\"fields\":{\"ar\":{\"add_new\":\"\\u0625\\u0636\\u0627\\u0641\\u0629 \\u0645\\u0633\\u062a\\u062e\\u062f\\u0645 \\u062c\\u062f\\u064a\\u062f\",\"edit\":\"\\u062a\\u0639\\u062f\\u064a\\u0644 \\u0645\\u0633\\u062a\\u062e\\u062f\\u0645\",\"name\":\"\\u0627\\u0644\\u0625\\u0633\\u0645\",\"email\":\"\\u0627\\u0644\\u0628\\u0631\\u064a\\u062f \\u0627\\u0644\\u0625\\u0644\\u0643\\u062a\\u0631\\u0648\\u0646\\u064a\",\"phone\":\"\\u0631\\u0642\\u0645 \\u0627\\u0644\\u062c\\u0648\\u0627\\u0644\",\"photo\":\"\\u0635\\u0648\\u0631\\u0629 \\u0627\\u0644\\u0628\\u0631\\u0648\\u0641\\u0627\\u064a\\u0644\",\"password\":\"\\u0643\\u0644\\u0645\\u0629 \\u0627\\u0644\\u0645\\u0631\\u0648\\u0631\",\"password_confirmation\":\"\\u062a\\u0623\\u0643\\u064a\\u062f \\u0643\\u0644\\u0645\\u0629 \\u0627\\u0644\\u0645\\u0631\\u0648\\u0631\"},\"en\":{\"add_new\":\"Add New Member\",\"edit\":\"Edit Member\",\"name\":\"The name\",\"email\":\"The email\",\"phone\":\"The Phone\",\"photo\":\"The Photo\",\"password\":\"Password\",\"password_confirmation\":\"Password Confirmation\"}}}', NULL, NULL, '2024-08-20 16:22:22'),
(3, 'Sliders', 'sliders', '{\"module_name\":{\"ar\":\"\\u0633\\u0644\\u0627\\u064a\\u062f\\u0631\",\"en\":\"Sliders\"},\"fields\":{\"ar\":{\"add_new\":\"\\u0627\\u0636\\u0627\\u0641\\u0629 \\u0633\\u0644\\u0627\\u064a\\u062f\\u0631  \\u062c\\u062f\\u064a\\u062f\",\"edit\":\"\\u062a\\u0639\\u062f\\u064a\\u0644 \\u0633\\u0644\\u0627\\u064a\\u062f\\u0631\",\"name\":\"\\u0627\\u0644\\u0625\\u0633\\u0645\"},\"en\":{\"add_new\":\"Add New Country\",\"edit\":\"Edit Country\",\"name\":\"The Name\"}}}', NULL, NULL, '2024-08-20 16:22:22'),
(4, 'Regions', 'regions', '{\"module_name\":{\"ar\":\"\\u0627\\u0644\\u062f\\u0648\\u0644\",\"en\":\"Regions\"},\"fields\":{\"ar\":{\"add_new\":\"\\u0627\\u0636\\u0627\\u0641\\u0629 \\u062f\\u0648\\u0644\\u0629  \\u062c\\u062f\\u064a\\u062f\",\"edit\":\"\\u062a\\u0639\\u062f\\u064a\\u0644 \\u062f\\u0648\\u0644\\u0629\",\"name\":\"\\u0627\\u0644\\u0625\\u0633\\u0645\"},\"en\":{\"add_new\":\"Add New Region\",\"edit\":\"Edit Region\",\"name\":\"The Name\"}}}', NULL, NULL, '2024-08-20 16:22:22'),
(5, 'Cities', 'cities', '{\"module_name\":{\"ar\":\"\\u0627\\u0644\\u0645\\u062f\\u0646\",\"en\":\"Cities\"},\"fields\":{\"ar\":{\"add_new\":\"\\u0627\\u0636\\u0627\\u0641\\u0629 \\u0645\\u062f\\u064a\\u0646\\u0629  \\u062c\\u062f\\u064a\\u062f\",\"edit\":\"\\u062a\\u0639\\u062f\\u064a\\u0644 \\u0645\\u062f\\u064a\\u0646\\u0629\",\"name\":\"\\u0627\\u0644\\u0625\\u0633\\u0645\"},\"en\":{\"add_new\":\"Add New City\",\"edit\":\"Edit City\",\"name\":\"The Name\"}}}', NULL, NULL, '2024-08-20 16:22:22'),
(6, 'Areas', 'areas', '{\"module_name\":{\"ar\":\"\\u0627\\u0644\\u0627\\u062d\\u064a\\u0627\\u0621\",\"en\":\"Areas\"},\"fields\":{\"ar\":{\"add_new\":\"\\u0627\\u0636\\u0627\\u0641\\u0629 \\u062d\\u064a  \\u062c\\u062f\\u064a\\u062f\",\"edit\":\"\\u062a\\u0639\\u062f\\u064a\\u0644 \\u062d\\u064a\",\"name\":\"\\u0627\\u0644\\u0625\\u0633\\u0645\"},\"en\":{\"add_new\":\"Add New Area\",\"edit\":\"Edit Area\",\"name\":\"The Name\"}}}', NULL, NULL, '2024-08-20 16:22:22'),
(7, 'Faqs', 'faqs', '{\"module_name\":{\"ar\":\"\\u0627\\u0644\\u0627\\u0633\\u0626\\u0644\\u0629 \\u0627\\u0644\\u0634\\u0627\\u0626\\u0639\\u0629\",\"en\":\"Faqs\"},\"fields\":{\"ar\":{\"add_new\":\"\\u0627\\u0636\\u0627\\u0641\\u0629 \\u0627\\u0644\\u0627\\u0633\\u0626\\u0644\\u0629 \\u0627\\u0644\\u0634\\u0627\\u0626\\u0639\\u0629  \\u062c\\u062f\\u064a\\u062f\",\"edit\":\"\\u062a\\u0639\\u062f\\u064a\\u0644 \\u0627\\u0644\\u0627\\u0633\\u0626\\u0644\\u0629 \\u0627\\u0644\\u0634\\u0627\\u0626\\u0639\\u0629\",\"name\":\"\\u0627\\u0644\\u0625\\u0633\\u0645\"},\"en\":{\"add_new\":\"Add New Faq\",\"edit\":\"Edit Faq\",\"name\":\"The Name\"}}}', NULL, NULL, '2024-08-20 16:22:22'),
(8, 'Faq Categories', 'faq_categories', '{\"module_name\":{\"ar\":\"\\u0627\\u0642\\u0633\\u0627\\u0645 \\u0627\\u0644\\u0627\\u0633\\u0626\\u0644\\u0629 \\u0627\\u0644\\u0634\\u0627\\u0626\\u0639\\u0629\",\"en\":\"Partners\"},\"fields\":{\"ar\":{\"add_new\":\"\\u0627\\u0636\\u0627\\u0641\\u0629 \\u0642\\u0633\\u0645 \\u0627\\u0644\\u0627\\u0633\\u0626\\u0644\\u0629 \\u0627\\u0644\\u0634\\u0627\\u0626\\u0639\\u0629  \\u062c\\u062f\\u064a\\u062f\",\"edit\":\"\\u062a\\u0639\\u062f\\u064a\\u0644 \\u0627\\u0642\\u0633\\u0627\\u0645 \\u0627\\u0644\\u0627\\u0633\\u0626\\u0644\\u0629 \\u0627\\u0644\\u0634\\u0627\\u0626\\u0639\\u0629\",\"name\":\"\\u0627\\u0644\\u0625\\u0633\\u0645\"},\"en\":{\"add_new\":\"Add New Partner\",\"edit\":\"Edit Partner\",\"name\":\"The Name\"}}}', NULL, NULL, '2024-08-20 16:22:22'),
(9, 'Payment Ways', 'ways', '{\"module_name\":{\"ar\":\"\\u0637\\u0631\\u0642 \\u0627\\u0644\\u062f\\u0641\\u0639\",\"en\":\"Payment Ways\"},\"fields\":{\"ar\":{\"add_new\":\"\\u0627\\u0636\\u0627\\u0641\\u0629 \\u0637\\u0631\\u064a\\u0642\\u0629 \\u0627\\u0644\\u062f\\u0641\\u0639  \\u062c\\u062f\\u064a\\u062f\",\"edit\":\"\\u062a\\u0639\\u062f\\u064a\\u0644 \\u0637\\u0631\\u064a\\u0642\\u0629 \\u0627\\u0644\\u062f\\u0641\\u0639\",\"name\":\"\\u0627\\u0644\\u0625\\u0633\\u0645\"},\"en\":{\"add_new\":\"Add New Payment Way\",\"edit\":\"Edit Payment Way\",\"name\":\"The Name\"}}}', NULL, NULL, '2024-08-20 16:22:22'),
(10, 'Shipping Ways', 'shippings', '{\"module_name\":{\"ar\":\"\\u0637\\u0631\\u0642 \\u0627\\u0644\\u0634\\u062d\\u0646\",\"en\":\"Shipping Ways\"},\"fields\":{\"ar\":{\"add_new\":\"\\u0627\\u0636\\u0627\\u0641\\u0629 \\u0637\\u0631\\u064a\\u0642\\u0629 \\u0627\\u0644\\u0634\\u062d\\u0646  \\u062c\\u062f\\u064a\\u062f\",\"edit\":\"\\u062a\\u0639\\u062f\\u064a\\u0644 \\u0637\\u0631\\u064a\\u0642\\u0629 \\u0627\\u0644\\u0634\\u062d\\u0646\",\"name\":\"\\u0627\\u0644\\u0625\\u0633\\u0645\"},\"en\":{\"add_new\":\"Add New Payment Way\",\"edit\":\"Edit Payment Way\",\"name\":\"The Name\"}}}', NULL, NULL, '2024-08-20 16:22:22'),
(11, 'Categories', 'categories', '{\"module_name\":{\"ar\":\"\\u0627\\u0644\\u062a\\u0635\\u0646\\u064a\\u0641\\u0627\\u062a\",\"en\":\"Categories\"},\"fields\":{\"ar\":{\"add_new\":\"\\u0627\\u0636\\u0627\\u0641\\u0629 \\u062a\\u0635\\u0646\\u064a\\u0641 \\u062c\\u062f\\u064a\\u062f\",\"edit\":\"\\u062a\\u0639\\u062f\\u064a\\u0644 \\u062a\\u0635\\u0646\\u064a\\u0641\",\"name\":\"\\u0627\\u0644\\u0625\\u0633\\u0645\"},\"en\":{\"add_new\":\"Add New Category\",\"edit\":\"Edit Category\",\"name\":\"The Name\"}}}', NULL, NULL, '2024-08-20 16:22:22'),
(12, 'Products', 'products', '{\"module_name\":{\"ar\":\"\\u0627\\u0644\\u0645\\u0646\\u062a\\u062c\\u0627\\u062a\",\"en\":\"Products\"},\"fields\":{\"ar\":{\"add_new\":\"\\u0627\\u0636\\u0627\\u0641\\u0629 \\u0645\\u0646\\u062a\\u062c \\u062c\\u062f\\u064a\\u062f\",\"edit\":\"\\u062a\\u0639\\u062f\\u064a\\u0644 \\u0645\\u0646\\u062a\\u062c\",\"name\":\"\\u0627\\u0644\\u0625\\u0633\\u0645\"},\"en\":{\"add_new\":\"Add New Product\",\"edit\":\"Edit Product\",\"name\":\"The Name\"}}}', NULL, NULL, '2024-08-20 16:22:22'),
(13, 'Coupons', 'coupons', '{\"module_name\":{\"ar\":\"\\u0643\\u0648\\u0628\\u0648\\u0646\\u0627\\u062a \\u0627\\u0644\\u062e\\u0635\\u0645\",\"en\":\"Coupons\"},\"fields\":{\"ar\":{\"add_new\":\"\\u0627\\u0636\\u0627\\u0641\\u0629 \\u0643\\u0648\\u0628\\u0648\\u0646 \\u0627\\u0644\\u062e\\u0635\\u0645  \\u062c\\u062f\\u064a\\u062f\",\"edit\":\"\\u062a\\u0639\\u062f\\u064a\\u0644 \\u0643\\u0648\\u0628\\u0648\\u0646 \\u0627\\u0644\\u062e\\u0635\\u0645\",\"name\":\"\\u0627\\u0644\\u0625\\u0633\\u0645\"},\"en\":{\"add_new\":\"Add New Coupon\",\"edit\":\"Edit Coupon\",\"name\":\"The Name\"}}}', NULL, NULL, '2024-08-20 16:22:22'),
(14, 'Sellers', 'sellers', '{\"module_name\":{\"ar\":\"\\u0643\\u0648\\u0628\\u0648\\u0646\\u0627\\u062a \\u0627\\u0644\\u062e\\u0635\\u0645 \\u0627\\u0644\\u0645\\u0633\\u0648\\u0642\\u064a\\u0646\",\"en\":\"Sellers\"},\"fields\":{\"ar\":{\"add_new\":\"\\u0627\\u0636\\u0627\\u0641\\u0629 \\u0643\\u0648\\u0628\\u0648\\u0646 \\u0627\\u0644\\u062e\\u0635\\u0645 \\u0627\\u0644\\u0645\\u0633\\u0648\\u0642\\u064a\\u0646 \\u062c\\u062f\\u064a\\u062f\",\"edit\":\"\\u062a\\u0639\\u062f\\u064a\\u0644 \\u0643\\u0648\\u0628\\u0648\\u0646 \\u0627\\u0644\\u062e\\u0635\\u0645 \\u0627\\u0644\\u0645\\u0633\\u0648\\u0642\",\"name\":\"\\u0627\\u0644\\u0625\\u0633\\u0645\"},\"en\":{\"add_new\":\"Add New Seller\",\"edit\":\"Edit Seller\",\"name\":\"The Name\"}}}', NULL, NULL, '2024-08-20 16:22:22'),
(15, 'Rates', 'rates', '{\"module_name\":{\"ar\":\"\\u0627\\u0644\\u062a\\u0642\\u064a\\u064a\\u0645\\u0627\\u062a\",\"en\":\"Rates\"},\"fields\":{\"ar\":{\"add_new\":\"\\u0627\\u0636\\u0627\\u0641\\u0629 \\u062a\\u0642\\u064a\\u064a\\u0645 \\u062c\\u062f\\u064a\\u062f\",\"edit\":\"\\u0639\\u0631\\u0636 \\u062a\\u0642\\u064a\\u064a\\u0645\",\"name\":\"\\u0627\\u0644\\u0627\\u0633\\u0645\"},\"en\":{\"add_new\":\"Add New Rate\",\"edit\":\"Show Rate\",\"name\":\"The Name\"}}}', NULL, NULL, '2024-08-20 16:22:22'),
(16, 'Orders', 'orders', '{\"module_name\":{\"ar\":\"\\u0637\\u0644\\u0628\\u0627\\u062a\",\"en\":\"Orders\"},\"fields\":{\"ar\":{\"add_new\":\"\\u0627\\u0636\\u0627\\u0641\\u0629 \\u0627\\u0644\\u0637\\u0644\\u0628\\u0627\\u062a \\u062c\\u062f\\u064a\\u062f\",\"edit\":\"\\u0639\\u0631\\u0636 \\u0627\\u0644\\u0637\\u0644\\u0628\\u0627\\u062a\",\"name\":\"\\u0627\\u0644\\u0627\\u0633\\u0645\"},\"en\":{\"add_new\":\"Add New Order\",\"edit\":\"Show Order\",\"name\":\"The Name\"}}}', NULL, NULL, '2024-08-20 16:22:22'),
(17, 'Galleries', 'galleries', '{\"module_name\":{\"ar\":\"\\u0645\\u0639\\u0631\\u0636 \\u0627\\u0644\\u0635\\u0648\\u0631\",\"en\":\"Quotation\"},\"fields\":{\"ar\":{\"add_new\":\"\\u0627\\u0636\\u0627\\u0641\\u0629 \\u0645\\u0639\\u0631\\u0636 \\u0627\\u0644\\u0635\\u0648\\u0631 \\u062c\\u062f\\u064a\\u062f\",\"edit\":\"\\u0639\\u0631\\u0636 \\u0637\\u0644\\u0628\\u0627\\u062a \\u0639\\u0631\\u0636 \\u0627\\u0644\\u0633\\u0639\\u0631\",\"name\":\"\\u0627\\u0644\\u0627\\u0633\\u0645\"},\"en\":{\"add_new\":\"Add New Quotation\",\"edit\":\"Show Quotation\",\"name\":\"The Name\"}}}', NULL, NULL, '2024-08-20 16:22:22'),
(18, 'Notifications', 'notifications', '{\"module_name\":{\"ar\":\"\\u0627\\u0644\\u0627\\u0634\\u0639\\u0627\\u0631\\u0627\\u062a\",\"en\":\"Notifications\"},\"fields\":{\"ar\":{\"add_new\":\"\\u0627\\u0636\\u0627\\u0641\\u0629 \\u0627\\u0634\\u0639\\u0627\\u0631 \\u062c\\u062f\\u064a\\u062f\",\"edit\":\"\\u0639\\u0631\\u0636 \\u0627\\u0634\\u0639\\u0627\\u0631\",\"name\":\"\\u0627\\u0644\\u0627\\u0633\\u0645\"},\"en\":{\"add_new\":\"Add New Notification\",\"edit\":\"Show Notification\",\"name\":\"The Name\"}}}', NULL, NULL, '2024-08-20 16:22:22'),
(19, 'Pages', 'pages', '{\"module_name\":{\"ar\":\"\\u0627\\u0644\\u0635\\u0641\\u062d\\u0627\\u062a\",\"en\":\"Pages\"},\"fields\":{\"ar\":{\"add_new\":\"\\u0627\\u0636\\u0627\\u0641\\u0629 \\u0635\\u0641\\u062d\\u0629 \\u062c\\u062f\\u064a\\u062f\",\"edit\":\"\\u062a\\u0639\\u062f\\u064a\\u0644 \\u0635\\u0641\\u062d\\u0629\",\"image\":\"\\u0627\\u0644\\u0635\\u0648\\u0631\\u0629\",\"title\":\"\\u0627\\u0644\\u0639\\u0646\\u0648\\u0627\\u0646\",\"slug\":\"The URL Slug\",\"keywords\":\"\\u0643\\u0644\\u0645\\u0627\\u062a \\u062a\\u0646\\u0634\\u064a\\u0637 \\u0645\\u062d\\u0631\\u0643 \\u0627\\u0644\\u0628\\u062d\\u062b\",\"meta_description\":\"\\u0627\\u0644\\u0643\\u0644\\u0645\\u0627\\u062a \\u0627\\u0644\\u0648\\u0635\\u0641\\u064a\\u0629\",\"description\":\"\\u0627\\u0644\\u0648\\u0635\\u0641\"},\"en\":{\"add_new\":\"Add New Page\",\"edit\":\"Edit Page\",\"image\":\"The Image\",\"title\":\"The Title\",\"slug\":\"The Slug\",\"meta_description\":\"The Meta Description\",\"keywords\":\"The Keywords\",\"description\":\"The Description\"}}}', NULL, NULL, '2024-08-20 16:22:22'),
(20, 'Newsletter', 'newsletters', '{\"module_name\":{\"ar\":\"\\u0627\\u0644\\u0628\\u0631\\u064a\\u062f\\u064a\\u0629\",\"en\":\"Newsletter\"},\"fields\":{\"ar\":{\"add_new\":\"\\u0627\\u0636\\u0627\\u0641\\u0629 \\u0627\\u0644\\u0628\\u0631\\u064a\\u062f\\u064a\\u0629   \\u062c\\u062f\\u064a\\u062f\",\"edit\":\"\\u062a\\u0639\\u062f\\u064a\\u0644 \\u0627\\u0644\\u0628\\u0631\\u064a\\u062f\\u064a\\u0629\",\"name\":\"\\u0627\\u0644\\u0625\\u0633\\u0645\"},\"en\":{\"add_new\":\"Add New Newsletter\",\"edit\":\"Edit Newsletter\",\"name\":\"The Name\"}}}', '2024-08-17 20:24:52', NULL, '2024-08-20 16:22:22'),
(21, 'Visitor Messages', 'visitorMessages', '{\"module_name\":{\"ar\":\"\\u0631\\u0633\\u0627\\u0626\\u0644 \\u0627\\u0644\\u0632\\u0648\\u0627\\u0631\",\"en\":\"Visitor Messages\"},\"fields\":{\"ar\":{\"add_new\":\"\\u0631\\u062f \\u062c\\u062f\\u064a\\u062f\",\"name\":\"\\u0627\\u0644\\u0625\\u0633\\u0645\",\"visitor_email\":\"\\u0627\\u0644\\u0628\\u0631\\u064a\\u062f \\u0627\\u0644\\u0625\\u0644\\u0643\\u062a\\u0631\\u0648\\u0646\\u064a \\u0644\\u0644\\u0632\\u0627\\u0626\\u0631\",\"email\":\"\\u0627\\u0644\\u0628\\u0631\\u064a\\u062f \\u0627\\u0644\\u0625\\u0644\\u0643\\u062a\\u0631\\u0648\\u0646\\u064a\",\"subject\":\"\\u0645\\u0648\\u0636\\u0648\\u0639 \\u0627\\u0644\\u0631\\u0633\\u0627\\u0644\\u0629\",\"message\":\"\\u0645\\u062d\\u062a\\u0648\\u0649 \\u0627\\u0644\\u0631\\u0633\\u0627\\u0644\\u0629\",\"reply\":\"\\u0627\\u0644\\u0631\\u062f \\u0639\\u0644\\u0649 \\u0627\\u0644\\u0631\\u0633\\u0627\\u0644\\u0629\",\"send_to\":\"\\u0625\\u0631\\u0633\\u0627\\u0644 \\u0625\\u0644\\u0649\"},\"en\":{\"add_new\":\"Reply New Message\",\"name\":\"The name\",\"visitor_email\":\"The email\",\"subject\":\"Subject of message\",\"message\":\"The message\",\"reply\":\"The message\",\"send_to\":\"Send to\"}}}', NULL, NULL, '2024-08-20 16:22:22'),
(22, 'Settings', 'settings', '{\"module_name\":{\"ar\":\"\\u0627\\u0644\\u0625\\u0639\\u062f\\u0627\\u062f\\u062a\",\"en\":\"Settings\"},\"fields\":{\"ar\":{\"add_new\":\"\\u0625\\u0636\\u0627\\u0641\\u0629 \\u0623\\u0639\\u062f\\u0627\\u062f\\u062a\",\"edit\":\"\\u062a\\u0639\\u062f\\u064a\\u0644 \\u0627\\u0644\\u0625\\u0639\\u062f\\u0627\\u062f\\u062a\",\"website_disable\":\"\\u062a\\u0639\\u0637\\u064a\\u0644 \\u0627\\u0644\\u0645\\u0648\\u0642\\u0639\",\"dashboard_disable\":\"\\u062a\\u0639\\u0637\\u064a\\u0644 \\u0644\\u0648\\u062d\\u0629 \\u0627\\u0644\\u062a\\u062d\\u0643\\u0645\",\"website_name\":\"\\u0627\\u0633\\u0645 \\u0627\\u0644\\u0645\\u0648\\u0642\\u0639\",\"Keywords\":\"\\u0627\\u0644\\u0643\\u0644\\u0645\\u0627\\u062a \\u0627\\u0644\\u062f\\u0644\\u064a\\u0644\\u064a\\u0629\",\"meta_description\":\"\\u0627\\u0644\\u0643\\u0644\\u0645\\u0627\\u062a \\u0627\\u0644\\u0648\\u0635\\u0641\\u064a\\u0629\",\"site_email\":\"\\u0628\\u0631\\u064a\\u062f \\u0627\\u0644\\u0645\\u0648\\u0642\\u0639\",\"site_address\":\"\\u0639\\u0646\\u0648\\u0627\\u0646 \\u0627\\u0644\\u0645\\u0648\\u0642\\u0639\",\"site_phone\":\"\\u062c\\u0648\\u0627\\u0644 \\u0627\\u0644\\u0645\\u0648\\u0642\\u0639\",\"mail_driver\":\"Mail Driver(SMTP)\",\"mail_host\":\"Mail Host (smtp.example.com)\",\"mail_port\":\"Mail Port (2525)\",\"mail_username\":\"Mail Username(username@example.cm)\",\"mail_password\":\"Mail password\",\"mail_encryption\":\"Mail Encryption(tls)\",\"mail_from_address\":\"Mail From address(info@example.com)\",\"mail_from_name\":\"Mail From Name(Example)\",\"website_logo\":\"\\u0644\\u0648\\u062c\\u0648 \\u0627\\u0644\\u0645\\u0648\\u0642\\u0639\"},\"en\":{\"add_new\":\"Add Settings\",\"edit\":\"Edit Settings\",\"website_disable\":\"Website Disabled\",\"dashboard_disable\":\"Dashboard Disabled\",\"website_name\":\"Website Name\",\"Keywords\":\"Keywords\",\"meta_description\":\"Meta Description\",\"site_email\":\"Website Email\",\"site_address\":\"Website Address\",\"site_phone\":\"Website Phone\",\"mail_driver\":\"Mail Driver(SMTP)\",\"mail_host\":\"Mail Host (smtp.example.com)\",\"mail_port\":\"Mail Port (2525)\",\"mail_username\":\"Mail Username(username@example.cm)\",\"mail_password\":\"Mail password\",\"mail_encryption\":\"Mail Encryption(tls)\",\"mail_from_address\":\"Mail From address(info@example.com)\",\"mail_from_name\":\"Mail From Name(Example)\",\"website_logo\":\"Website Logo\"}}}', NULL, NULL, '2024-08-20 16:22:22'),
(23, 'Partners', 'partners', '{\"module_name\":{\"ar\":\"\\u0645\\u0639\\u0644\\u0648\\u0645\\u0627\\u062a \\u0627\\u0643\\u062b\\u0631 \\u0639\\u0646 \\u0627\\u0644\\u0633\\u064a\\u0627\\u062d\\u0629\",\"en\":\"Attributes\"},\"fields\":{\"ar\":{\"add_new\":\"\\u0627\\u0636\\u0627\\u0641\\u0629 \\u0645\\u0639\\u0644\\u0648\\u0645\\u0627\\u062a \\u0627\\u0643\\u062b\\u0631 \\u0639\\u0646 \\u0627\\u0644\\u0633\\u064a\\u0627\\u062d\\u0629  \\u062c\\u062f\\u064a\\u062f\",\"edit\":\"\\u062a\\u0639\\u062f\\u064a\\u0644 \\u0627\\u062e\\u062a\\u064a\\u0627\\u0631\",\"name\":\"\\u0627\\u0644\\u0625\\u0633\\u0645\"},\"en\":{\"add_new\":\"Add New Attribute\",\"edit\":\"Edit Attribute\",\"name\":\"The Name\"}}}', NULL, NULL, '2024-08-20 16:22:22'),
(24, 'Groups', 'groups', '{\"module_name\":{\"ar\":\"\\u0645\\u062c\\u0645\\u0648\\u0639\\u062a\\u0646\\u0627\",\"en\":\"Attributes\"},\"fields\":{\"ar\":{\"add_new\":\"\\u0627\\u0636\\u0627\\u0641\\u0629 \\u0645\\u062c\\u0645\\u0648\\u0639\\u062a\\u0646\\u0627  \\u062c\\u062f\\u064a\\u062f\",\"edit\":\"\\u062a\\u0639\\u062f\\u064a\\u0644 \\u0645\\u062c\\u0645\\u0648\\u0639\\u062a\\u0646\\u0627\",\"name\":\"\\u0627\\u0644\\u0625\\u0633\\u0645\"},\"en\":{\"add_new\":\"Add New Attribute\",\"edit\":\"Edit Attribute\",\"name\":\"The Name\"}}}', NULL, NULL, '2024-08-20 16:22:22'),
(25, 'Branches', 'branches', '{\"module_name\":{\"ar\":\"\\u0627\\u0644\\u0641\\u0631\\u0648\\u0639\",\"en\":\"Attributes\"},\"fields\":{\"ar\":{\"add_new\":\"\\u0627\\u0636\\u0627\\u0641\\u0629 \\u0641\\u0631\\u0639  \\u062c\\u062f\\u064a\\u062f\",\"edit\":\"\\u062a\\u0639\\u062f\\u064a\\u0644 \\u0641\\u0631\\u0639\",\"name\":\"\\u0627\\u0644\\u0625\\u0633\\u0645\"},\"en\":{\"add_new\":\"Add New Attribute\",\"edit\":\"Edit Attribute\",\"name\":\"The Name\"}}}', NULL, NULL, '2024-08-20 16:22:22');

-- --------------------------------------------------------

--
-- Table structure for table `newsletters`
--

CREATE TABLE `newsletters` (
  `id` bigint(20) UNSIGNED NOT NULL,
  `email` text DEFAULT NULL,
  `deleted_at` timestamp NULL DEFAULT NULL,
  `created_at` timestamp NULL DEFAULT NULL,
  `updated_at` timestamp NULL DEFAULT NULL
) ENGINE=InnoDB DEFAULT CHARSET=utf8mb4 COLLATE=utf8mb4_unicode_ci;

--
-- Dumping data for table `newsletters`
--

INSERT INTO `newsletters` (`id`, `email`, `deleted_at`, `created_at`, `updated_at`) VALUES
(1, 'test@test.com', NULL, '2024-06-28 20:01:02', '2024-06-28 20:01:02'),
(2, 'ssss@ddd.dddd', NULL, '2024-07-07 17:54:41', '2024-07-07 17:54:41');

-- --------------------------------------------------------

--
-- Table structure for table `notifications`
--

CREATE TABLE `notifications` (
  `id` bigint(20) UNSIGNED NOT NULL,
  `status` varchar(100) DEFAULT NULL,
  `user_id` bigint(20) UNSIGNED DEFAULT NULL,
  `read_at` datetime DEFAULT NULL,
  `target_id` bigint(20) DEFAULT NULL,
  `deleted_at` timestamp NULL DEFAULT NULL,
  `created_at` timestamp NULL DEFAULT NULL,
  `updated_at` timestamp NULL DEFAULT NULL
) ENGINE=InnoDB DEFAULT CHARSET=utf8mb4 COLLATE=utf8mb4_unicode_ci;

--
-- Dumping data for table `notifications`
--

INSERT INTO `notifications` (`id`, `status`, `user_id`, `read_at`, `target_id`, `deleted_at`, `created_at`, `updated_at`) VALUES
(1, 'management', 1, NULL, NULL, NULL, '2024-07-28 09:33:54', '2024-07-28 09:33:54'),
(2, 'orders.statuses.0', 1, NULL, 7, NULL, '2024-08-18 16:14:52', '2024-08-18 16:14:52'),
(3, 'orders.statuses.1', 1, NULL, 9, NULL, '2024-08-18 17:04:45', '2024-08-18 17:04:45'),
(4, 'orders.statuses.2', 1, NULL, 9, NULL, '2024-08-18 17:05:06', '2024-08-18 17:05:06'),
(5, 'orders.statuses.3', 1, NULL, 9, NULL, '2024-08-18 17:05:11', '2024-08-18 17:05:11'),
(6, 'orders.statuses.4', 1, NULL, 9, NULL, '2024-08-18 17:05:22', '2024-08-18 17:05:22'),
(7, 'orders.statuses.4', 1, NULL, 9, NULL, '2024-08-18 17:10:03', '2024-08-18 17:10:03'),
(8, 'management', 1, NULL, NULL, NULL, '2024-08-19 06:27:58', '2024-08-19 06:27:58'),
(9, 'orders.statuses.1', 25, NULL, 12, NULL, '2024-08-19 13:12:48', '2024-08-19 13:12:48'),
(10, 'orders.statuses.4', 25, NULL, 12, NULL, '2024-08-19 13:13:05', '2024-08-19 13:13:05'),
(11, 'orders.statuses.0', 25, NULL, 12, NULL, '2024-08-19 13:28:37', '2024-08-19 13:28:37'),
(12, 'orders.statuses.1', 25, NULL, 12, NULL, '2024-08-19 13:28:55', '2024-08-19 13:28:55'),
(13, 'orders.statuses.2', 25, NULL, 12, NULL, '2024-08-19 13:29:10', '2024-08-19 13:29:10'),
(14, 'orders.statuses.3', 25, NULL, 12, NULL, '2024-08-19 13:29:20', '2024-08-19 13:29:20'),
(15, 'orders.statuses.4', 25, NULL, 12, NULL, '2024-08-19 13:29:33', '2024-08-19 13:29:33'),
(16, 'orders.statuses.4', 31, NULL, 13, NULL, '2024-08-19 14:06:30', '2024-08-19 14:06:30'),
(17, 'management', 31, NULL, NULL, NULL, '2024-08-19 16:08:32', '2024-08-19 16:08:32'),
(18, 'management', 25, NULL, NULL, NULL, '2024-08-19 16:19:57', '2024-08-19 16:19:57');

-- --------------------------------------------------------

--
-- Table structure for table `notification_descriptions`
--

CREATE TABLE `notification_descriptions` (
  `id` bigint(20) UNSIGNED NOT NULL,
  `title` varchar(500) DEFAULT NULL,
  `description` text DEFAULT NULL,
  `notification_id` bigint(20) UNSIGNED DEFAULT NULL,
  `language_id` bigint(20) UNSIGNED DEFAULT NULL
) ENGINE=InnoDB DEFAULT CHARSET=utf8mb4 COLLATE=utf8mb4_unicode_ci;

--
-- Dumping data for table `notification_descriptions`
--

INSERT INTO `notification_descriptions` (`id`, `title`, `description`, `notification_id`, `language_id`) VALUES
(1, 'خالد بحيص خالد بحيص خالد بحيص خالد بحيص خالد بحيص خالد بحيص خالد بحيص خالد بحيص خالد بحيص خالد بحيص خالد بحيص خالد بحيص خالد بحيص', 'خالد بحيص خالد بحيص خالد بحيص خالد بحيص خالد بحيص خالد بحيص خالد بحيص خالد بحيص خالد بحيص خالد بحيص', 1, 1),
(2, 'خالد بحيص خالد بحيص خالد بحيص خالد بحيص خالد بحيص خالخالد بحيص خالد بحيص د بحيص خالد بحيص خالد بحيص خالد بحيص خالد بحيص', 'خالد بحيص خالد بحيص خالد بحيص خالد بحيص خالد بحيص خالد بحيص خالد بحيص خالد بحيص خالد بحيص خالد بحيص خالد بحيص', 1, 2),
(3, 'تم انشاء طلب جديد برقم 7', 'تم انشاء طلب جديد برقم 7', 2, 1),
(4, 'New order had been created with No. 7', 'New order had been created with No. 7', 2, 2),
(5, 'تم تغيير طلبك رقم 9 الي جاري التحضير ', 'تم تغيير طلبك رقم 9 الي جاري التحضير ', 3, 1),
(6, 'Your order No. 9 has been changed to Accreditation', 'Your order No. 9 has been changed to Accreditation', 3, 2),
(7, 'تم تغيير طلبك رقم 9 الي جاري التجهيز ', 'تم تغيير طلبك رقم 9 الي جاري التجهيز ', 4, 1),
(8, 'Your order No. 9 has been changed to Preparing', 'Your order No. 9 has been changed to Preparing', 4, 2),
(9, 'تم تغيير طلبك رقم 9 الي جاري الشحن ', 'تم تغيير طلبك رقم 9 الي جاري الشحن ', 5, 1),
(10, 'Your order No. 9 has been changed to Shipping', 'Your order No. 9 has been changed to Shipping', 5, 2),
(11, 'تم تغيير طلبك رقم 9 الي تم التوصيل ', 'تم تغيير طلبك رقم 9 الي تم التوصيل ', 6, 1),
(12, 'Your order No. 9 has been changed to Delivered', 'Your order No. 9 has been changed to Delivered', 6, 2),
(13, 'تم تغيير طلبك رقم 9 الي تم التوصيل ', 'تم تغيير طلبك رقم 9 الي تم التوصيل ', 7, 1),
(14, 'Your order No. 9 has been changed to Delivered', 'Your order No. 9 has been changed to Delivered', 7, 2),
(15, 'drta', 'edsaf', 8, 1),
(16, 'edfsdfg', 'erdfgd', 8, 2),
(17, 'تم تغيير طلبك رقم 12 الي جاري التحضير ', 'تم تغيير طلبك رقم 12 الي جاري التحضير ', 9, 1),
(18, 'Your order No. 12 has been changed to Accreditation', 'Your order No. 12 has been changed to Accreditation', 9, 2),
(19, 'تم تغيير طلبك رقم 12 الي تم التوصيل ', 'تم تغيير طلبك رقم 12 الي تم التوصيل ', 10, 1),
(20, 'Your order No. 12 has been changed to Delivered', 'Your order No. 12 has been changed to Delivered', 10, 2),
(21, 'تم انشاء طلب جديد برقم 12', 'تم انشاء طلب جديد برقم 12', 11, 1),
(22, 'New order had been created with No. 12', 'New order had been created with No. 12', 11, 2),
(23, 'تم تغيير طلبك رقم 12 الي جاري التحضير ', 'تم تغيير طلبك رقم 12 الي جاري التحضير ', 12, 1),
(24, 'Your order No. 12 has been changed to Accreditation', 'Your order No. 12 has been changed to Accreditation', 12, 2),
(25, 'تم تغيير طلبك رقم 12 الي جاري التجهيز ', 'تم تغيير طلبك رقم 12 الي جاري التجهيز ', 13, 1),
(26, 'Your order No. 12 has been changed to Preparing', 'Your order No. 12 has been changed to Preparing', 13, 2),
(27, 'تم تغيير طلبك رقم 12 الي جاري الشحن ', 'تم تغيير طلبك رقم 12 الي جاري الشحن ', 14, 1),
(28, 'Your order No. 12 has been changed to Shipping', 'Your order No. 12 has been changed to Shipping', 14, 2),
(29, 'تم تغيير طلبك رقم 12 الي تم التوصيل ', 'تم تغيير طلبك رقم 12 الي تم التوصيل ', 15, 1),
(30, 'Your order No. 12 has been changed to Delivered', 'Your order No. 12 has been changed to Delivered', 15, 2),
(31, 'تم تغيير طلبك رقم 13 الي تم التوصيل ', 'تم تغيير طلبك رقم 13 الي تم التوصيل ', 16, 1),
(32, 'Your order No. 13 has been changed to Delivered', 'Your order No. 13 has been changed to Delivered', 16, 2),
(33, 'مرحبا بك', 'مرحبا بك', 17, 1),
(34, 'مرحبا بك', 'مرحبا بك', 17, 2),
(35, 'مرحبا بك في متجرنا', 'khalidbehis@gmail.comمرحبا بك في متجرنا', 18, 1),
(36, 'مرحبا بك في متجرنا', 'مرحبا بك في متجرنا', 18, 2);

-- --------------------------------------------------------

--
-- Table structure for table `order_products`
--

CREATE TABLE `order_products` (
  `id` bigint(20) UNSIGNED NOT NULL,
  `count` int(11) DEFAULT NULL,
  `total` double DEFAULT NULL,
  `order_id` bigint(20) UNSIGNED DEFAULT NULL,
  `product_id` bigint(20) UNSIGNED DEFAULT NULL,
  `main_attribute_id` bigint(20) UNSIGNED DEFAULT NULL,
  `sub_attribute_id` bigint(20) UNSIGNED DEFAULT NULL
) ENGINE=InnoDB DEFAULT CHARSET=utf8mb4 COLLATE=utf8mb4_unicode_ci;

--
-- Dumping data for table `order_products`
--

INSERT INTO `order_products` (`id`, `count`, `total`, `order_id`, `product_id`, `main_attribute_id`, `sub_attribute_id`) VALUES
(1, 3, 33, 1, 8, NULL, NULL),
(2, 2, 20, 1, 7, NULL, NULL),
(3, 3, 33, 2, 8, NULL, NULL),
(4, 2, 20, 2, 7, NULL, NULL),
(5, 1, 10, 3, 7, NULL, NULL),
(6, 4, 44, 3, 8, NULL, NULL),
(7, 1, 33.99, 4, 18, NULL, NULL),
(8, 1, 1, 5, 22, NULL, NULL),
(9, 1, 150, 5, 6, NULL, NULL),
(10, 1, 35, 6, 21, NULL, NULL),
(11, 1, 1, 6, 22, NULL, NULL),
(12, 1, 35, 7, 21, NULL, NULL),
(13, 1, 1, 7, 22, NULL, NULL),
(14, 1, 1, 8, 22, NULL, NULL),
(15, 1, 1, 9, 22, NULL, NULL),
(16, 7, 2002, 10, 51, NULL, NULL),
(17, 1, 5, 10, 52, NULL, NULL),
(18, 1, 22, 10, 53, NULL, NULL),
(19, 1, 17, 10, 54, NULL, NULL),
(20, 2, 120, 11, 19, NULL, NULL),
(21, 1, 34, 11, 20, NULL, NULL),
(22, 1, 35, 11, 21, NULL, NULL),
(23, 1, 220, 12, 92, NULL, NULL),
(24, 1, 77, 12, 93, NULL, NULL),
(25, 1, 42, 12, 94, NULL, NULL),
(26, 1, 42, 12, 95, NULL, NULL),
(27, 1, 60, 12, 96, NULL, NULL),
(28, 1, 77, 12, 97, NULL, NULL),
(29, 1, 330, 13, 119, NULL, NULL),
(30, 1, 5000, 14, 120, NULL, NULL),
(31, 1, 5000, 15, 120, NULL, NULL),
(32, 1, 25, 16, 115, NULL, NULL),
(33, 1, 77, 17, 100, NULL, NULL),
(34, 1, 400, 18, 118, NULL, NULL),
(35, 1, 330, 18, 119, NULL, NULL),
(36, 1, 69, 18, 99, NULL, NULL),
(37, 1, 77, 18, 100, NULL, NULL),
(38, 1, 5000, 19, 120, NULL, NULL);

-- --------------------------------------------------------

--
-- Table structure for table `pages`
--

CREATE TABLE `pages` (
  `id` bigint(20) UNSIGNED NOT NULL,
  `image` varchar(200) DEFAULT NULL,
  `number` double DEFAULT NULL,
  `status` tinyint(1) NOT NULL DEFAULT 1,
  `deleted_at` timestamp NULL DEFAULT NULL,
  `created_at` timestamp NULL DEFAULT NULL,
  `updated_at` timestamp NULL DEFAULT NULL
) ENGINE=InnoDB DEFAULT CHARSET=utf8mb4 COLLATE=utf8mb4_unicode_ci;

--
-- Dumping data for table `pages`
--

INSERT INTO `pages` (`id`, `image`, `number`, `status`, `deleted_at`, `created_at`, `updated_at`) VALUES
(1, '/storage/files/shares/hero2.jpg', NULL, 1, NULL, NULL, '2024-08-18 11:14:38'),
(2, NULL, NULL, 1, NULL, '2024-07-07 13:02:46', '2024-07-07 13:02:46'),
(3, NULL, NULL, 1, NULL, '2024-07-07 13:05:08', '2024-07-07 13:05:08'),
(4, '/storage/files/shares/4__1_.png', NULL, 1, NULL, '2024-07-07 13:10:03', '2024-08-18 11:52:47'),
(5, '/storage/files/shares/3.jpg', NULL, 1, NULL, '2024-07-07 13:12:16', '2024-08-18 11:19:43'),
(6, '/storage/files/shares/2__1_.png', NULL, 1, NULL, '2024-07-07 13:13:38', '2024-08-18 11:18:40'),
(7, '/storage/files/shares/1.jpg', NULL, 1, NULL, '2024-07-07 13:14:21', '2024-08-18 11:17:30'),
(8, '/storage/files/shares/vector.png', NULL, 1, NULL, '2024-07-07 17:19:16', '2024-08-18 11:55:55'),
(9, '/storage/files/shares/test/man.png', NULL, 1, NULL, '2024-07-07 18:14:57', '2024-08-18 17:35:34'),
(10, NULL, NULL, 1, NULL, '2024-07-07 18:15:20', '2024-07-07 18:15:20'),
(11, NULL, NULL, 1, NULL, '2024-07-07 18:15:33', '2024-07-07 18:15:33'),
(12, NULL, NULL, 1, NULL, '2024-07-07 18:15:33', '2024-07-07 18:15:33'),
(13, NULL, NULL, 1, NULL, '2024-07-07 18:15:33', '2024-07-07 18:15:33'),
(14, '/storage/files/shares/1.jpg', NULL, 1, NULL, '2024-07-07 18:15:33', '2024-08-18 17:47:56'),
(15, '/storage/files/shares/1.jpg', NULL, 1, NULL, '2024-07-07 18:15:33', '2024-08-18 17:48:47'),
(16, '/storage/files/shares/1.jpg', NULL, 1, NULL, '2024-07-07 18:15:33', '2024-08-18 17:49:21');

-- --------------------------------------------------------

--
-- Table structure for table `page_descriptions`
--

CREATE TABLE `page_descriptions` (
  `id` bigint(20) UNSIGNED NOT NULL,
  `title` varchar(500) DEFAULT NULL,
  `slug` varchar(100) DEFAULT NULL,
  `meta_description` text DEFAULT NULL,
  `keywords` varchar(250) DEFAULT NULL,
  `description` text DEFAULT NULL,
  `page_id` bigint(20) UNSIGNED DEFAULT NULL,
  `language_id` bigint(20) UNSIGNED DEFAULT NULL
) ENGINE=InnoDB DEFAULT CHARSET=utf8mb4 COLLATE=utf8mb4_unicode_ci;

--
-- Dumping data for table `page_descriptions`
--

INSERT INTO `page_descriptions` (`id`, `title`, `slug`, `meta_description`, `keywords`, `description`, `page_id`, `language_id`) VALUES
(27, 'الشروط والاحكام\r\n', NULL, NULL, NULL, 'هناك حقيقة مثبتة منذ زمن طويل وهي أن المحتوى المقروء لصفحة ما سيلهي القارئ عن التركيز على الشكل الخارجي للنص أو شكل توضع الفقرات في الصفحة التي يقرأها. ولذلك يتم استخدام طريقة لوريم إيبسوم لأنها تعطي توزيعاَ طبيعياَ -إلى حد ما- للأحرف عوضاً عن استخدام \"هنا يوجد محتوى نصي، هنا يوجد محتوى نصي\" فتجعلها تبدو (أي الأحرف) وكأنها نص مقروء. العديد من برامح النشر المكتبي وبرامح تحرير صفحات الويب تستخدم لوريم إيبسوم بشكل إفتراضي كنموذج عن النص، وإذا قمت بإدخال \"lorem ipsum\" في أي محرك بحث ستظهر العديد من المواقع الحديثة العهد في نتائج البحث. على مدى السنين ظهرت نسخ جديدة ومختلفة من نص لوريم إيبسوم، أحياناً عن طريق الصدفة، وأحياناً عن عمد كإدخال بعض العبارات الفكاهية إليها. ما هو \"لوريم إيبسوم\" ؟ لوريم إيبسوم(Lorem Ipsum) هو ببساطة نص شكلي (بمعنى أن الغاية هي الشكل وليس المحتوى) ويُستخدم في صناعات المطابع ودور النشر. كان لوريم إيبسوم ولايزال المعيار للنص الشكلي منذ القرن الخامس عشر عندما قامت مطبعة مجهولة برص مجموعة من الأحرف بشكل عشوائي أخذتها من نص، لتكوّن كتيّب بمثابة دليل أو مرجع شكلي لهذه الأحرف. خمسة قرون من الزمن لم تقضي على هذا النص، بل انه حتى صار مستخدماً وبشكله الأصلي في الطباعة والتنضيد الإلكتروني. انتشر بشكل كبير في ستينيّات هذا القرن مع إصدار رقائق \"ليتراسيت\" (Letraset) البلاستيكية تحوي مقاطع من هذا النص، وعاد لينتشر مرة أخرى مؤخراَ مع ظهور برامج النشر الإلكتروني مثل \"ألدوس بايج مايكر\" (Aldus PageMaker) والتي حوت أيضاً على نسخ من نص لوريم إيبسوم. أين أجده ؟ هنالك العديد من الأنواع المتوفرة لنصوص لوريم إيبسوم، ولكن الغالبية تم تعديلها بشكل ما عبر إدخال بعض النوادر أو الكلمات العشوائية إلى النص. إن كنت تريد أن تستخدم نص لوريم إيبسوم ما، علىك أن تتحقق أولاً أن ليس هناك أي كلمات أو عبارات محرجة أو غير لائقة مخبأة في هذا النص. بينما تعمل جميع مولّدات نصوص لوريم إيبسوم على الإنترنت على إعادة تكرار مقاطع من نص لوريم إيبسوم نفسه عدة مرات بما تتطلبه الحاجة، يقوم مولّدنا هذا باستخدام كلمات من قاموس يحوي على أكثر من 200 كلمة لا تينية، مضاف إليها مجموعة من الجمل النموذجية، لتكوين نص لوريم إيبسوم ذو شكل منطقي قريب إلى النص الحقيقي. وبالتإلى يكون النص الناتح خإلى من التكرار، أو أي كلمات أو عبارات غير لائقة أو ما شابه. وهذا ما يجعله أول مولّد نص لوريم إيبسوم حقيقي على الإنترنت.\r\n', 12, 1),
(28, 'الشروط والاحكام\r\n', NULL, NULL, NULL, 'هناك حقيقة مثبتة منذ زمن طويل وهي أن المحتوى المقروء لصفحة ما سيلهي القارئ عن التركيز على الشكل الخارجي للنص أو شكل توضع الفقرات في الصفحة التي يقرأها. ولذلك يتم استخدام طريقة لوريم إيبسوم لأنها تعطي توزيعاَ طبيعياَ -إلى حد ما- للأحرف عوضاً عن استخدام \"هنا يوجد محتوى نصي، هنا يوجد محتوى نصي\" فتجعلها تبدو (أي الأحرف) وكأنها نص مقروء. العديد من برامح النشر المكتبي وبرامح تحرير صفحات الويب تستخدم لوريم إيبسوم بشكل إفتراضي كنموذج عن النص، وإذا قمت بإدخال \"lorem ipsum\" في أي محرك بحث ستظهر العديد من المواقع الحديثة العهد في نتائج البحث. على مدى السنين ظهرت نسخ جديدة ومختلفة من نص لوريم إيبسوم، أحياناً عن طريق الصدفة، وأحياناً عن عمد كإدخال بعض العبارات الفكاهية إليها. ما هو \"لوريم إيبسوم\" ؟ لوريم إيبسوم(Lorem Ipsum) هو ببساطة نص شكلي (بمعنى أن الغاية هي الشكل وليس المحتوى) ويُستخدم في صناعات المطابع ودور النشر. كان لوريم إيبسوم ولايزال المعيار للنص الشكلي منذ القرن الخامس عشر عندما قامت مطبعة مجهولة برص مجموعة من الأحرف بشكل عشوائي أخذتها من نص، لتكوّن كتيّب بمثابة دليل أو مرجع شكلي لهذه الأحرف. خمسة قرون من الزمن لم تقضي على هذا النص، بل انه حتى صار مستخدماً وبشكله الأصلي في الطباعة والتنضيد الإلكتروني. انتشر بشكل كبير في ستينيّات هذا القرن مع إصدار رقائق \"ليتراسيت\" (Letraset) البلاستيكية تحوي مقاطع من هذا النص، وعاد لينتشر مرة أخرى مؤخراَ مع ظهور برامج النشر الإلكتروني مثل \"ألدوس بايج مايكر\" (Aldus PageMaker) والتي حوت أيضاً على نسخ من نص لوريم إيبسوم. أين أجده ؟ هنالك العديد من الأنواع المتوفرة لنصوص لوريم إيبسوم، ولكن الغالبية تم تعديلها بشكل ما عبر إدخال بعض النوادر أو الكلمات العشوائية إلى النص. إن كنت تريد أن تستخدم نص لوريم إيبسوم ما، علىك أن تتحقق أولاً أن ليس هناك أي كلمات أو عبارات محرجة أو غير لائقة مخبأة في هذا النص. بينما تعمل جميع مولّدات نصوص لوريم إيبسوم على الإنترنت على إعادة تكرار مقاطع من نص لوريم إيبسوم نفسه عدة مرات بما تتطلبه الحاجة، يقوم مولّدنا هذا باستخدام كلمات من قاموس يحوي على أكثر من 200 كلمة لا تينية، مضاف إليها مجموعة من الجمل النموذجية، لتكوين نص لوريم إيبسوم ذو شكل منطقي قريب إلى النص الحقيقي. وبالتإلى يكون النص الناتح خإلى من التكرار، أو أي كلمات أو عبارات غير لائقة أو ما شابه. وهذا ما يجعله أول مولّد نص لوريم إيبسوم حقيقي على الإنترنت.\r\n', 12, 2),
(29, 'سياسة الخصوصية\r\n', NULL, NULL, NULL, 'هناك حقيقة مثبتة منذ زمن طويل وهي أن المحتوى المقروء لصفحة ما سيلهي القارئ عن التركيز على الشكل الخارجي للنص أو شكل توضع الفقرات في الصفحة التي يقرأها. ولذلك يتم استخدام طريقة لوريم إيبسوم لأنها تعطي توزيعاَ طبيعياَ -إلى حد ما- للأحرف عوضاً عن استخدام \"هنا يوجد محتوى نصي، هنا يوجد محتوى نصي\" فتجعلها تبدو (أي الأحرف) وكأنها نص مقروء. العديد من برامح النشر المكتبي وبرامح تحرير صفحات الويب تستخدم لوريم إيبسوم بشكل إفتراضي كنموذج عن النص، وإذا قمت بإدخال \"lorem ipsum\" في أي محرك بحث ستظهر العديد من المواقع الحديثة العهد في نتائج البحث. على مدى السنين ظهرت نسخ جديدة ومختلفة من نص لوريم إيبسوم، أحياناً عن طريق الصدفة، وأحياناً عن عمد كإدخال بعض العبارات الفكاهية إليها. ما هو \"لوريم إيبسوم\" ؟ لوريم إيبسوم(Lorem Ipsum) هو ببساطة نص شكلي (بمعنى أن الغاية هي الشكل وليس المحتوى) ويُستخدم في صناعات المطابع ودور النشر. كان لوريم إيبسوم ولايزال المعيار للنص الشكلي منذ القرن الخامس عشر عندما قامت مطبعة مجهولة برص مجموعة من الأحرف بشكل عشوائي أخذتها من نص، لتكوّن كتيّب بمثابة دليل أو مرجع شكلي لهذه الأحرف. خمسة قرون من الزمن لم تقضي على هذا النص، بل انه حتى صار مستخدماً وبشكله الأصلي في الطباعة والتنضيد الإلكتروني. انتشر بشكل كبير في ستينيّات هذا القرن مع إصدار رقائق \"ليتراسيت\" (Letraset) البلاستيكية تحوي مقاطع من هذا النص، وعاد لينتشر مرة أخرى مؤخراَ مع ظهور برامج النشر الإلكتروني مثل \"ألدوس بايج مايكر\" (Aldus PageMaker) والتي حوت أيضاً على نسخ من نص لوريم إيبسوم. أين أجده ؟ هنالك العديد من الأنواع المتوفرة لنصوص لوريم إيبسوم، ولكن الغالبية تم تعديلها بشكل ما عبر إدخال بعض النوادر أو الكلمات العشوائية إلى النص. إن كنت تريد أن تستخدم نص لوريم إيبسوم ما، علىك أن تتحقق أولاً أن ليس هناك أي كلمات أو عبارات محرجة أو غير لائقة مخبأة في هذا النص. بينما تعمل جميع مولّدات نصوص لوريم إيبسوم على الإنترنت على إعادة تكرار مقاطع من نص لوريم إيبسوم نفسه عدة مرات بما تتطلبه الحاجة، يقوم مولّدنا هذا باستخدام كلمات من قاموس يحوي على أكثر من 200 كلمة لا تينية، مضاف إليها مجموعة من الجمل النموذجية، لتكوين نص لوريم إيبسوم ذو شكل منطقي قريب إلى النص الحقيقي. وبالتإلى يكون النص الناتح خإلى من التكرار، أو أي كلمات أو عبارات غير لائقة أو ما شابه. وهذا ما يجعله أول مولّد نص لوريم إيبسوم حقيقي على الإنترنت.\r\n', 13, 1),
(30, 'سياسة الخصوصية\r\n', NULL, NULL, NULL, 'هناك حقيقة مثبتة منذ زمن طويل وهي أن المحتوى المقروء لصفحة ما سيلهي القارئ عن التركيز على الشكل الخارجي للنص أو شكل توضع الفقرات في الصفحة التي يقرأها. ولذلك يتم استخدام طريقة لوريم إيبسوم لأنها تعطي توزيعاَ طبيعياَ -إلى حد ما- للأحرف عوضاً عن استخدام \"هنا يوجد محتوى نصي، هنا يوجد محتوى نصي\" فتجعلها تبدو (أي الأحرف) وكأنها نص مقروء. العديد من برامح النشر المكتبي وبرامح تحرير صفحات الويب تستخدم لوريم إيبسوم بشكل إفتراضي كنموذج عن النص، وإذا قمت بإدخال \"lorem ipsum\" في أي محرك بحث ستظهر العديد من المواقع الحديثة العهد في نتائج البحث. على مدى السنين ظهرت نسخ جديدة ومختلفة من نص لوريم إيبسوم، أحياناً عن طريق الصدفة، وأحياناً عن عمد كإدخال بعض العبارات الفكاهية إليها. ما هو \"لوريم إيبسوم\" ؟ لوريم إيبسوم(Lorem Ipsum) هو ببساطة نص شكلي (بمعنى أن الغاية هي الشكل وليس المحتوى) ويُستخدم في صناعات المطابع ودور النشر. كان لوريم إيبسوم ولايزال المعيار للنص الشكلي منذ القرن الخامس عشر عندما قامت مطبعة مجهولة برص مجموعة من الأحرف بشكل عشوائي أخذتها من نص، لتكوّن كتيّب بمثابة دليل أو مرجع شكلي لهذه الأحرف. خمسة قرون من الزمن لم تقضي على هذا النص، بل انه حتى صار مستخدماً وبشكله الأصلي في الطباعة والتنضيد الإلكتروني. انتشر بشكل كبير في ستينيّات هذا القرن مع إصدار رقائق \"ليتراسيت\" (Letraset) البلاستيكية تحوي مقاطع من هذا النص، وعاد لينتشر مرة أخرى مؤخراَ مع ظهور برامج النشر الإلكتروني مثل \"ألدوس بايج مايكر\" (Aldus PageMaker) والتي حوت أيضاً على نسخ من نص لوريم إيبسوم. أين أجده ؟ هنالك العديد من الأنواع المتوفرة لنصوص لوريم إيبسوم، ولكن الغالبية تم تعديلها بشكل ما عبر إدخال بعض النوادر أو الكلمات العشوائية إلى النص. إن كنت تريد أن تستخدم نص لوريم إيبسوم ما، علىك أن تتحقق أولاً أن ليس هناك أي كلمات أو عبارات محرجة أو غير لائقة مخبأة في هذا النص. بينما تعمل جميع مولّدات نصوص لوريم إيبسوم على الإنترنت على إعادة تكرار مقاطع من نص لوريم إيبسوم نفسه عدة مرات بما تتطلبه الحاجة، يقوم مولّدنا هذا باستخدام كلمات من قاموس يحوي على أكثر من 200 كلمة لا تينية، مضاف إليها مجموعة من الجمل النموذجية، لتكوين نص لوريم إيبسوم ذو شكل منطقي قريب إلى النص الحقيقي. وبالتإلى يكون النص الناتح خإلى من التكرار، أو أي كلمات أو عبارات غير لائقة أو ما شابه. وهذا ما يجعله أول مولّد نص لوريم إيبسوم حقيقي على الإنترنت.\r\n', 13, 2),
(37, 'من نحن', NULL, NULL, NULL, 'تجربة تسوق فريدة من نوعها تقدم الجوهر الحقيقي للسعودية بطريقة عصرية فاخرة, مجموعتنا الواسعة من التذكارات السعودية الناعمة و الملابس والمجوهرات ،اكسسوارات السفر ومجموعة المنزل و هدايا رائعة للأطفال, تنقلك الى عالمنا وطريقتنا السعودية.\r\nالطريقة السعودية هي ملف الوجهة الأساسية لأي مسافر يتمنى أن يأخذ للمنزل لحظة سعودية لنفسه أو وأحبائه', 1, 1),
(38, 'About Us', NULL, NULL, NULL, 'A unique shopping experience that offers the real essence of Saudi Arabia in a modern and luxurious way, our wide range of Saudi soft souveanirs, clothing and jewelry, travel accessories, home collection and wonderful gifts for children, transports you to our world and our Saudi way.\r\nThe Saudi method is the primary destination file of any traveler wishing to take home a Saudi moment for himself or his loved ones', 1, 2),
(39, 'الرؤية', NULL, NULL, NULL, 'علامة تجارية وطنية تتبوأ الريادة في السياحة السعودية في منطلق راقي وحديث لتصنع تذكار يخلَد بالذاكرة ويكون الواجهة الأساسية الأولى المشرفة للمملكة العربية السعودية بكافة المناسبات الدينية والوطنية والتراثية لتحمل معها عبير لمختلف ثقافاتنا للأجيال القادمة والزائرين من شتى بقاع الأرض لكل رمز بعينه وقدره وذاته.', 2, 1),
(40, 'الرؤية', NULL, NULL, NULL, 'A national brand that pioneers Saudi tourism in an uplifting and modern setting to make memorabilia that is memorable and that is Saudi Arabia\'s first main supervising facade in all religious, national and heritage events to carry with it the expressions of our different cultures for future generations and visitors from various parts of the earth for each specific symbol, its worth and its own.', 2, 2),
(41, 'الأهداف', NULL, NULL, NULL, 'الريادة بالسياحة\r\n\r\n الابتكار والتألق\r\n\r\n الجودة والخدمة المتميزة', 3, 1),
(42, 'الأهداف', NULL, NULL, NULL, 'Tourism Leadership\r\n\r\nInnovation and brilliance\r\n\r\nQuality and outstanding service', 3, 2),
(43, 'الفخامة الملكية', NULL, NULL, NULL, 'ملكي ارجواني -هذا اللون له تاريخ كبير مع المملكة العربية السعودية، فهو اللون الرئيسي للسجادة الملكية، وهو لون يمكنك رؤيته في مدينة حائل ولون الخزامى الجميل في فصل الربيع', 7, 1),
(44, 'Royal Luxury', NULL, NULL, NULL, 'This color has a great history with Saudi Arabia, it is the main color of the royal carpet, which is the color you can see in the city of Hail and the color of the beautiful lavender in the spring', 7, 2),
(45, 'التجدد بثقة', NULL, NULL, NULL, 'هو لون مستوحى من الطبيعة المائية الجميلة في المملكة العربية السعودية على سبيل المثال لا الحصر مدينة جدة الرائعة المطلة على البحر الأحمر', 6, 1),
(46, 'Renewal with confidence', NULL, NULL, NULL, 'It is a color inspired by the beautiful aquatic nature of Saudi Arabia, but not limited to the wonderful city of Jeddah overlooking the Red Sea', 6, 2),
(47, 'رقي بيئتنا', NULL, NULL, NULL, 'إن الخضرة في المملكة العربية السعودية ليست نادرة، خاصة في الجنوب،. فمنطقة عسير، على سبيل المثال، معروفة بمواقعها التاريخية المحاطة بالمساحات الخضراء والأشجار وأشجار النخيل.', 5, 1),
(48, 'Improve our environment', NULL, NULL, NULL, 'Greenery in Saudi Arabia is not rare, especially in the south,. A difficult area, for example, is known for its historical sites surrounded by greenery, trees and palm trees.', 5, 2),
(51, 'Footer', NULL, NULL, NULL, 'متجر مختص في الهدايا التذكارية بالمملكة العربية السعودية متخصص في تقديم جميع أنواع الهدايا التذكارية الخاصة في التراث السعودي .', 11, 1),
(52, 'Footer', NULL, NULL, NULL, 'A souvenir store in Saudi Arabia specializes in providing all kinds of special souvenirs in Saudi heritage.', 11, 2),
(53, 'لحظة سعودية لتحتفظ بهافي ذاكرتك', NULL, NULL, NULL, 'لوريم إيبسوم هو نص مؤقت يستخدم في التصميم والنشر لإظهار شكل الوثيقة أو الخط دون الاعتماد على محتوى معنوي. قد يستخدم لوريم إيبسوم كنص بديل', 8, 1),
(54, 'لحظة سعودية لتحتفظ بهافي ذاكرتك', NULL, NULL, NULL, 'لوريم إيبسوم هو نص مؤقت يستخدم في التصميم والنشر لإظهار شكل الوثيقة أو الخط دون الاعتماد على محتوى معنوي. قد يستخدم لوريم إيبسوم كنص بديل', 8, 2),
(57, 'Home Banner', NULL, NULL, NULL, 'لا تشيل هم تدفع للوزن الزايد بالمطار هدية احبابك نوصلها لك فين ماكنت', 9, 1),
(58, 'Home Banner', NULL, NULL, NULL, 'لا تشيل هم تدفع للوزن الزايد بالمطار هدية احبابك نوصلها لك فين ماكنت', 9, 2),
(61, '- زور موقعنا وشوف بنفسك -', NULL, NULL, NULL, 'عالم ثانى بطريقتنا السعودية', 10, 1),
(62, '- زور موقعنا وشوف بنفسك -', NULL, NULL, NULL, 'عالم ثانى بطريقتنا السعودية', 10, 2),
(65, 'دفع أمن', NULL, NULL, NULL, '<p>دفع أمن</p>', 14, 1),
(66, 'دفع أمن', NULL, NULL, NULL, '<p>دفع أمن</p>', 14, 2),
(67, 'شحن دولى', NULL, NULL, NULL, '<p>شحن دولى</p>', 15, 1),
(68, 'شحن دولى', NULL, NULL, NULL, '<p>شحن دولى</p>', 15, 2),
(73, 'إبداع ثقافتنا', NULL, NULL, NULL, '<p>ولا ننسى أن معظم أراضي المملكة العربية السعودية مغطاة بالكثبان الذهبية، فصحاري المملكة العربية السعودية تحتوي على العديد من المناظر الخلابة لذا يجب أن تكون ضمن هويتنا</p>', 4, 1),
(74, 'إبداع ثقافتنا', NULL, NULL, NULL, '<p>And don\'t forget that most of the territory of Saudi Arabia is covered in golden dunes, the deserts of Saudi Arabia contain many spectacular views so they must be within our identity.</p>', 4, 2),
(75, 'جودة عالية', NULL, NULL, NULL, '<p>جودة عإلىة</p>', 16, 1),
(76, 'جودة عالية', NULL, NULL, NULL, '<p>جودة عإلىة</p>', 16, 2);

-- --------------------------------------------------------

--
-- Table structure for table `partners`
--

CREATE TABLE `partners` (
  `id` bigint(20) UNSIGNED NOT NULL,
  `image` varchar(300) DEFAULT NULL,
  `deleted_at` timestamp NULL DEFAULT NULL,
  `created_at` timestamp NULL DEFAULT NULL,
  `updated_at` timestamp NULL DEFAULT NULL
) ENGINE=InnoDB DEFAULT CHARSET=utf8mb4 COLLATE=utf8mb4_unicode_ci;

--
-- Dumping data for table `partners`
--

INSERT INTO `partners` (`id`, `image`, `deleted_at`, `created_at`, `updated_at`) VALUES
(1, 'http://electric.omar.alyomhost.org//storage/photos/shares/free-shipping.png', '2024-08-17 06:58:46', '2024-06-28 19:35:39', '2024-08-17 06:58:46'),
(2, '/storage/photos/shares/partner/partner-1.svg', '2024-08-17 06:58:46', '2024-07-08 12:29:14', '2024-08-17 06:58:46'),
(3, '/storage/photos/shares/partner/partner-3.svg', '2024-08-17 06:58:46', '2024-07-08 12:30:07', '2024-08-17 06:58:46'),
(4, '/storage/photos/shares/partner/partner-4.svg', '2024-08-17 06:58:46', '2024-07-08 12:30:35', '2024-08-17 06:58:46'),
(5, '/storage/photos/shares/partner/partner-2.svg', '2024-08-17 06:58:46', '2024-07-08 12:31:40', '2024-08-17 06:58:46'),
(6, 'http://rose.omar.alyomhost.org//storage/photos/shares/Test.jpg', '2024-08-17 06:59:14', '2024-08-17 06:58:46', '2024-08-17 06:59:14'),
(7, 'http://rose.omar.alyomhost.org//storage/photos/shares/Test.jpg', '2024-08-18 12:29:49', '2024-08-17 06:59:14', '2024-08-18 12:29:49'),
(8, '/storage/files/shares/air-connectivity-program.jpg', NULL, '2024-08-18 12:29:49', '2024-08-18 12:29:49'),
(9, '/storage/files/shares/ministry-of-tourism.png', NULL, '2024-08-18 12:29:49', '2024-08-18 12:29:49'),
(10, '/storage/files/shares/saudi-red-sea-authority.jpg', NULL, '2024-08-18 12:29:49', '2024-08-18 12:29:49'),
(11, '/storage/files/shares/sta-logo.png', NULL, '2024-08-18 12:29:49', '2024-08-18 12:29:49'),
(12, '/storage/files/shares/tdf.jpg', NULL, '2024-08-18 12:29:49', '2024-08-18 12:29:49'),
(13, '/storage/files/shares/tourism-development-council.jpg', NULL, '2024-08-18 12:29:49', '2024-08-18 12:29:49');

-- --------------------------------------------------------

--
-- Table structure for table `partner_descriptions`
--

CREATE TABLE `partner_descriptions` (
  `id` bigint(20) UNSIGNED NOT NULL,
  `title` varchar(50) DEFAULT NULL,
  `partner_id` bigint(20) UNSIGNED DEFAULT NULL,
  `language_id` bigint(20) UNSIGNED DEFAULT NULL
) ENGINE=InnoDB DEFAULT CHARSET=utf8mb4 COLLATE=utf8mb4_unicode_ci;

--
-- Dumping data for table `partner_descriptions`
--

INSERT INTO `partner_descriptions` (`id`, `title`, `partner_id`, `language_id`) VALUES
(3, 'Free Ship', 1, 1),
(4, 'Free ship', 1, 2),
(5, 'Argon', 2, 1),
(6, 'Argon', 2, 2),
(7, 'Dayem', 3, 1),
(8, 'Dayem', 3, 2),
(9, 'Kids comp', 4, 1),
(10, 'Kids comp', 4, 2),
(11, 'King Inst', 5, 1),
(12, 'King Inst', 5, 2);

-- --------------------------------------------------------

--
-- Table structure for table `products`
--

CREATE TABLE `products` (
  `id` bigint(20) UNSIGNED NOT NULL,
  `code` varchar(191) DEFAULT NULL,
  `count` int(11) DEFAULT NULL,
  `status_sold` int(11) DEFAULT NULL,
  `cost` double DEFAULT NULL,
  `cost_discount` double DEFAULT NULL,
  `category_id` bigint(20) UNSIGNED DEFAULT NULL,
  `sub_category_id` bigint(20) UNSIGNED DEFAULT NULL,
  `deleted_at` timestamp NULL DEFAULT NULL,
  `created_at` timestamp NULL DEFAULT NULL,
  `updated_at` timestamp NULL DEFAULT NULL
) ENGINE=InnoDB DEFAULT CHARSET=utf8mb4 COLLATE=utf8mb4_unicode_ci;

--
-- Dumping data for table `products`
--

INSERT INTO `products` (`id`, `code`, `count`, `status_sold`, `cost`, `cost_discount`, `category_id`, `sub_category_id`, `deleted_at`, `created_at`, `updated_at`) VALUES
(2, 'test', 4, 1, 22, NULL, 1, 2, '2024-08-18 11:08:48', '2024-06-28 19:42:06', '2024-08-18 11:08:48'),
(3, '2222ww', 300, 1, 100, 90, 2, 10, '2024-08-18 14:23:25', '2024-07-07 14:25:46', '2024-08-18 14:23:25'),
(4, '22221', 10, 0, 100, 80, 2, 10, '2024-08-18 14:23:25', '2024-07-07 14:26:15', '2024-08-18 14:23:25'),
(5, '222212', 10, 1, 200, 160, 2, 10, '2024-08-18 14:23:25', '2024-07-07 14:26:35', '2024-08-18 14:23:25'),
(6, '2222123', 18, 1, 200, 150, 7, 9, '2024-08-18 14:23:25', '2024-07-07 14:27:07', '2024-08-18 16:08:05'),
(7, 'خالد', 4, 0, 100, 80, 7, 8, '2024-08-18 14:23:25', '2024-07-28 13:21:44', '2024-08-18 14:23:25'),
(8, NULL, 41, NULL, 122, 11, 5, 3, '2024-08-18 10:34:04', '2024-08-10 06:24:06', '2024-08-18 10:34:04'),
(9, NULL, 10, NULL, 100, 70, 7, 9, '2024-08-18 14:23:25', '2024-08-18 11:02:03', '2024-08-18 14:23:25'),
(10, NULL, 10, NULL, 26, NULL, 7, 12, NULL, '2024-08-18 14:25:07', '2024-08-18 14:25:07'),
(11, NULL, 10, NULL, 26, NULL, 7, 12, NULL, '2024-08-18 14:26:24', '2024-08-18 14:26:24'),
(12, NULL, 10, NULL, 26, NULL, 7, 12, NULL, '2024-08-18 14:27:12', '2024-08-18 14:27:12'),
(13, NULL, 10, NULL, 26, NULL, 7, 12, NULL, '2024-08-18 14:28:21', '2024-08-18 14:28:21'),
(14, NULL, 10, NULL, 26, NULL, 7, 12, NULL, '2024-08-18 14:29:17', '2024-08-18 14:29:17'),
(15, NULL, 10, NULL, 26, NULL, 7, 12, NULL, '2024-08-18 14:30:06', '2024-08-18 14:30:06'),
(16, NULL, 10, NULL, 26, NULL, 7, 12, NULL, '2024-08-18 14:30:50', '2024-08-18 14:30:50'),
(17, NULL, 10, NULL, 60, NULL, 3, 18, NULL, '2024-08-18 14:31:57', '2024-08-18 14:32:13'),
(18, NULL, 8, NULL, 33.99, NULL, 3, 18, NULL, '2024-08-18 14:33:46', '2024-08-18 16:01:00'),
(19, NULL, 10, NULL, 60, NULL, 3, 17, NULL, '2024-08-18 14:34:47', '2024-08-18 14:34:47'),
(20, NULL, 10, NULL, 34, NULL, 3, 17, NULL, '2024-08-18 14:48:28', '2024-08-18 14:48:28'),
(21, NULL, 6, NULL, 35, NULL, 7, 16, NULL, '2024-08-18 14:49:42', '2024-08-18 16:14:52'),
(22, NULL, 104, NULL, 22, 1, 5, 6, '2024-08-19 05:02:49', '2024-08-18 16:06:27', '2024-08-19 05:02:49'),
(23, NULL, 10, NULL, 29, NULL, 7, 34, NULL, '2024-08-19 07:43:32', '2024-08-19 07:43:32'),
(24, NULL, 10, NULL, 29, NULL, 7, 34, NULL, '2024-08-19 07:45:26', '2024-08-19 07:45:26'),
(25, NULL, 10, NULL, 17, NULL, 2, 27, NULL, '2024-08-19 07:47:45', '2024-08-19 07:47:45'),
(26, NULL, 10, NULL, 17, NULL, 2, 27, NULL, '2024-08-19 07:48:37', '2024-08-19 07:48:37'),
(27, NULL, 10, NULL, 17, NULL, 2, 27, NULL, '2024-08-19 07:49:38', '2024-08-19 07:49:38'),
(28, NULL, 10, NULL, 17, NULL, 2, 27, NULL, '2024-08-19 07:54:09', '2024-08-19 07:54:09'),
(29, NULL, 10, NULL, 17, NULL, 2, 27, NULL, '2024-08-19 07:55:04', '2024-08-19 07:55:04'),
(30, NULL, 10, NULL, 17, NULL, 2, 27, NULL, '2024-08-19 07:55:45', '2024-08-19 07:55:45'),
(31, NULL, 10, NULL, 17, NULL, 2, 27, NULL, '2024-08-19 07:57:37', '2024-08-19 07:57:37'),
(32, NULL, 10, NULL, 21, NULL, 7, 12, NULL, '2024-08-19 08:08:08', '2024-08-19 08:08:08'),
(33, NULL, 10, NULL, 21, NULL, 7, 12, NULL, '2024-08-19 08:19:23', '2024-08-19 08:19:23'),
(34, NULL, 10, NULL, 19, NULL, 7, 12, NULL, '2024-08-19 08:20:14', '2024-08-19 08:20:14'),
(35, NULL, 10, NULL, 30, NULL, 7, 12, NULL, '2024-08-19 09:36:44', '2024-08-19 09:36:44'),
(36, NULL, 10, NULL, 16, NULL, 2, 27, NULL, '2024-08-19 09:49:16', '2024-08-19 09:49:16'),
(37, NULL, 10, NULL, 14, NULL, 2, 27, NULL, '2024-08-19 09:50:14', '2024-08-19 09:50:14'),
(38, NULL, 10, NULL, 14, NULL, 2, 27, NULL, '2024-08-19 09:50:57', '2024-08-19 09:50:57'),
(39, NULL, 10, NULL, 14, NULL, 2, 27, NULL, '2024-08-19 09:53:18', '2024-08-19 09:53:18'),
(40, NULL, 10, NULL, 33.99, NULL, 2, 27, NULL, '2024-08-19 09:56:56', '2024-08-19 09:56:56'),
(41, NULL, 10, NULL, 65, NULL, 7, 15, NULL, '2024-08-19 09:58:57', '2024-08-19 09:58:57'),
(42, NULL, 10, NULL, 65, NULL, 7, 15, NULL, '2024-08-19 09:59:45', '2024-08-19 09:59:45'),
(43, NULL, 10, NULL, 150, NULL, 2, 31, NULL, '2024-08-19 10:05:50', '2024-08-19 10:05:50'),
(44, NULL, 10, NULL, 150, NULL, 2, 31, NULL, '2024-08-19 10:29:25', '2024-08-19 10:29:25'),
(45, NULL, 10, NULL, 160, NULL, 2, 31, NULL, '2024-08-19 10:37:41', '2024-08-19 10:37:41'),
(46, NULL, 10, NULL, 121, NULL, 2, 30, NULL, '2024-08-19 10:41:16', '2024-08-19 10:41:16'),
(47, NULL, 10, NULL, 138, NULL, 2, 30, NULL, '2024-08-19 10:50:49', '2024-08-19 10:50:49'),
(48, NULL, 10, NULL, 370, NULL, 2, 29, NULL, '2024-08-19 10:52:32', '2024-08-19 10:52:32'),
(49, NULL, 10, NULL, 500, NULL, 4, 24, NULL, '2024-08-19 10:54:00', '2024-08-19 10:54:00'),
(50, NULL, 10, NULL, 200, NULL, 4, 24, NULL, '2024-08-19 10:54:40', '2024-08-19 10:54:40'),
(51, NULL, 3, NULL, 286, NULL, 4, 24, NULL, '2024-08-19 10:55:48', '2024-08-19 11:41:43'),
(52, NULL, 9, NULL, 5, NULL, 4, 24, NULL, '2024-08-19 10:56:28', '2024-08-19 11:41:43'),
(53, NULL, 9, NULL, 22, NULL, 7, 16, NULL, '2024-08-19 10:58:26', '2024-08-19 11:41:43'),
(54, NULL, 9, NULL, 17, NULL, 7, 13, NULL, '2024-08-19 10:59:18', '2024-08-19 11:41:43'),
(55, NULL, 10, NULL, 17, NULL, 7, 13, NULL, '2024-08-19 11:01:06', '2024-08-19 11:01:06'),
(56, NULL, 10, NULL, 25, NULL, 7, 16, NULL, '2024-08-19 11:06:05', '2024-08-19 11:06:05'),
(57, NULL, 10, NULL, 25, NULL, 7, 16, NULL, '2024-08-19 11:08:59', '2024-08-19 11:08:59'),
(58, NULL, 10, NULL, 13, NULL, 7, 16, NULL, '2024-08-19 11:30:21', '2024-08-19 11:30:21'),
(59, NULL, 10, NULL, 8, NULL, 3, 36, NULL, '2024-08-19 11:32:45', '2024-08-19 11:32:45'),
(60, NULL, 10, NULL, 8, NULL, 3, 36, NULL, '2024-08-19 11:33:44', '2024-08-19 11:33:44'),
(61, NULL, 10, NULL, 10, NULL, 3, 36, NULL, '2024-08-19 11:38:40', '2024-08-19 11:38:40'),
(62, NULL, 10, NULL, 10, NULL, 3, 36, NULL, '2024-08-19 11:39:36', '2024-08-19 11:39:36'),
(63, NULL, 10, NULL, 25, NULL, 3, 36, NULL, '2024-08-19 11:40:55', '2024-08-19 11:40:55'),
(64, NULL, 10, NULL, 25, NULL, 3, 36, NULL, '2024-08-19 11:43:59', '2024-08-19 11:43:59'),
(65, NULL, 10, NULL, 75, NULL, 2, 32, NULL, '2024-08-19 11:44:55', '2024-08-19 11:44:55'),
(66, NULL, 10, NULL, 75, NULL, 2, 32, NULL, '2024-08-19 11:45:47', '2024-08-19 11:45:47'),
(67, NULL, 10, NULL, 75, NULL, 2, 32, NULL, '2024-08-19 11:47:02', '2024-08-19 11:47:02'),
(68, NULL, 10, NULL, 59, NULL, 2, 33, NULL, '2024-08-19 11:48:31', '2024-08-19 11:48:31'),
(69, NULL, 10, NULL, 59, NULL, 2, 33, NULL, '2024-08-19 11:49:20', '2024-08-19 11:49:20'),
(70, NULL, 10, NULL, 26, NULL, 7, 8, NULL, '2024-08-19 11:51:45', '2024-08-19 11:51:45'),
(71, NULL, 10, NULL, 43, NULL, 7, 8, NULL, '2024-08-19 11:52:59', '2024-08-19 11:52:59'),
(72, NULL, 10, NULL, 320, NULL, 4, 23, NULL, '2024-08-19 11:53:51', '2024-08-19 11:53:51'),
(73, NULL, 10, NULL, 260, NULL, 4, 23, NULL, '2024-08-19 12:04:05', '2024-08-19 12:04:05'),
(74, NULL, 10, NULL, 150, NULL, 4, 25, NULL, '2024-08-19 12:05:32', '2024-08-19 12:05:32'),
(75, NULL, 10, NULL, 43, NULL, 2, 26, NULL, '2024-08-19 12:06:51', '2024-08-19 12:06:51'),
(76, NULL, 10, NULL, 43, NULL, 2, 26, NULL, '2024-08-19 12:08:00', '2024-08-19 12:08:00'),
(77, NULL, 10, NULL, 15, NULL, 7, 11, NULL, '2024-08-19 12:09:31', '2024-08-19 12:09:31'),
(78, NULL, 10, NULL, 34, NULL, 2, 37, NULL, '2024-08-19 12:12:07', '2024-08-19 12:12:07'),
(79, NULL, 10, NULL, 34, NULL, 2, 37, NULL, '2024-08-19 12:12:53', '2024-08-19 12:12:53'),
(80, NULL, 10, NULL, 22, NULL, 3, 38, NULL, '2024-08-19 12:15:57', '2024-08-19 12:15:57'),
(81, NULL, 10, NULL, 22, NULL, 3, 38, NULL, '2024-08-19 12:16:50', '2024-08-19 12:16:50'),
(82, NULL, 10, NULL, 8, NULL, 3, 38, NULL, '2024-08-19 12:17:43', '2024-08-19 12:17:43'),
(83, NULL, 10, NULL, 8, NULL, 3, 38, NULL, '2024-08-19 12:18:31', '2024-08-19 12:18:31'),
(84, NULL, 10, NULL, 25, NULL, 3, 22, NULL, '2024-08-19 12:19:16', '2024-08-19 12:19:16'),
(85, NULL, 10, NULL, 25, NULL, 3, 22, NULL, '2024-08-19 12:20:21', '2024-08-19 12:20:21'),
(86, NULL, 10, NULL, 77.39222588, NULL, 2, 26, NULL, '2024-08-19 12:21:28', '2024-08-19 12:21:28'),
(87, NULL, 10, NULL, 77.39222588, NULL, 2, 26, NULL, '2024-08-19 12:22:10', '2024-08-19 12:22:10'),
(88, NULL, 10, NULL, 105, NULL, 2, 26, NULL, '2024-08-19 12:23:04', '2024-08-19 12:23:04'),
(89, NULL, 10, NULL, 130, NULL, 2, 26, NULL, '2024-08-19 12:23:49', '2024-08-19 12:23:49'),
(90, NULL, 10, NULL, 220, NULL, 2, 39, NULL, '2024-08-19 12:25:54', '2024-08-19 12:25:54'),
(91, NULL, 10, NULL, 220, NULL, 2, 39, NULL, '2024-08-19 12:26:55', '2024-08-19 12:26:55'),
(92, NULL, 9, NULL, 220, NULL, 2, 39, NULL, '2024-08-19 12:27:37', '2024-08-19 12:47:32'),
(93, NULL, 9, NULL, 77, NULL, 2, 26, NULL, '2024-08-19 12:28:39', '2024-08-19 12:47:32'),
(94, NULL, 9, NULL, 42, NULL, 7, 16, NULL, '2024-08-19 12:29:34', '2024-08-19 12:47:32'),
(95, NULL, 9, NULL, 42, NULL, 7, 16, NULL, '2024-08-19 12:30:28', '2024-08-19 12:47:32'),
(96, NULL, 9, NULL, 60, NULL, 7, 9, NULL, '2024-08-19 12:31:23', '2024-08-19 12:47:32'),
(97, NULL, 9, NULL, 77, NULL, 7, 9, NULL, '2024-08-19 12:32:59', '2024-08-19 12:47:32'),
(98, NULL, 10, NULL, 77, NULL, 7, 9, NULL, '2024-08-19 12:51:41', '2024-08-19 12:51:41'),
(99, NULL, 9, NULL, 69, NULL, 7, 9, NULL, '2024-08-19 13:07:26', '2024-08-20 18:59:47'),
(100, NULL, 8, NULL, 77, NULL, 7, 9, NULL, '2024-08-19 13:08:18', '2024-08-20 18:59:47'),
(101, NULL, 10, NULL, 34, NULL, 7, 40, NULL, '2024-08-19 13:13:39', '2024-08-19 13:13:39'),
(102, NULL, 10, NULL, 34, NULL, 7, 40, NULL, '2024-08-19 13:14:37', '2024-08-19 13:14:37'),
(103, NULL, 10, NULL, 34, NULL, 7, 40, NULL, '2024-08-19 13:16:00', '2024-08-19 13:16:00'),
(104, NULL, 10, NULL, 34, NULL, 7, 40, NULL, '2024-08-19 13:16:49', '2024-08-19 13:16:49'),
(105, NULL, 10, NULL, 43, NULL, 7, 41, NULL, '2024-08-19 13:17:35', '2024-08-19 13:17:35'),
(106, NULL, 10, NULL, 43, NULL, 7, 41, NULL, '2024-08-19 13:18:24', '2024-08-19 13:18:24'),
(107, NULL, 10, NULL, 43, NULL, 7, 41, NULL, '2024-08-19 13:19:06', '2024-08-19 13:19:06'),
(108, NULL, 10, NULL, 43, NULL, 7, 41, NULL, '2024-08-19 13:20:04', '2024-08-19 13:20:04'),
(109, NULL, 10, NULL, 43, NULL, 7, 41, NULL, '2024-08-19 13:20:46', '2024-08-19 13:20:46'),
(110, NULL, 10, NULL, 51, NULL, 7, 11, NULL, '2024-08-19 13:21:38', '2024-08-19 13:21:38'),
(111, NULL, 10, NULL, 51, NULL, 7, 11, NULL, '2024-08-19 13:22:28', '2024-08-19 13:22:28'),
(112, NULL, 10, NULL, 12, NULL, 2, 39, NULL, '2024-08-19 13:23:13', '2024-08-19 13:23:13'),
(113, NULL, 10, NULL, 12, NULL, 2, 39, NULL, '2024-08-19 13:24:00', '2024-08-19 13:24:00'),
(114, NULL, 10, NULL, 25, NULL, 7, 13, NULL, '2024-08-19 13:24:52', '2024-08-19 13:24:52'),
(115, NULL, 9, NULL, 25, NULL, 7, 13, NULL, '2024-08-19 13:25:37', '2024-08-20 17:51:36'),
(116, NULL, 10, NULL, 47, NULL, 3, 36, NULL, '2024-08-19 13:26:28', '2024-08-19 13:26:28'),
(117, NULL, 10, NULL, 600, NULL, 2, 30, NULL, '2024-08-19 13:27:30', '2024-08-19 13:27:30'),
(118, NULL, 9, NULL, 400, NULL, 2, 30, NULL, '2024-08-19 13:28:19', '2024-08-20 18:59:47'),
(119, NULL, 8, NULL, 330, NULL, 2, 30, NULL, '2024-08-19 13:29:12', '2024-08-20 18:59:47'),
(120, NULL, 8, NULL, 5000, NULL, 2, 30, NULL, '2024-08-19 13:30:04', '2024-08-20 19:11:29');

-- --------------------------------------------------------

--
-- Table structure for table `product_attributes`
--

CREATE TABLE `product_attributes` (
  `id` bigint(20) UNSIGNED NOT NULL,
  `count` int(11) DEFAULT NULL,
  `main_attribute_id` bigint(20) UNSIGNED DEFAULT NULL,
  `attribute_id` bigint(20) UNSIGNED DEFAULT NULL,
  `product_id` bigint(20) UNSIGNED DEFAULT NULL
) ENGINE=InnoDB DEFAULT CHARSET=utf8mb4 COLLATE=utf8mb4_unicode_ci;

--
-- Dumping data for table `product_attributes`
--

INSERT INTO `product_attributes` (`id`, `count`, `main_attribute_id`, `attribute_id`, `product_id`) VALUES
(42, NULL, NULL, 1, 2),
(43, 45548, 42, 4, 2),
(44, 1, NULL, 2, 2);

-- --------------------------------------------------------

--
-- Table structure for table `product_descriptions`
--

CREATE TABLE `product_descriptions` (
  `id` bigint(20) UNSIGNED NOT NULL,
  `title` varchar(500) DEFAULT NULL,
  `description` text DEFAULT NULL,
  `story` text DEFAULT NULL,
  `product_id` bigint(20) UNSIGNED DEFAULT NULL,
  `language_id` bigint(20) UNSIGNED DEFAULT NULL
) ENGINE=InnoDB DEFAULT CHARSET=utf8mb4 COLLATE=utf8mb4_unicode_ci;

--
-- Dumping data for table `product_descriptions`
--

INSERT INTO `product_descriptions` (`id`, `title`, `description`, `story`, `product_id`, `language_id`) VALUES
(53, 'خوذة صلبة بفتحات تهوية', '<p>خوذة صلبة بفتحات تهوية&nbsp;</p>', NULL, 2, 1),
(54, 'خوذة صلبة بفتحات تهوية', '<p>خوذة صلبة بفتحات تهوية&nbsp; خوذة صلبة بفتحات تهوية&nbsp;</p>', NULL, 2, 2),
(61, 'datra', '<p>daszfsasa</p>', NULL, 8, 1),
(62, 'fdsgfsdgfd', '<p>gdfgfdq</p>', NULL, 8, 2),
(63, 'كاب رجالي', '<p>كاب رجالي</p>', '<p>كاب رجالي</p>', 7, 1),
(64, 'Men\'s Cap', '<p>Men\'s Cap</p>', '<p>Men\'s Cap</p>', 7, 2),
(65, 'تيشرت اطفال', '<p>تيشرت اطفال</p>', '<p>تيشرت اطفال</p>', 9, 1),
(66, 'Children\'s T-shirt', '<div class=\"flex max-w-full flex-col flex-grow\">\r\n<div class=\"min-h-[20px] text-message flex w-full flex-col items-end gap-2 whitespace-pre-wrap break-words [.text-message+&amp;]:mt-5 overflow-x-auto\" dir=\"auto\" data-message-author-role=\"assistant\" data-message-id=\"ae26904c-6b08-4759-9049-d923e78089df\">\r\n<div class=\"flex w-full flex-col gap-1 empty:hidden first:pt-[3px]\">\r\n<div class=\"markdown prose w-full break-words dark:prose-invert light\">\r\n<p>Children\'s T-shirt</p>\r\n</div>\r\n</div>\r\n</div>\r\n</div>', '<p>Children\'s T-shirt</p>', 9, 2),
(67, 'تيشرت اطفال', '<p>تيشرت اطفال</p>', '<p>تيشرت اطفال</p>', 6, 1),
(68, 'Children\'s T-shirt', '<div class=\"mt-1 flex gap-3 empty:hidden -ml-2\">\r\n<div class=\"items-center justify-start rounded-xl p-1 flex\">\r\n<div class=\"flex items-center\">Children\'s T-shirt</div>\r\n</div>\r\n</div>', '<p>Children\'s T-shirt</p>', 6, 2),
(69, 'كرة الثلج', '<p>كرة الثلج</p>', '<p>كرة الثلج</p>', 5, 1),
(70, 'Snow Globe', '<p>Snow Globe</p>', '<p>Snow Globe</p>', 5, 2),
(71, 'كرة الثلج', '<p>كرة الثلج</p>', '<p>كرة الثلج</p>', 4, 1),
(72, 'Snow Globe', '<p>Snow Globe</p>', '<p>Snow Globe</p>', 4, 2),
(73, 'استيكر للمدينة المنورة', '<p>استيكر للمدينة المنورة</p>', '<p>استيكر للمدينة المنورة</p>', 3, 1),
(74, 'Sticker for Medina', '<p>Sticker for Medina</p>', '<p>Sticker for Medina</p>', 3, 2),
(101, 'يشسبسش', '<p>بيسبيس</p>', NULL, 22, 1),
(102, 'بسيلبيس', '<p>ثيبيسلديبس</p>', NULL, 22, 2),
(107, 'سلسة مفاتيح مدينة الدمام', '<p>\"تخيل قصة ابتكار وانعكاس ثقافي، تتجسد في ميدالية مفاتيح مصممة خصيصًا لمدينة الدمام النابضة بالحياة في المملكة العربية السعودية. تعد الدمام، برياضتها المحورية وتاريخها العريق، شاهدة على غنى الثقافة والحداثة في المملكة.</p>\r\n<p>تقع الدمام على ساحل الخليج العربي، حيث يتناغم كورنيشها مع المساحات الخضراء والرياح اللطيفة. تعد هذه المدينة محورًا اقتصاديًا وثقافيًا بامتياز، تعكس روح المملكة الديناميكية وتراثها الغني.</p>\r\n<p>كل جزء من ميدالية المفاتيح هذه يرمز إلى جزء من جوهر الدمام:<br />1. الدلفين: يرمز إلى مياه الخليج العربي الهادئة وشواطئ الدمام التي تزخر بالمساحات الخضراء والنسائم العليلة.<br />2. اللؤلؤ: يشير إلى التراث القديم للغوص على اللآلئ الذي كان يزخر به المنطقة.<br />3.مركز الملك عبدالعزيز للثقافة العالمية (إثراء): حيث تم تصنيفه ضمن أفضل 100 مكان للزيارة عام 2018 من قبل مجلة تايم، مما يبرز تعزيز الدمام للثقافة العالمية.<br />4. برج المياه في الخبر: بارتفاعه البالغ 90 مترًا، يقدم مناظر خلابة، ممثلًا لبراعة الدمام الهندسية وجمال مناظرها.</p>\r\n<p>صُممت هذه الميدالية من النيكل ومطلية بالذهب اللامع، مصنوعة من أجود المواد الخام. تم تصميمها بابتكار لتحفظ اللحظات التي تعيشها في الدمام. إنها أكثر من مجرد تذكار، بل تجسد روح المدينة، مدعوة تلك التي تستكشف عمقها الثقافي وحيويتها كلما أمسكت بها بيديك.<br />المواصفات : <br />اسم المنتج : ميدالية الدمام<br />رقم الموديل:002<br />المواد:نيكل \"</p>', NULL, 11, 1),
(108, 'dammam key chain', '<p>\"Imagine a tale of innovation and cultural resonance, embodied in a keychain medal crafted specifically for the vibrant city of Dammam, Saudi Arabia. Dammam, a city pulsating with energy and historical significance, stands as a testament to Saudi Arabia\'s rich tapestry of heritage and modernity.</p>\r\n<p>Dammam is strategically located on the Arabian Gulf coast, where the Corniche brims with lush green spaces and refreshing sea breezes. Its significance spans from being an economic hub to a cultural melting pot, reflecting the Kingdom\'s dynamic spirit.</p>\r\n<p>Each part of this keychain medal symbolizes a facet of Dammam\'s essence:<br />1. The Dolphin: Symbolizing the serene waters of the Arabian Gulf and the bustling Corniche adorned with green spaces and gentle breezes.<br />2. The Pearl: Revered since ancient times, representing the region\'s heritage craft of pearl diving.<br />3. King Abdulaziz Center for World Culture (Ithra): Recognized as one of Time magazine\'s top 100 places to visit in 2018, showcasing Dammam\'s commitment to global cultural enrichment.<br />4. The Water Tower in Khobar: Standing at 90 meters tall, it offers breathtaking views, epitomizing Dammam\'s architectural prowess and scenic vistas.</p>\r\n<p>Crafted from nickel and gleaming with gold plating, this keychain medal is made from the finest raw materials. It is designed innovatively to preserve the moments you cherish in Dammam. More than just a memento, it encapsulates the city\'s spirit, inviting you to revisit its cultural depth and vibrant energy whenever you hold it in your hand.<br />Product Name:Dammam Key chain<br />Model Number: 002<br />Material: Nickel\"</p>', NULL, 11, 2),
(109, 'سلسة مفاتيح مدينة جده', '<p>\"جدة: عروس البحر الأحمر ومدينة الأمواج والأصالة<br />جدة، المدينة الساحلية الجميلة، حيث تتلاقى الأمواج مع رمال الشواطئ البيضاء. تعكس جدة ببحرها وأمواجها وطيبة قلب أهلها بساطة الحياة وروح الضيافة. هي مدينة تحمل في طياتها تاريخاً عريقاً وحضارة لا تُنسى.</p>\r\n<p>قصة المنتج<br />هذه الميدالية التذكارية ليست مجرد قطعة معدنية، بل هي رمز يحمل بين طياته عبق التاريخ وروحانية المكان. كل جزء منها يروي قصة وينقل ذكرى:</p>\r\n<p>مباني البلد التاريخية:<br />المباني القديمة في حي البلد بجدة، والتي تعكس التراث المعماري الفريد. هي جزء من التراث العالمي المحمي من قبل اليونسكو، وتحمل بين جدرانها حكايات الماضي وحضارة الأجداد.</p>\r\n<p>نافورة جدة:<br />أطول نافورة في العالم، والتي تزين سماء جدة ليلاً بإضاءتها الساحرة. تمثل النافورة رمزاً للتطور والجمال الذي يميز المدينة.</p>\r\n<p>دوار العلم السعودي:<br />دوار يزينه علم المملكة الكبير، والذي يرفرف عالياً في سماء جدة. يعبر عن الوطنية والفخر بالهوية السعودية.</p>\r\n<p>الغوص في البحر الأحمر:<br />جدة تضم أجمل شواطئ البحر الأحمر، حيث يمكن لمحبي الغوص الاستمتاع بمشاهدة الشعاب المرجانية والكائنات البحرية الفريدة.</p>\r\n<p><br />تم تصنيع هذه الميدالية بعناية فائقة من أجود المواد الخام، وتم طلاؤها بدقة لتبقى كذكرى تحمل روح المكان. هي رمز دائم يعبر عن جمال وأصالة مدينة جدة، ويحتفظ بذكرياتها العزيزة في قلوب محبيها<br />المواصفات : <br />اسم المنتج : ميدالية جدة<br />رقم الموديل:003<br />المواد:نيكل\"</p>', NULL, 12, 1),
(110, 'Jeddah key chain', '<p>\"Jeddah: The Bride of the Red Sea and City of Waves and Authenticity<br />Jeddah, the beautiful coastal city where waves meet the white sandy beaches. With its sea, waves, and the kind-heartedness of its people, Jeddah reflects the simplicity of life and the spirit of hospitality. It is a city with a rich history and unforgettable heritage.</p>\r\n<p>The Product Story<br />This commemorative medal is not just a piece of metal; it is a symbol imbued with the fragrance of history and the spirit of the place. Each part tells a story and conveys a memory:</p>\r\n<p>Historic Al-Balad Buildings:<br />The old buildings in Jeddah\'s Al-Balad district, showcasing unique architectural heritage. These buildings are part of the UNESCO World Heritage, holding stories of the past and the civilization of ancestors.</p>\r\n<p>Jeddah Fountain:<br />The tallest fountain in the world, gracing Jeddah\'s skyline at night with its enchanting lights. The fountain symbolizes the development and beauty of the city.</p>\r\n<p>Saudi Flag Roundabout:<br />A roundabout adorned with the large Saudi flag, proudly waving in Jeddah\'s sky. It represents patriotism and pride in the Saudi identity.</p>\r\n<p>Diving in the Red Sea:<br />Jeddah boasts the most beautiful beaches of the Red Sea, where diving enthusiasts can enjoy the vibrant coral reefs and unique marine life.</p>\r\n<p>This medal is crafted with meticulous attention to detail and high-quality materials to ensure it remains a lasting keepsake. It is a symbol that carries the spirit of the place, serving as a constant reminder of the beauty and authenticity of Jeddah, preserving its cherished memories in the hearts of its admirers<br />Product Name:Jeddah Key chain<br />Model Number: 003<br />Material: Nickel\"</p>', NULL, 12, 2),
(111, 'سلسة مفاتيح مدينة المدينة', '<p>\"المدينة المنورة: جنة الأرض ومهبط الوحي<br />المدينة المنورة، تلك البقعة الطاهرة التي احتضنت رسول الله صلى الله عليه وسلم، وأصبحت ملاذاً للمسلمين ومهداً للحضارة الإسلامية. هي المدينة التي تنبض بالإيمان، حيث يقصدها المسلمون من كل حدب وصوب للصلاة في المسجد النبوي وزيارة قبر النبي الكريم.</p>\r\n<p>قصة المنتج<br />هذه الميدالية التذكارية ليست مجرد قطعة معدنية، بل هي رمز يحمل بين طياته عبق التاريخ وروحانية المكان. كل جزء منها يروي قصة وينقل ذكرى:</p>\r\n<p>القبة الخضراء للمسجد النبوي:<br />تلك القبة الشهيرة التي تعلو قبر النبي محمد صلى الله عليه وسلم، والتي أصبحت رمزاً لرحمة الله ومغفرته. تعكس القبة الخضراء الروحانية والقدسية التي تميز المسجد النبوي.</p>\r\n<p>قطار الحرمين السريع:<br />الرابط بين مكة وجدة والمدينة، والذي يعكس التطور الحديث في خدمة الحجاج والزوار. يمثل القطار رمزاً للتقدم والتيسير في التنقل بين أقدس المدن الإسلامية.</p>\r\n<p>ساعة ساحة المسجد النبوي والحمام الذي يحيطه:<br />الساعة الكبيرة التي تزين ساحة المسجد النبوي، والتي تضفي جواً من الدقة والتنظيم. وحمامات الحرم التي تحلق حول المسجد، رمزاً للأمان والطمأنينة.</p>\r\n<p>تم تصنيع هذه الميدالية من أجود المواد الخام، وتم طلاؤها بعناية فائقة لتبقى كذكرى تحمل روح المكان، وتظل تذكيراً دائماً بجمال وأهمية المدينة المنورة في قلوب المسلمين<br />المواصفات : <br />اسم المنتج : ميدالية المدينة<br />رقم الموديل:004<br />المواد:نيكل \"</p>', NULL, 13, 1),
(112, 'Madinah kay chain', '<p>\"Medina: The Paradise on Earth and the Cradle of Revelation<br />Medina, the sacred land that embraced the Prophet Muhammad, and became a sanctuary for Muslims and the cradle of Islamic civilization. It is a city pulsating with faith, where Muslims from all corners of the world come to pray in the Prophet\'s Mosque and visit the tomb of the noble Prophet.</p>\r\n<p>The Product Story<br />This commemorative medal is not just a piece of metal; it is a symbol imbued with the fragrance of history and the spirituality of the place. Each part tells a story and conveys a memory:</p>\r\n<p>The Green Dome of the Prophet\'s Mosque:<br />The iconic dome that crowns the tomb of Prophet Muhammad, symbolizing Allah\'s mercy and forgiveness. The Green Dome reflects the spirituality and sanctity that distinguish the Prophet\'s Mosque.</p>\r\n<p>The Haramain High-Speed Railway:<br />Connecting Mecca, Jeddah, and Medina, it represents modern development in serving pilgrims and visitors. The railway is a symbol of progress and ease of travel between the holiest cities in Islam.</p>\r\n<p>The Clock in the Prophet\'s Mosque Square and the Surrounding Doves:<br />The large clock adorning the Prophet\'s Mosque square, adding a touch of precision and organization. The doves that circle the mosque symbolize peace and serenity.</p>\r\n<p>This medal is crafted from the finest raw materials and meticulously plated to remain a lasting keepsake, carrying the spirit of the place and serving as a constant reminder of the beauty and significance of Medina in the hearts of Muslims</p>\r\n<p>Product Name:Madina Key chain<br />Model Number: 004<br />Material: Nickel\"</p>', NULL, 13, 2),
(113, 'سلسلة مفاتيح مدينة مكه المكرمة', '<p>\"مكة المكرمة: قلب الإسلام ونبض المسلمين<br />مكة المكرمة، مدينة النور والقداسة، حيث تتجلى الروحانية في أسمى صورها. إنها القبلة التي تهفو إليها قلوب المسلمين في جميع أنحاء العالم، ومهد الرسالة المحمدية. في كل زاوية من زواياها، تتعانق السماء والأرض في مشهد مهيب، حيث يتجلى تاريخ الإسلام العريق وأحداثه الجليلة.</p>\r\n<p>قصة المنتج<br />هذه الميدالية التذكارية ليست مجرد قطعة معدنية، بل هي رمز يحمل بين طياته عبق التاريخ وروحانية المكان. كل جزء منها يروي قصة وينقل ذكرى:</p>\r\n<p>1. أبراج الملك عبدالعزيز:<br />تضم أطول ساعة في العالم، والتي أصبحت معلماً بارزاً في سماء مكة. تمثل هذه الأبراج رمزاً للتطور والحداثة في قلب المدينة المقدسة، وتعكس جهود المملكة في تطوير الحرمين الشريفين.</p>\r\n<p>2. ماء زمزم:<br />ذلك النبع المبارك الذي تدفقت منه المياه بفضل صبر وإيمان السيدة هاجر، زوجة النبي إبراهيم عليه السلام. زمزم ليست مجرد ماء، بل هي رمز للعطاء والبركة الإلهية.</p>\r\n<p>3. حمام الحمى:<br />الطيور التي تحوم حول الحرم المكي، وقد تغنت بها أم كلثوم والشعراء. هذه الطيور تمثل السلام والأمان في هذا المكان المقدس.</p>\r\n<p>4. باص مكة:<br />يسهل التنقل بين مناطق المدينة ورؤية أجمل معالمها. يعكس هذا الباص التطور الحضري والاهتمام بتيسير حركة الحجاج والزوار.</p>\r\n<p>تم تصنيع هذه الميدالية من أجود المواد الخام، وتم طلاؤها بعناية فائقة لتبقى كذكرى تحمل روح المكان، وتظل تذكيراً دائماً بجمال وأهمية مكة المكرمة في قلوب المسلمين.<br />المواصفات : <br />اسم المنتج : ميدالية مكة المكرمة<br />رقم الموديل:005<br />المواد:نيكل \"</p>', NULL, 14, 1),
(114, 'Mecca kay chain', '<p>\"Makkah, the city of light and holiness, where spirituality manifests in its highest form. It is the Qibla that the hearts of Muslims around the world yearn for, and the cradle of the prophetic message. In every corner, the sky and the earth embrace in a majestic scene, reflecting the profound history of Islam and its grand events.</p>\r\n<p>Product Story</p>\r\n<p>This commemorative medal is not just a piece of metal; it is a symbol that carries the essence of history and the spirituality of the place. Every part of it tells a story and conveys a memory:</p>\r\n<p>King Abdulaziz Towers:<br />Featuring the world\'s tallest clock, which has become a prominent landmark in the sky of Makkah. These towers symbolize development and modernity in the heart of the holy city, reflecting the Kingdom\'s efforts in developing the Two Holy Mosques.</p>\r\n<p>Zamzam Water:<br />The blessed spring that flowed thanks to the patience and faith of Lady Hagar, the wife of Prophet Abraham, peace be upon him. Zamzam is not just water; it is a symbol of divine generosity and blessings.</p>\r\n<p>Al-Haram Pigeons:<br />The birds that hover around the Sacred Mosque, immortalized in songs by Umm Kulthum and poets. These birds represent peace and safety in this holy place.</p>\r\n<p>Makkah Bus:<br />Facilitates movement between the city&rsquo;s areas and offers views of its beautiful landmarks. This bus reflects urban development and the attention to easing the movement of pilgrims and visitors.</p>\r\n<p>This medal is made from the finest raw materials and meticulously plated to remain as a keepsake that carries the spirit of the place, constantly reminding of the beauty and significance of Makkah in the hearts of Muslims.</p>\r\n<p>Specifications:</p>\r\n<p>Product Name: Makkah Key Chain<br />Model Number: 005<br />Material: Nickel\"</p>', NULL, 14, 2),
(115, 'سلسة مفاتيح مدينة الرياض', '<p>\"الرياض: عاصمة المجد والتطور<br />الرياض، عاصمة المملكة العربية السعودية، حيث تتجلى حضارة العصور وتتلاقى الحداثة مع الأصالة. هي القلب النابض للمملكة، حيث تقام أجمل المواسم الترفيهية وتزدهر الحياة الثقافية والاجتماعية. الرياض ليست مجرد مدينة، بل هي رمز للنهضة والتقدم.</p>\r\n<p>قصة المنتج<br />هذه الميدالية التذكارية ليست مجرد قطعة معدنية، بل هي رمز يحمل بين طياته عبق التاريخ وروحانية المكان. كل جزء منها يروي قصة وينقل ذكرى:</p>\r\n<p>قصر المصمك:<br />قلعة تاريخية شهدت بداية توحيد المملكة على يد الملك عبدالعزيز. يمثل القصر رمزاً للشجاعة والوحدة الوطنية.</p>\r\n<p>برج المملكة:<br />أيقونة معمارية حديثة تعكس التطور والتقدم في العاصمة الرياض. برج المملكة هو رمز للطموح والمستقبل الزاهر.</p>\r\n<p>النخلة:<br />رمز المملكة وأشهر منتجاتها، حيث تعبر النخلة عن العطاء والكرم. التمور السعودية مشهورة بجودتها وذوقها الرفيع، وهي جزء من التراث الغذائي.</p>\r\n<p>الجمل:<br />الوسيلة التقليدية للتنقل في الصحراء والموروث الأصيل. يعبر الجمل عن القوة والصبر في مواجهة تحديات الطبيعة.</p>\r\n<p>تم تصنيع هذه الميدالية من أجود المواد الخام، وتم طلاؤها بعناية فائقة لتبقى كذكرى تحمل روح المكان، وتظل تذكيراً دائماً بجمال وأهمية الرياض في قلوب السعوديين.\"</p>', NULL, 15, 1),
(116, 'Riyadh kay chain', '<p>\"Overview of a Commemorative Medal for the City of Riyadh<br />Riyadh: The Capital of Glory and Development<br />Riyadh, the capital of the Kingdom of Saudi Arabia, where ancient civilization meets modernity. It is the beating heart of the kingdom, hosting the most magnificent entertainment seasons and flourishing with cultural and social life. Riyadh is not just a city; it is a symbol of renaissance and progress.</p>\r\n<p>The Product Story<br />This commemorative medal is not just a piece of metal; it is a symbol imbued with the fragrance of history and the spirit of the place. Each part tells a story and conveys a memory:</p>\r\n<p>Al-Masmak Fortress:<br />A historical castle that witnessed the beginning of the unification of the kingdom by King Abdulaziz. The fortress symbolizes courage and national unity.</p>\r\n<p>Kingdom Tower:<br />A modern architectural icon reflecting development and progress in the capital, Riyadh. The Kingdom Tower is a symbol of ambition and a bright future.</p>\r\n<p>The Palm Tree:<br />The symbol of the kingdom and its most famous product. The palm tree represents generosity and abundance, with Saudi dates being renowned for their quality and exquisite taste.</p>\r\n<p>The Camel:<br />The traditional means of desert transport and a symbol of cultural heritage. The camel embodies strength and endurance in facing the challenges of nature.</p>\r\n<p>This medal is crafted from the finest raw materials and meticulously plated to remain a lasting keepsake, carrying the spirit of the place and serving as a constant reminder of the beauty and significance of Riyadh in the hearts of Saudis<br />Specifications:</p>\r\n<p>Product Name:Riyadh Key chain<br />Model Number: 006<br />Material: Nickel\"</p>', NULL, 15, 2),
(117, 'سلسة مفاتيح المملكة العربية السعودية', '<p>\"المملكة العربية السعودية: قلب الحضارة ومنبع الاقتصاد والتقدم<br />المملكة العربية السعودية، أرض النور والإلهام، موطن الحضارات والتاريخ العريق. هي القلب النابض للعالم الإسلامي والمركز الاقتصادي الذي ينمو بسرعة فائقة. في سمائها تترنم أبيات الشعر وتغنى بها الشعراء، فهي ليست مجرد وطن بل روح الأمة.</p>\r\n<p>\"\"هذي البلاد بلاد المجد والكرم<br />أرض الحضارة والعلم والقيم\"\"</p>\r\n<p>\"\"في ظلها نحيا بأمنٍ ورخاء<br />ونبني بها أمجادنا على مدى السنين\"\"</p>\r\n<p>قصة المنتج<br />هذه الميدالية التذكارية ليست مجرد قطعة معدنية، بل هي رمز يحمل بين طياته عبق التاريخ وروحانية المكان. كل جزء منها يروي قصة وينقل ذكرى:</p>\r\n<p>القهوة العربية:<br />رمز الكرم والجود في الثقافة العربية. تُقدم القهوة العربية في المناسبات الاجتماعية كدليل على الضيافة والاحترام.</p>\r\n<p>النخلة:<br />رمز الدولة ومصدر الفخر، حيث تضم المملكة أكثر من 30 مليون نخلة. تعد التمور السعودية من أجود أنواع التمور في العالم وتعتبر جزءاً مهماً من الاقتصاد الزراعي.</p>\r\n<p>الجمل:<br />رمز التراث الثقافي للمملكة ووسيلة التنقل التقليدية في الصحراء. تغنى به الشعراء وأصبح جزءاً لا يتجزأ من الهوية الثقافية.</p>\r\n<p><br />تم تصنيع هذه الميدالية بعناية فائقة وجودة عالية لتبقى كذكرى تحمل روح المكان تحتفظ بها دائما معك. \"</p>', NULL, 16, 1),
(118, 'saudi kay chain', '<p>\"The Kingdom of Saudi Arabia: The Heart of Civilization and the Source of Economy and Progress<br />The Kingdom of Saudi Arabia, the land of light and inspiration, home to ancient civilizations and rich history. It is the beating heart of the Islamic world and a rapidly growing economic hub. Its skies resonate with poetic verses, sung by poets, as it is not just a homeland but the soul of the nation.</p>\r\n<p>\"\"This land of glory and generosity<br />A land of civilization, knowledge, and values\"\"</p>\r\n<p>\"\"In its shadow, we live in safety and prosperity<br />Building our glories over the years\"\"</p>\r\n<p>The Product Story<br />This commemorative medal is not just a piece of metal; it is a symbol imbued with the fragrance of history and the spirit of the place. Each part tells a story and conveys a memory:</p>\r\n<p>Arabic Coffee:<br />A symbol of generosity and hospitality in Arab culture. Arabic coffee is served at social gatherings as a sign of respect and welcome.</p>\r\n<p>The Palm Tree:<br />The symbol of the state and a source of pride, with the kingdom housing over 30 million palm trees. Saudi dates are among the finest in the world and play a significant role in the agricultural economy.</p>\r\n<p>The Camel:<br />A symbol of the kingdom\'s cultural heritage and the traditional means of desert transport. Celebrated by poets, the camel is an integral part of the cultural identity.</p>\r\n<p>This medal is crafted with meticulous attention to detail and high-quality materials to ensure it remains a lasting keepsake. It is a Saudi moment and a symbol that carries the spirit of the place.\"</p>', NULL, 16, 2),
(119, 'سلسة مفاتيح مدينة العلا', '<p>\"تخيل لحظةً من السحر والتراث، حيث تتجسد روح مدينة العلا العريقة في شكل ميدالية مفاتيح مبتكرة. تتميز مدينة العلا، هذه الجوهرة التاريخية في السعودية، بتراثها الغني وجمالها الطبيعي الفريد الذي يجعلها موطناً للأحلام والذكريات الجميلة.<br />تاريخياً، تعد مدينة العلا من أقدم المدن في شبه الجزيرة العربية، وتشتهر بموقعها الاستراتيجي وثرائها الثقافي العميق. تم اختيارها ضمن قائمة التراث العالمي لليونسكو، ما يبرز أهمية مدينتها كمحور للتاريخ والتراث الإنساني.<br />قصة المنتج :<br />كل جزء من ميدالية المفاتيح هذه يرمز إلى جزء من جمال وتاريخ العلا:<br />1.رحلة المنطاد: تجربة فريدة تأخذك بعيداً عن الأرض لتستكشف مناظر العلا الخلابة من الجو.<br />2. صخرة الفيل: رمز من رموز المدينة، تجسد قوة الطبيعة وجمال الجيولوجيا المحلية.<br />3. القصر الفريد: يعكس الأناقة والفخامة التي تميز التراث المعماري للمنطقة.<br />4. النمر العربي: يرمز إلى غنى الحياة البرية في محمية شرعان، ويعكس التوازن بين الطبيعة والحضارة.</p>\r\n<p>مصنوعة من النيكل وأجود المواد الخام، تم تصميم هذه الميدالية لتحفظ لك اللحظات الثمينة التي قضيتها في العلا. إنها ليست مجرد ميدالية، بل هي تذكير حي يأخذك في رحلة لا تُنسى إلى قلب التاريخ وجمال الطبيعة، تجسد الروح العميقة لهذه الوجهة الاستثنائية في العالم.<br />المواصفات : <br />اسم المنتج : ميدالية العلا<br />رقم الموديل:001<br />المواد:نيكل \"</p>', NULL, 10, 1),
(120, 'Alula key chain', '<p>\"Imagine a moment of enchantment and heritage, where the spirit of Al-Ula, a city steeped in history, is embodied in an innovative keychain medal. Al-Ula, this historic gem in Saudi Arabia, is renowned for its rich heritage and unique natural beauty, making it a sanctuary of dreams and beautiful memories.</p>\r\n<p>Historically, Al-Ula is one of the oldest cities in the Arabian Peninsula, celebrated for its strategic location and deep cultural richness. Its selection as a UNESCO World Heritage site underscores its importance as a hub of history and human heritage.</p>\r\n<p>Each part of this keychain medal symbolizes a facet of Al-Ula\'s beauty and history:<br />1. Hot Air Balloon Journey: A unique experience taking you high above to explore the breathtaking landscapes of Al-Ula from the sky.<br />2. Elephant Rock: A symbol of the city, embodying the power of nature and the beauty of local geology.<br />3. The Unique Palace: Reflecting the elegance and luxury that define the architectural heritage of the region.<br />4. Arabian Leopard: Symbolizing the rich wildlife in Sharaan Nature Reserve, and representing the balance between nature and civilization.</p>\r\n<p>Made from nickel and the finest raw materials, this keychain medal is designed to preserve the precious moments you spent in Al-Ula. It\'s more than just a medal; it\'s a living reminder that takes you on an unforgettable journey to the heart of history and the beauty of nature, encapsulating the deep spirit of this exceptional destination in the world.<br />Product Name:Aula Key chain<br />Model Number: 001<br />Material: Nickel\"</p>', NULL, 10, 2),
(121, 'دمية محشوة الجمل حوار', '<p>\"في قلب الصحراء العربية الشاسعة، حيث تتعانق رمالها الذهبية مع السماء الزرقاء، وُلد \"\"حوار\"\"، الجمل الصغير. في هذا العالم الذي يمتزج فيه التاريخ العريق مع الثقافة الغنية، يتجسد \"\"حوار\"\" كرمز للأصالة والتراث السعودي.</p>\r\n<p>تصميم المنتج<br />تم تصميم \"\"حوار\"\" بعناية ليعكس تفاصيل الجمل العربي الأصيل، بجلده الناعم ولمسته التراثية. مصنوع من أجود أنواع الدمى المحشوة لضمان راحة الأطفال وسلامتهم. يرتدي \"\"حوار\"\" شماغًا سعوديًا أصيلًا، مما يضفي عليه لمسة من الهوية الوطنية.</p>\r\n<p>معنى \"\"حوار\"\"<br />اختيار اسم \"\"حوار\"\" لم يكن محض صدفة. فالحوار هو الجمل الصغير الذي يمثل بداية جديدة وأملًا متجددًا. كما أن الاسم يحمل في طياته معاني الحوار والتفاهم، وهي قيم يعززها المجتمع السعودي في تعامله مع الآخرين.</p>\r\n<p>\"\"حوار\"\" كدمية للأطفال<br />عند اقتناء \"\"حوار\"\"، لا تحصل فقط على تذكار جميل، بل تمنح أطفالك دمية محبوبة تملأها الحنان والسلام. \"\"حوار\"\" هو الرفيق المثالي للأطفال، حيث يمكنهم احتضانه والنوم بجانبه، ليكون جزءًا من أحلامهم وأوقات لعبهم. بالإضافة إلى ذلك، يأتي \"\"حوار\"\" مع مجموعة شيقة من الملحقات التي تجعل اللعب به أكثر إثارة ومتعة.</p>\r\n<p>المجموعة الشيقة<br />تتضمن مجموعة \"\"حوار\"\" ملحقات متنوعة تجعل التجربة أكثر تفاعلية وتعليمية للأطفال:<br />&bull; الدمية حوار :الرفيق المثالي للأطفال، حيث يمكنهم احتضانه والنوم بجانبه، ليكون جزءًا من أحلامهم وأوقات لعبهم.<br />&bull; شنطة فنية: تحتوي على جميع أنواع الألوان الخشبية والسائلة والشمعية، مما يتيح للأطفال التعبير عن إبداعهم.<br />&bull; دفتر مذكرات: دفتر مميز لتسجيل مغامرات الأطفال وأفكارهم مع \"\"حوار\"\".<br />&bull; قلم: قلم خاص بتصميم \"\"حوار\"\" ليكون رفيقًا للأطفال في كتاباتهم ورسمهم.<br />&bull; لعبة بزل القطن: لعبة ممتعة تساعد الأطفال على تنمية مهاراتهم الحركية والتفكير المنطقي.<br />&bull; ميدالية حوار: ميدالية صغيرة يمكن تعليقها على الشنط أو حملها مع المفاتيح، لتكون \"\"حوار\"\" دائمًا مع الأطفال أينما ذهبوا.<br />&bull; مجموعة ملصقات \"\"حوار\"\" الشيقة، تُظهر \"\"حوار\"\" في أزياء سعودية تقليدية متنوعة.<br />&bull; كوب الأطفال : غير قابل للكسر وبرسومات سيليكون لا تتلاشى</p>\r\n<p><br />\"\"حوار\"\" هو رمز للأمل والسكينة، وتذكير دائم بأهمية السلام الداخلي والتواصل الروحي. إنه دعوة لكل من يراه ليعيش لحظات من التأمل والصفاء، ولتكون جزءًا من حكاية الصحراء والنخيل، حكاية شعب يعرف معنى الكرامة والعزة. كما أنه يهدف إلى غرس القيم النبيلة وحب التراث في نفوس الأطفال.</p>\r\n<p>&nbsp;</p>\r\n<p>\"\"حوار\"\" ليس مجرد دمية، بل هو رسالة حب وسلام من قلب الصحراء. هو رمز لكل من عاش تجربة السعودية، ولكل من يتوق إلى اكتشاف جمالها وتراثها العريق. بامتلاك \"\"حوار\"\" ومجموعته الشيقة، تكون قد حملت معك جزءًا من روح السعودية وتراثها العريق، وشاركتها مع أطفالك لتكون جزءًا من ذكرياتهم السعيدة وأوقات لعبهم الممتعة.</p>\r\n<p>المواصفات :<br />اسم المنتج:دمية الجمل محشوة مع وشاح الشماغ<br />رقم المنتج :00172<br />الطول:26 سم <br />الحشوة : بوليستر فايير<br />التخصيص : مناسب للاطفال اكبر من ثلاث سنوات<br />العلامة التجارية : الطريقة السعودية<br />\"</p>', NULL, 17, 1),
(122, 'stuffed doll Camel Hawar', '<p>\"In the heart of the vast Arabian desert, where golden sands embrace the blue sky, \"\"Hwar,\"\" the little camel, was born. In this world where rich history blends with vibrant culture, \"\"Hiwar\"\" stands as a symbol of Saudi authenticity and heritage.**</p>\r\n<p>Product Design<br />\"\"Hwar\"\" is meticulously designed to reflect the details of the authentic Arabian camel, with its soft skin and traditional touch. It is made from the finest stuffed toy materials to ensure children\'s comfort and safety. \"\"Hwar\"\" is adorned with a genuine Saudi shemagh, adding a touch of national identity.</p>\r\n<p>The Meaning of \"\"Hwar\"\"<br />Choosing the name \"\"Hwar\"\" was no coincidence. \"\"Hwar\"\" means a young camel, symbolizing a new beginning and renewed hope. Additionally, the name conveys the values of dialogue and understanding, which are integral to the Saudi society\'s interactions with others.</p>\r\n<p>\"\"Hwar\"\" as a Toy for Children<br />When you acquire \"\"Hiwar,\"\" you not only get a beautiful keepsake but also provide your children with a beloved toy filled with warmth and peace. \"\"Hwar\"\" is the perfect companion for children, who can cuddle it and sleep beside it, making it part of their dreams and playtime. Moreover, \"\"Hiwar\"\" comes with an exciting set of accessories that make playing with it more engaging and enjoyable.</p>\r\n<p>Exciting Collection<br />The \"\"Hwar\"\" collection includes various accessories that make the experience more interactive and educational for children:<br />- Hwar Plush Toy: The perfect companion for children to cuddle with and sleep beside, becoming part of their dreams and playtime.<br />- Art Bag: Contains all types of wooden, liquid, and wax crayons, allowing children to express their creativity.<br />- Diary: A special notebook for children to record their adventures and thoughts with Hwar.<br />- Hwar Pen: A pen featuring the Hwar design to accompany children in their writing and drawing.<br />- Cotton Puzzle Toy: A fun toy that helps children develop motor skills and logical thinking.<br />- Hwar Keychain: A small keychain that can be attached to bags or carried with keys, ensuring Hwar is always with the children wherever they go.<br />- Sticker Set: Featuring Hwar in various traditional Saudi outfits.<br />- Coloring Book: A book with images of Saudi spirit, allowing children to color and explore the beauty of Saudi heritage.</p>\r\n<p><br />\"\"Hwar\"\" is a symbol of hope and tranquility, a constant reminder of the importance of inner peace and spiritual connection. It invites everyone who sees it to live moments of reflection and serenity, to be part of the story of the desert and palm trees, a story of a people who understand the meaning of dignity and pride. It aims to instill noble values and love for heritage in the hearts of children.</p>\r\n<p>\"\"Hwar\"\" is not just a toy; it is a message of love and peace from the heart of the desert. It is a symbol for everyone who has experienced Saudi Arabia, and for those who long to discover its beauty and rich heritage. By owning \"\"Hiwar\"\" and its exciting set, you carry with you a part of the spirit and heritage of Saudi Arabia, sharing it with your children to be part of their happy memories and enjoyable playtimes.</p>\r\n<p>Specifications:<br />- Product Name:Stuffed Camel Toy with Shemagh Scarf<br />- product Number:** 00172<br />- Length:** 26 cm<br />- Filling:** Polyester Fiber<br />- Customization:** Suitable for children over three years old<br />- Brand:** The Saudi Way<br />\"</p>', NULL, 17, 2),
(125, 'محموعة العناية بالأظافر', '<p>\"مجموعة العناية بالأظافر من الجلد الفاخر</p>\r\n<p>تقدم مجموعة العناية بالأظافر من الجلد الفاخر تجربة فاخرة وعملية لعناية مثالية بأظافرك. تأتي هذه المجموعة بثلاثة ألوان أنيقة: البني، الرمادي، والأسود، وهي مصممة لتلبية احتياجاتك بجودة عالية وتفاصيل دقيقة.</p>\r\n<p>تتضمن المجموعة سبع قطع متكاملة، مصنوعة من مواد عالية الجودة لضمان الأداء الأمثل والمتانة. سواء كنت في المنزل أو في رحلة، توفر لك هذه المجموعة كل ما تحتاجه للعناية بأظافرك بأناقة واحترافية. بفضل تصميمها الأنيق والعملي، تعد اختيارك المثالي للسفر.\"</p>', NULL, 21, 1),
(126, 'care set', '<p>\"Luxury Leather Nail Care Set</p>\r\n<p>The luxury leather nail care set offers a premium and practical solution for perfect nail care. Available in three elegant colors&mdash;brown, gray, and black&mdash;this set is crafted with high-quality materials and meticulous attention to detail.</p>\r\n<p>The set includes seven essential pieces, designed for optimal performance and durability. Whether at home or traveling, this set provides everything you need for stylish and professional nail care. Its sleek and practical design makes it the ideal choice for your travels.\"</p>', NULL, 21, 2),
(127, 'تعليقة دمية محشوة الحمامة مكية', '<p>\"تعليقة \"\"مكية\"\" المرحة - رفيق الأناقة والبراءة</p>\r\n<p>تعتبر تعليقة الدمية \"\"مكية\"\" إضافة مثالية لأي شنطة أو مجموعة مفاتيح، حيث تجمع بين النعومة والأناقة في تصميم فريد برسم قلب وكلمة مكة .</p>\r\n<p>معنى \"\"مكية\"\"<br />اختيار اسم \"\"مكية\"\" يحمل في طياته دلالات عميقة. فهي رمز حمام السلام مكة المكرمة، مهد الإسلام، وأقدس بقاع الأرض. كما أن الاسم يعكس تغني الشعراء والمغنيين بحمامة الحرم، حيث غنت لها أم كلثوم بأجمل الألحان، مما يضفي على \"\"مكية\"\" لمسة من الأصالة والفن.</p>\r\n<p>\"\"مكية\"\" كدمية للأطفال<br />عند اقتناء \"\"مكية\"\"، لا تحصل فقط على تذكار جميل، بل تمنح أطفالك دمية تملأها الحنان والسلام. \"\"مكية\"\" هي الرفيقة المثالية للأطفال، حيث يمكنهم احتضانها والنوم بجانبها، لتكون جزءًا من أحلامهم وأوقات لعبهم. بالإضافة إلى ذلك، تأتي \"\"مكية\"\" مع مجموعة شيقة من الملحقات التي تجعل اللعب بها أكثر إثارة ومتعة.</p>\r\n<p>المجموعة الشيقة</p>\r\n<p>تتضمن مجموعة \"\"مكية\"\" ملحقات متنوعة تجعل التجربة أكثر تفاعلية وتعليمية للأطفال:<br />&bull; شنطة فنية: تحتوي على جميع أنواع الألوان الخشبية والسائلة والشمعية، مما يتيح للأطفال التعبير عن إبداعهم.<br />&bull; كتيب تلوين: كتيب يحتوي على صور من روح السعودية، يمكن للأطفال تلوينها واكتشاف جمال التراث السعودي.<br />&bull; دفتر مذكرات: دفتر مميز لتسجيل مغامرات الأطفال وأفكارهم مع \"\"مكية\"\".<br />&bull; قلم مكية:قلم خاص بتصميم \"\"مكية\"\" ليكون رفيقًا للأطفال في كتاباتهم ورسمهم.<br />&bull; لعبة بزل القطن: لعبة ممتعة تساعد الأطفال على تنمية مهاراتهم الحركية والتفكير المنطقي.<br />&bull; ميدالية مكية : دمية صغيرة يمكن تعليقها على الشنط أو حملها مع المفاتيح، لتكون \"\"مكية\"\" دائمًا مع الأطفال أينما ذهبوا.<br />&bull; كوب مكية: بتصميم مميز ومواد بجودة عالية امن للاطفال<br />&bull; مجوهرات مطلية بالفضة: مجموعة مجوهرات لطيفة مطلية بالفضة لطفلتك الصغيرة، تحمل رمز \"\"مكية\"\"، لتعزيز الشعور بالتميز والجمال.</p>\r\n<p>\"\"مكية\"\" هي رمز للأمل والسكينة، وتذكير دائم بأهمية السلام الداخلي والتواصل الروحي. إنها دعوة لكل من يراها ليعيش لحظات من التأمل والصفاء، ولتكون جزءًا من حكاية مكة المكرمة، حكاية الإيمان والمحبة. كما أنها تهدف إلى غرس القيم النبيلة وحب التراث في نفوس الأطفال.</p>\r\n<p>خاتمة<br />\"\"مكية\"\" ليست مجرد دمية، بل هي رسالة حب وسلام من أقدس بقاع الأرض. هي رمز لكل من عاش تجربة الحج أو العمرة، ولكل من يتوق إلى زيارة مكة المكرمة. بامتلاك \"\"مكية\"\" ومجموعتها الشيقة، تكون قد حملت معك جزءًا من روح مكة وتراثها العريق، وشاركتها مع أطفالك لتكون جزءًا من ذكرياتهم السعيدة وأوقات لعبهم الممتعة.\"</p>', NULL, 20, 1),
(128, 'key chain  pigeon Makya', '<p>\" \"\"Mkya\"\" <br />The \"\"Mkya\"\" charm is a perfect addition to any bag or keychain, combining softness and elegance in a unique design featuring a heart and the word \"\"Mecca.\"\"</p>\r\n<p>**The Meaning of \"\"Mkya\"\"**<br />The name \"\"Mkya\"\" carries deep significance. It symbolizes the peaceful dove of Mecca, the birthplace of Islam and the holiest place on earth. The name also reflects the cultural heritage, as poets and singers, including the legendary Umm Kulthum, have sung praises of the dove of the Haram, adding a touch of authenticity and art to \"\"Mkya.\"\"</p>\r\n<p>**\"\"Mkya\"\" as a Child\'s Companion**<br />When you acquire \"\"Mkya,\"\" you not only get a beautiful keepsake but also provide your children with a doll filled with tenderness and peace. \"\"Mkya\"\" is the perfect companion for children, offering comfort and companionship, whether they are snuggling up to her at bedtime or enjoying playtime. Additionally, \"\"Mkya\"\" comes with an exciting range of accessories that make playtime even more engaging and fun.</p>\r\n<p>**The Exciting Collection**<br />The \"\"Mkya\"\" collection includes various accessories that make the experience more interactive and educational for children:<br />- **Art Bag:** Contains all types of crayons, markers, and wax colors, allowing children to express their creativity.<br />- **Coloring Book:** A book featuring images from the spirit of Saudi Arabia, which children can color to discover the beauty of Saudi heritage.<br />- **Journal:** A special notebook for recording children\'s adventures and thoughts with \"\"Mkya.\"\"<br />- **Mkya Pen:** A pen designed with \"\"Mkya\"\" to be a companion for children in their writing and drawing.<br />- **Cotton Puzzle Game:** A fun game that helps children develop their motor skills and logical thinking.<br />- **Mkya Charm:** A small doll that can be attached to bags or carried with keys, so \"\"Mkya\"\" can always be with children wherever they go.<br />- **Mkya Cup:** A uniquely designed, high-quality cup safe for children.<br />- **Silver-Plated Jewelry:** A charming set of silver-plated jewelry for your little girl, bearing the \"\"Mkya\"\" symbol, to enhance the feeling of distinction and beauty.</p>\r\n<p>\"\"Mkya\"\" is a symbol of hope and tranquility, a constant reminder of the importance of inner peace and spiritual connection. It invites everyone who sees it to experience moments of reflection and serenity and to be part of the story of Mecca, a story of faith and love. It aims to instill noble values and a love for heritage in children&rsquo;s hearts.</p>\r\n<p>**Conclusion**<br />\"\"Mkya\"\" is not just a doll; it is a message of love and peace from the holiest place on earth. It is a symbol for everyone who has experienced the pilgrimage or yearns to visit Mecca. By owning \"\"Mkya\"\" and its exciting collection, you carry with you a piece of the spirit of Mecca and its rich heritage, sharing it with your children to become part of their happy memories and enjoyable playtimes.<br />\"</p>', NULL, 20, 2),
(129, 'تعليقة دمية محشوة  الجمل حوار', '<p>\"تعليقة \"\"حوار\"\" الشيقة - رفيق الأناقة والبراءة</p>\r\n<p>تعتبر تعليقة \"\"حوار\"\" إضافة مثالية لأي شنطة أو مجموعة مفاتيح، حيث تجمع بين النعومة والأناقة في تصميم فريد بالشماغ السعودي رمز الاصالة والزي الرسمي للبلاد .</p>\r\n<p>معنى \"\"حوار\"\"</p>\r\n<p>اسم \"\"حوار\"\" الجمل الرضيع الذي يُعد رمزًا للأصالة والتراث السعودي. كما يحمل في طياته معاني الحوار والتفاهم، وهي قيم يعززها المجتمع السعودي.</p>\r\n<p>\"\"حوار\"\" كدمية للأطفال</p>\r\n<p>عند اقتناء \"\"حوار\"\"، تمنح أطفالك دمية محبوبة تملأها الحنان والسلام، مما يجعله رفيقًا مثاليًا في أحلامهم وأوقات لعبهم.</p>\r\n<p>المجموعة الشيقة</p>\r\n<p>تتضمن المجموعة ملحقات متنوعة تشمل شنطة فنية، كتيب تلوين، دفتر مذكرات، قلم، لعبة بزل، ميدالية حوار، ملصقات، وكوب للأطفال.</p>\r\n<p><br />\"\"حوار\"\" هو رمز للأمل والسكينة، ويهدف إلى غرس القيم النبيلة وحب التراث في نفوس الأطفال، ليكون جزءًا من ذكرياتهم السعيدة وأوقات لعبهم الممتعة\"</p>', NULL, 18, 1),
(130, 'key chain Camel Hawar', '<p>\"**\"\"Hewar\"\" Charm - The Companion of Elegance and Innocence**</p>\r\n<p>The \"\"Hewar\"\" charm is the perfect addition to any bag or keychain, combining softness and elegance in a unique design featuring the Saudi shemagh, a symbol of authenticity and the national dress of the country.</p>\r\n<p>Meaning of \"\"Hwar\"\"</p>\r\n<p>The name \"\"Hwar\"\" refers to a young camel, a symbol of Saudi heritage and tradition. It also embodies the values of dialogue and understanding, which are cherished by Saudi society.</p>\r\n<p>\"\"Hwar\"\" as a Toy for Children</p>\r\n<p>By acquiring \"\"Hwar,\"\" you provide your children with a beloved toy filled with warmth and peace, making it an ideal companion for their dreams and playtimes.</p>\r\n<p>The Exciting Collection</p>\r\n<p>The collection includes various accessories such as an art bag, a coloring book, a notebook, a pen, a cotton puzzle toy, a \"\"Hwar\"\" keychain, stickers, and a children\'s cup.</p>\r\n<p>Message of the Product</p>\r\n<p>\"\"Hwar\"\" symbolizes hope and tranquility, aiming to instill noble values and a love for heritage in children\'s hearts, becoming a part of their joyful memories and playful moments.\"</p>', NULL, 18, 2),
(131, 'دمية محشوة الحمامة مكية', '<p>\"تصميم المنتج<br />تم تصميم \"\"مكية\"\" بعناية فائقة لتجسد جمال وسكينة حمام الحمى. مصنوعة من مواد آمنة وناعمة تناسب الأطفال، وبتفاصيل دقيقة تعكس ريشها الأبيض الناصع وعينيها الهادئتين. \"\"مكية\"\" ليست مجرد قطعة تذكارية، بل هي دمية محبوبة تروي قصة مدينة مقدسة.</p>\r\n<p>معنى \"\"مكية\"\"<br />اختيار اسم \"\"مكية\"\" يحمل في طياته دلالات عميقة. فهي رمز لمكة المكرمة، مهد الإسلام، وأقدس بقاع الأرض. كما أن الاسم يعكس تغني الشعراء والمغنيين بحمامة الحرم، حيث غنت لها أم كلثوم بأجمل الألحان، مما يضفي على \"\"مكية\"\" لمسة من الأصالة والفن.</p>\r\n<p>\"\"مكية\"\" كدمية للأطفال<br />عند اقتناء \"\"مكية\"\"، لا تحصل فقط على تذكار جميل، بل تمنح أطفالك دمية تملأها الحنان والسلام. \"\"مكية\"\" هي الرفيقة المثالية للأطفال، حيث يمكنهم احتضانها والنوم بجانبها، لتكون جزءًا من أحلامهم وأوقات لعبهم. بالإضافة إلى ذلك، تأتي \"\"مكية\"\" مع مجموعة شيقة من الملحقات التي تجعل اللعب بها أكثر إثارة ومتعة.</p>\r\n<p>المجموعة الشيقة</p>\r\n<p>تتضمن مجموعة \"\"مكية\"\" ملحقات متنوعة تجعل التجربة أكثر تفاعلية وتعليمية للأطفال:<br />&bull; شنطة فنية: تحتوي على جميع أنواع الألوان الخشبية والسائلة والشمعية، مما يتيح للأطفال التعبير عن إبداعهم.<br />&bull; كتيب تلوين: كتيب يحتوي على صور من روح السعودية، يمكن للأطفال تلوينها واكتشاف جمال التراث السعودي.<br />&bull; دفتر مذكرات: دفتر مميز لتسجيل مغامرات الأطفال وأفكارهم مع \"\"مكية\"\".<br />&bull; قلم مكية:قلم خاص بتصميم \"\"مكية\"\" ليكون رفيقًا للأطفال في كتاباتهم ورسمهم.<br />&bull; لعبة بزل القطن: لعبة ممتعة تساعد الأطفال على تنمية مهاراتهم الحركية والتفكير المنطقي.<br />&bull; ميدالية مكية : دمية صغيرة يمكن تعليقها على الشنط أو حملها مع المفاتيح، لتكون \"\"مكية\"\" دائمًا مع الأطفال أينما ذهبوا.<br />&bull; كوب مكية: بتصميم مميز ومواد بجودة عالية امن للاطفال<br />&bull; مجوهرات مطلية بالفضة: مجموعة مجوهرات لطيفة مطلية بالفضة لطفلتك الصغيرة، تحمل رمز \"\"مكية\"\"، لتعزيز الشعور بالتميز والجمال..<br />رسالة المنتج<br />\"\"مكية\"\" هي رمز للأمل والسكينة، وتذكير دائم بأهمية السلام الداخلي والتواصل الروحي. إنها دعوة لكل من يراها ليعيش لحظات من التأمل والصفاء، ولتكون جزءًا من حكاية مكة المكرمة، حكاية الإيمان والمحبة. كما أنها تهدف إلى غرس القيم النبيلة وحب التراث في نفوس الأطفال.</p>\r\n<p>خاتمة<br />\"\"مكية\"\" ليست مجرد دمية، بل هي رسالة حب وسلام من أقدس بقاع الأرض. هي رمز لكل من عاش تجربة الحج أو العمرة، ولكل من يتوق إلى زيارة مكة المكرمة. بامتلاك \"\"مكية\"\" ومجموعتها الشيقة، تكون قد حملت معك جزءًا من روح مكة وتراثها العريق، وشاركتها مع أطفالك لتكون جزءًا من ذكرياتهم السعيدة وأوقات لعبهم الممتعة.\"</p>', NULL, 19, 1),
(132, 'stuffed doll pigeon Makya', '<p>\"Product Design</p>\r\n<p>The \"\"Mkya\"\" charm is meticulously designed to embody the beauty and tranquility of the sacred dove of the Haram. Made from safe, soft materials suitable for children, it features detailed craftsmanship that reflects its pristine white feathers and serene eyes. \"\"Mkya\"\" is not just a keepsake but a beloved toy that tells the story of a holy city.</p>\r\n<p>Meaning of \"\"Mkya</p>\r\n<p>The name \"\"Mkya\"\" carries deep significance. It symbolizes Mecca, the cradle of Islam and the holiest place on earth. The name also reflects the homage sung by poets and musicians to the dove of the Haram, including the beautiful melodies of Umm Kulthum, adding a touch of authenticity and artistry to \"\"Mkya.\"\"</p>\r\n<p><br />Exciting Collection<br />The \"\"Mkya\"\" collection includes various accessories that make the experience more interactive and educational for children:<br />- Art Bag: Contains all types of wooden, liquid, and wax crayons, allowing children to express their creativity.<br />- Coloring Book: A book filled with images of Saudi spirit, allowing children to color and explore the beauty of Saudi heritage.<br />- Diary: A special notebook for children to record their adventures and thoughts with Mkya.<br />- Mkya Pen: A pen featuring the Mkya design to accompany children in their writing and drawing.<br />- Cotton Puzzle Toy: A fun toy that helps children develop motor skills and logical thinking.<br />- Mkya Keychain: A small keychain that can be attached to bags or carried with keys, ensuring Mkya is always with the children wherever they go.<br />- Mkya Cup: Featuring a unique design and high-quality materials, safe for children.<br />- Silver-Plated Jewelry: A lovely set of silver-plated jewelry for your little girl, featuring the Mkya symbol, to enhance the feeling of distinction and beauty.</p>\r\n<p>&nbsp;</p>\r\n<p>\"\"Mkya\"\" symbolizes hope and tranquility, serving as a constant reminder of the importance of inner peace and spiritual connection. It invites everyone who sees it to experience moments of reflection and serenity and to be part of the story of Mecca, a tale of faith and love. It also aims to instill noble values and a love for heritage in children\'s hearts.<br />\"</p>', NULL, 19, 2),
(135, 'خطاف حامل حقيبة', '<p>\"خطاف حامل حقيبة<br />اجعل حقيبتك تتألق مع خطاف الحقيبة الرائع، المصنوع من مواد عالية الجودة وبأنماط جميلة تبرز جمالية حقيبتك وتضيف لمسة من التميز. يتميز الخطاف بتصميمه الأنيق وسهولة استخدامه، مما يجعله الخيار المثالي لإضفاء لمسة من الرقي على حقيبتك اليومية.</p>\r\n<p>مميزات المنتج:<br />- جودة المواد: مصنوع من مواد ذات جودة عالية، مما يضمن متانته ويضيف لمسة من الفخامة إلى حقيبتك.<br />- تصميم أنيق: الأنماط الجميلة والتفاصيل الدقيقة تجعل من الخطاف إضافة رائعة، تعكس ذوقك الرفيع وتبرز حقيبتك بشكل استثنائي.<br />-سهل الاستخدام: خفيف الوزن وسهل الحمل، مما يجعله مناسبًا للاستخدام اليومي دون عناء.<br />- ألوان زاهية:يأتي بألوان نابضة بالحياة تضيف لمسة من الحيوية والأناقة إلى حقيبتك.<br />حماية حقيبتك: حافظ على حقيبتك نظيفة وآمنة، وتخلص من القلق بشأن مكان وضعها عند الخروج.</p>\r\n<p>بفضل هذا الخطاف، يمكنك الآن الاستمتاع براحة البال والثقة بأن حقيبتك ستكون في أمان ونظافة، بينما تضيف لمسة من التألق إلى إطلالتك اليومية.\"</p>', NULL, 23, 1),
(136, 'bag hook', '<p>\"Bag Hook Holder</p>\r\n<p>Add a touch of elegance to your bag with the exquisite Bag Hook Holder, crafted from high-quality materials and designed with beautiful patterns that make your handbag stand out. This hook combines style and practicality, making it the perfect choice to enhance the look of your everyday bag.</p>\r\n<p>Product Features:<br />- Premium Materials: Made from high-quality materials, ensuring durability and adding a touch of luxury to your bag.<br />- Elegant Design: The beautiful patterns and fine details make this hook a stunning addition, reflecting your refined taste and showcasing your handbag in an exceptional way.<br />- Ease of Use: Lightweight and easy to carry, making it suitable for daily use without hassle.<br />- Vibrant Colors: Available in lively colors that add a touch of vibrancy and sophistication to your bag.<br />- Bag Protection: Keep your bag clean and secure, eliminating worries about where to place it when you&rsquo;re out.</p>\r\n<p>With this hook, you can enjoy peace of mind knowing your bag will be safe and clean, while adding a stylish touch to your daily look.\"</p>', NULL, 23, 2),
(137, 'خطاف حامل حقيبة', '<p>\"خطاف حامل حقيبة<br />اجعل حقيبتك تتألق مع خطاف الحقيبة الرائع، المصنوع من مواد عالية الجودة وبأنماط جميلة تبرز جمالية حقيبتك وتضيف لمسة من التميز. يتميز الخطاف بتصميمه الأنيق وسهولة استخدامه، مما يجعله الخيار المثالي لإضفاء لمسة من الرقي على حقيبتك اليومية.</p>\r\n<p>مميزات المنتج:<br />- جودة المواد: مصنوع من مواد ذات جودة عالية، مما يضمن متانته ويضيف لمسة من الفخامة إلى حقيبتك.<br />- تصميم أنيق: الأنماط الجميلة والتفاصيل الدقيقة تجعل من الخطاف إضافة رائعة، تعكس ذوقك الرفيع وتبرز حقيبتك بشكل استثنائي.<br />-سهل الاستخدام: خفيف الوزن وسهل الحمل، مما يجعله مناسبًا للاستخدام اليومي دون عناء.<br />- ألوان زاهية: يأتي بألوان نابضة بالحياة تضيف لمسة من الحيوية والأناقة إلى حقيبتك.<br />حماية حقيبتك: حافظ على حقيبتك نظيفة وآمنة، وتخلص من القلق بشأن مكان وضعها عند الخروج.</p>\r\n<p>بفضل هذا الخطاف، يمكنك الآن الاستمتاع براحة البال والثقة بأن حقيبتك ستكون في أمان ونظافة، بينما تضيف لمسة من التألق إلى إطلالتك اليومية.\"</p>', NULL, 24, 1),
(138, 'bag hook', '<p>\"Bag Hook Holder</p>\r\n<p>Add a touch of elegance to your bag with the exquisite Bag Hook Holder, crafted from high-quality materials and designed with beautiful patterns that make your handbag stand out. This hook combines style and practicality, making it the perfect choice to enhance the look of your everyday bag.</p>\r\n<p>Product Features:<br />- Premium Materials: Made from high-quality materials, ensuring durability and adding a touch of luxury to your bag.<br />- Elegant Design: The beautiful patterns and fine details make this hook a stunning addition, reflecting your refined taste and showcasing your handbag in an exceptional way.<br />- Ease of Use: Lightweight and easy to carry, making it suitable for daily use without hassle.<br />- Vibrant Colors: Available in lively colors that add a touch of vibrancy and sophistication to your bag.<br />- Bag Protection: Keep your bag clean and secure, eliminating worries about where to place it when you&rsquo;re out.</p>\r\n<p>With this hook, you can enjoy peace of mind knowing your bag will be safe and clean, while adding a stylish touch to your daily look.\"</p>', NULL, 24, 2),
(139, 'مغناطيس مدينة العلا', '<p>\"تخيل لحظةً من السحر والتراث، حيث تتجسد روح مدينة العلا العريقة في شكل ميدالية مفاتيح مبتكرة. تتميز مدينة العلا، هذه الجوهرة التاريخية في السعودية، بتراثها الغني وجمالها الطبيعي الفريد الذي يجعلها موطناً للأحلام والذكريات الجميلة.<br />تاريخياً، تعد مدينة العلا من أقدم المدن في شبه الجزيرة العربية، وتشتهر بموقعها الاستراتيجي وثرائها الثقافي العميق. تم اختيارها ضمن قائمة التراث العالمي لليونسكو، ما يبرز أهمية مدينتها كمحور للتاريخ والتراث الإنساني.<br />مغناطيس مدينة العلا</p>\r\n<p>أضف لمسة من الجمال والتفرد إلى منزلك مع مغناطيس مدينة العلا، المصنوع من الريزن ليمنحك رونقاً خاصاً. يتميز هذا المغناطيس بتصميمه الفريد الذي يعكس أجمل المناظر الخلابة لمدينة العلا، ليأسرك بذكريات أجمل اللحظات التي قضيتها هناك.</p>\r\n<p>تصميم فريد: يعرض مشاهد ساحرة من مدينة العلا، تلتقط سحر المناظر الطبيعية التي تجعل كل لحظة هناك لا تُنسى.<br />صناعة من الريزن: مصنوع من مادة الريزن المتينة، التي تمنح المغناطيس جودة عالية ولامعاناً جميلاً.<br />ذكريات دائمة: يخلق المغناطيس ذكريات جميلة تدوم، ويضيف لمسة من الأناقة إلى أي مكان تضعه فيه\"</p>', NULL, 25, 1);
INSERT INTO `product_descriptions` (`id`, `title`, `description`, `story`, `product_id`, `language_id`) VALUES
(140, '3D AlUla\'s Magnet', '<p>\"</p>\r\n<p>Imagine a moment of magic and heritage, where the spirit of the ancient city of Al-Ula is captured in a beautifully crafted 3D magnet. Al-Ula, a historical gem in Saudi Arabia, is renowned for its rich heritage and unique natural beauty, making it a home of dreams and cherished memories.</p>\r\n<p>Historically, Al-Ula is one of the oldest cities in the Arabian Peninsula, known for its strategic location and deep cultural richness. It has been listed as a UNESCO World Heritage site, highlighting its importance as a center of history and human heritage.</p>\r\n<p>Al-Ula Magnet</p>\r\n<p>Add a touch of beauty and uniqueness to your home and kitchen with the Al-Ula Magnet, crafted from resin to give you a special charm. This magnet features a distinctive design that reflects the most stunning landscapes of Al-Ula, capturing the essence of the most memorable moments you spent there.</p>\r\n<p>Product Features:</p>\r\n<p>- Unique Design: Showcases enchanting views of Al-Ula, capturing the natural beauty that makes every moment there unforgettable.<br />- Resin Craftsmanship: Made from durable resin, providing high quality and a beautiful sheen.<br />- Lasting Memories:Creates lasting beautiful memories and adds a touch of elegance to any space where it is displayed.\"</p>', NULL, 25, 2),
(141, 'مغناطيس مدينة الدمام', '<p>\"<br />تخيل قصة من الإبداع والتعبير الثقافي، تتجسد في مغناطيس ثلاثي الأبعاد مصمم خصيصًا لمدينة الدمام النابضة بالحياة في المملكة العربية السعودية. الدمام، برياضتها المحورية وتاريخها العريق، تجسد غنى الثقافة والحداثة في المملكة.</p>\r\n<p>تقع الدمام على ساحل الخليج العربي، حيث يتناغم كورنيشها مع المساحات الخضراء والرياح اللطيفة. هذه المدينة ليست مجرد محور اقتصادي وثقافي، بل هي تعبير حقيقي عن روح المملكة الديناميكية وتراثها الغني.</p>\r\n<p>مغناطيس مدينة الدمام</p>\r\n<p>أضف لمسة من الأناقة والسحر الثقافي إلى منزلك مع مغناطيس مدينة الدمام، المصنوع بدقة ليلتقط جوهر هذه المدينة النابضة بالحياة. يتميز المغناطيس بتفاصيل دقيقة تعكس جمال وروح الدمام، مما يجلب سحر المدينة إلى مساحتك.</p>\r\n<p>مميزات المنتج:</p>\r\n<p>- تصميم دقيق:يعرض مناظر ساحرة لمدينة الدمام، حيث يجسد جمال المناظر الطبيعية وتداخلها مع الأفق الحضري.<br />- حرفية عالية: مصنوع من مواد عالية الجودة، مما يضمن متانة وشكلاً لامعاً وجذاباً.<br />- تعبير ثقافي: يخلق تذكاراً دائماً يعكس غنى الثقافة والطاقة الديناميكية للدمام، ليضيف لمسة فريدة إلى أي مكان يعرض فيه.</p>\r\n<p>هذا المغناطيس هو أكثر من مجرد تذكار؛ إنه تحية لروح المدينة وثراء تراثها، مثالي لتخليد ذكرياتك وربطك بمدينة الدمام الغنية والثقافية.\"</p>', NULL, 26, 1),
(142, '3D Dammam\'s Magnet', '<p>\"Imagine a story of innovation and cultural reflection, brought to life through a 3D magnet specially designed for the vibrant city of Dammam in Saudi Arabia. Dammam, with its pivotal role in sports and its rich history, stands as a testament to the blend of culture and modernity in the Kingdom.</p>\r\n<p>Nestled on the shores of the Arabian Gulf, Dammam\'s corniche seamlessly blends with lush green spaces and gentle breezes. This city is not just an economic and cultural hub but a true reflection of the dynamic spirit and rich heritage of Saudi Arabia.</p>\r\n<p>Dammam Magnet</p>\r\n<p>Infuse your space with a touch of elegance and cultural charm with the Dammam Magnet, meticulously crafted to embody the essence of this lively city. Designed with intricate details, this 3D magnet captures the vibrant essence of Dammam, bringing the city\'s beauty and spirit into your home.</p>\r\n<p>Product Features:</p>\r\n<p>- Intricate Design: Features detailed, enchanting views of Dammam, capturing the city&rsquo;s vibrant landscapes and blending of natural and urban beauty.<br />- Premium Craftsmanship: Made from high-quality materials, ensuring durability and a polished, eye-catching finish.<br />- Cultural Reflection: Serves as a lasting reminder of the rich cultural tapestry and dynamic energy of Dammam, adding a unique touch to any space.</p>\r\n<p>This magnet is more than a keepsake; it&rsquo;s a tribute to the city&rsquo;s vitality and heritage, perfect for commemorating your connection to Dammam and celebrating its cultural richness.\"</p>', NULL, 26, 2),
(143, 'مغناطيس مدينة  جدة', '<p>\"<br />تخيل لحظةً من السحر والجمال، حيث تتجسد روح جدة، عروس البحر الأحمر، في مغناطيس ثلاثي الأبعاد مصمم خصيصًا لتخليد جمال هذه المدينة الساحلية الرائعة. جدة، حيث يلتقي البحر بأمواجه المتلألئة على رمال الشواطئ البيضاء، تنبض بأصالة الحياة وروح الضيافة التي يتميز بها أهلها.<br />مغناطيس مدينة جدة</p>\r\n<p>أضف لمسة من السحر والأصالة إلى منزلك مع مغناطيس مدينة جدة، المصنوع بدقة ليعكس جمال وروح المدينة. كل تفصيلة في هذا المغناطيس تأخذك إلى قلب جدة، حيث تجد نفسك محاطاً بأمواج البحر ونسمات الهواء العليلة التي تعبر عن بساطة الحياة وكرم الضيافة.</p>\r\n<p>مميزات المنتج:</p>\r\n<p>-تصميم ثلاثي الأبعاد: يعرض بتفاصيل دقيقة مشاهد ساحرة لجدة، من أمواج البحر إلى الرمال البيضاء، مما يجسد روح المدينة بأناقة.<br />- صناعة متقنة: مصنوع من مواد عالية الجودة، تضمن لك جودة ولامعاناً فائقين تعزز من جمال المنتج.<br />- تذكار عاطفي: يخلق المغناطيس ذكريات جميلة تدوم، ويضيف لمسة من الأناقة إلى أي مكان تضعه فيه، مما يجعله تذكاراً رائعاً لأوقاتك في جدة.</p>\r\n<p>بفضل هذا المغناطيس، يمكنك الاستمتاع بجمال جدة العريق في كل مرة تنظر فيها إلى تفاصيله الرائعة، لتكون دائماً متذكراً لروعة مدينة الأمواج والأصالة.\"</p>', NULL, 27, 1),
(144, '3D Jeddah\'s magnet', '<p>\"Magnet of Jeddah</p>\r\n<p>Imagine a moment of enchantment and beauty, where the spirit of Jeddah, the Bride of the Red Sea, is captured in a meticulously designed 3D magnet. Jeddah, where the sea\'s shimmering waves meet the white sands of its beaches, embodies the simplicity of life and the spirit of hospitality that its people are known for.</p>\r\n<p>Jeddah Magnet</p>\r\n<p>Add a touch of magic and authenticity to your space with the Jeddah Magnet, crafted to reflect the city\'s beauty and essence. Every detail of this magnet transports you to the heart of Jeddah, surrounded by the sea&rsquo;s gentle waves and the refreshing breezes that speak of its welcoming nature and simple charm.</p>\r\n<p>Product Features:</p>\r\n<p>- 3D Design: Showcases intricate and captivating scenes of Jeddah, from the sparkling waves to the white sands, elegantly capturing the city\'s spirit.<br />- Expert Craftsmanship: Made from high-quality materials, ensuring superior quality and a stunning finish.<br />- Emotional Keepsake:Creates lasting beautiful memories and adds a touch of elegance to any space, making it a wonderful memento of your time in Jeddah.</p>\r\n<p>With this magnet, you can cherish the timeless beauty of Jeddah each time you gaze at its exquisite details, always reminded of the city\'s enchanting waves and authentic charm.\"</p>', NULL, 27, 2),
(145, 'مغناطيس المدينة المنورة', '<p>\"تخيل لحظة من السكينة والإيمان، حيث تتجسد روح المدينة المنورة، جنة الأرض ومهبط الوحي، في مغناطيس ثلاثي الأبعاد مصمم خصيصًا ليعكس جلال هذه المدينة المقدسة. المدينة المنورة، تلك البقعة الطاهرة التي احتضنت رسول الله صلى الله عليه وسلم، أصبحت ملاذًا للمسلمين ومهدًا للحضارة الإسلامية، تنبض بالإيمان وتجذب القلوب من كل أنحاء العالم للصلاة في المسجد النبوي وزيارة قبر النبي الكريم.</p>\r\n<p>مغناطيس المدينة المنورة</p>\r\n<p>أضف لمسة من الروحانية والجمال إلى منزلك مع مغناطيس المدينة المنورة، المصنوع بدقة ليمثل جمال وروح المدينة المقدسة. كل تفصيلة في هذا المغناطيس تأخذك إلى قلب المدينة، حيث تشعر بالسكينة والتقدير لجمال هذا المكان الذي يحتل مكانة خاصة في قلوب المسلمين.</p>\r\n<p>مميزات المنتج:</p>\r\n<p>تصميم ثلاثي الأبعاد: يعرض مشاهد دقيقة وساحرة للمدينة المنورة، مع التركيز على معالمها البارزة مثل المسجد النبوي، مما يجسد روح المدينة بأناقة وصدق.<br />صناعة متقنة: مصنوع من مواد عالية الجودة، تضمن لك جودة ولامعاناً رائعين يعززان من جمال المنتج.<br />تذكار روحي: يخلق المغناطيس ذكريات جميلة ودائمة، ويضيف لمسة من الجمال الروحي إلى أي مكان تضعه فيه، ليكون تذكاراً ثميناً لأوقاتك في المدينة المنورة.<br />بفضل هذا المغناطيس، يمكنك أن تحمل معك جزءًا من روح المدينة المنورة، لتشعر دائمًا بالاتصال بالجمال والإيمان الذي تتميز به هذه المدينة الطاهرة.\"</p>', NULL, 28, 1),
(146, '3D madinah\'s magnet', '<p>\"Imagine a moment of serenity and faith, captured in a 3D magnet that embodies the essence of Madinah, the Heavenly Garden and the Sanctuary of Revelation. Madinah, the sacred ground that embraced the Prophet Muhammad (peace be upon him), is not just a city but a haven for Muslims and a cradle of Islamic civilization. It pulses with devotion, drawing hearts from around the world to pray at the Prophet&rsquo;s Mosque and visit the revered tomb of the beloved Prophet.</p>\r\n<p>Madinah Magnet</p>\r\n<p>Add a touch of spirituality and beauty to your home with the Madinah Magnet, carefully crafted to reflect the city\'s sacred essence. Each intricate detail of this magnet transports you to the heart of Madinah, where you can feel the peace and reverence that this holy place inspires in the hearts of Muslims.</p>\r\n<p>Product Features:</p>\r\n<p>- 3D Design: Showcases detailed and enchanting scenes of Madinah, highlighting its iconic landmarks like the Prophet&rsquo;s Mosque, capturing the city&rsquo;s spirit with elegance and authenticity.<br />- Expert Craftsmanship:Made from high-quality materials, ensuring superior quality and a stunning finish that enhances the product&rsquo;s beauty.<br />- Spiritual Keepsake:Creates lasting and cherished memories, adding a touch of spiritual elegance to any space, making it a precious memento of your time in Madinah.</p>\r\n<p>With this magnet, you can carry a piece of the divine essence of Madinah with you, always feeling connected to the beauty and spirituality that this sacred city embodies.\"</p>', NULL, 28, 2),
(147, 'مغناطيس مدينة  مكة', '<p>\"<br />تخيل لحظة من النور والقداسة، حيث تجسد روح مكة المكرمة، قلب الإسلام ونبض المسلمين، في مغناطيس ثلاثي الأبعاد مصمم بدقة لتخليد جمال هذه المدينة المقدسة. مكة المكرمة، مدينة النور والإيمان، هي القبلة التي تهفو إليها قلوب المسلمين في كل أنحاء العالم، وهي مهد الرسالة المحمدية التي أضاءت الكون.</p>\r\n<p>مغناطيس مكة المكرمة</p>\r\n<p>أضف لمسة من الروحانية والجمال إلى منزلك مع مغناطيس مكة المكرمة، الذي صُنع بعناية ليعكس جلال وروح المدينة المقدسة. كل تفصيلة في هذا المغناطيس تأخذك إلى قلب مكة، حيث تتعانق السماء والأرض في مشهد مهيب، ويبرز تاريخ الإسلام العريق وأحداثه العظيمة.</p>\r\n<p>مميزات المنتج:</p>\r\n<p>- تصميم ثلاثي الأبعاد: يعرض مشاهد دقيقة وساحرة لمكة المكرمة، مع التركيز على أبرز معالمها مثل الكعبة المشرفة والمسجد الحرام، مما يجسد روح المدينة بأناقة وعمق.<br />- صناعة متقنة:مصنوع من مواد عالية الجودة، مما يضمن لك جودة ومتانة ممتازتين، ويضفي لمسة من اللمعان والجمال على المنتج.<br />- تذكار روحي:يخلق المغناطيس ذكريات جميلة ودائمة، ويضيف لمسة من الأناقة الروحية إلى أي مكان تضعه فيه، ليكون تذكارًا ثمينًا لأوقاتك في مكة المكرمة.</p>\r\n<p>بفضل هذا المغناطيس، يمكنك أن تحمل معك جزءًا من النور والقداسة التي تتميز بها مكة المكرمة، لتظل دائمًا متصلًا بالجمال والإيمان الذي تجسده هذه المدينة المقدسة.\"</p>', NULL, 29, 1),
(148, '3D Mecca\'s magnet', '<p>\"Imagine a moment of light and sanctity, where the spirit of Makkah, the heart of Islam and the pulse of Muslims, is captured in a meticulously crafted 3D magnet. Makkah, the city of light and faith, is the qibla that the hearts of Muslims around the world yearn for and the cradle of the prophetic message that illuminated the world.</p>\r\n<p>Makkah Magnet</p>\r\n<p>Infuse your space with a touch of spirituality and grandeur with the Makkah Magnet, carefully designed to reflect the majesty and essence of this sacred city. Every detail of this magnet transports you to the heart of Makkah, where the heavens and earth meet in a majestic scene, highlighting the rich history of Islam and its significant events.</p>\r\n<p>Product Features:</p>\r\n<p>- 3D Design:Showcases intricate and captivating scenes of Makkah, with a focus on its iconic landmarks such as the Kaaba and the Masjid al-Haram, capturing the city&rsquo;s spirit with elegance and depth.<br />- Expert Craftsmanship: Made from high-quality materials, ensuring superior durability and a stunning finish that adds a touch of brilliance and beauty to the product.<br />- Spiritual Keepsake:Creates lasting and cherished memories, adding a touch of spiritual elegance to any space, making it a precious memento of your time in Makkah.</p>\r\n<p>With this magnet, you can carry a piece of the light and sanctity of Makkah with you, always feeling connected to the beauty and faith that this holy city embodies.\"</p>', NULL, 29, 2),
(151, 'مغناطيس المملكة', '<p>\"تخيل لحظة من النور والإلهام، حيث تتجسد روح المملكة العربية السعودية، قلب الحضارة ومنبع الاقتصاد والتقدم، في مغناطيس ثلاثي الأبعاد مصمم بعناية ليعكس جمال وروعة هذه الأرض المباركة. المملكة، أرض النور والتاريخ العريق، هي القلب النابض للعالم الإسلامي والمركز الاقتصادي الذي ينمو بسرعة فائقة، حيث تتغنى السماء بأبيات الشعر التي أثرت في النفوس.</p>\r\n<p>مغناطيس المملكة العربية السعودية</p>\r\n<p>أضف لمسة من الفخر والجمال إلى منزلك مع مغناطيس المملكة العربية السعودية، الذي صُنع بدقة ليعكس الألق والتنوع الذي تتميز به هذه الأرض العظيمة. كل تفصيلة في هذا المغناطيس تأخذك إلى قلب المملكة، حيث تلتقي الحضارة بالتقدم في مشهد مذهل يُبرز جمال وروح الوطن.</p>\r\n<p>مميزات المنتج:</p>\r\n<p>تصميم ثلاثي الأبعاد: يعرض مشاهد رائعة ومفصلة للمملكة العربية السعودية، مع التركيز على أبرز معالمها مثل الكعبة المشرفة والمدينة المنورة ومناظرها الطبيعية، مما يجسد روح المملكة بحيوية وأناقة.<br />صناعة متقنة: مصنوع من مواد عالية الجودة، مما يضمن لك متانة وجودة ممتازتين، ويضفي لمسة من اللمعان والجمال على المنتج.<br />تذكار مميز: يخلق المغناطيس ذكريات جميلة ودائمة، ويضيف لمسة من الفخر والتميز إلى أي مكان تضعه فيه، ليكون تذكارًا ثمينًا لجمال وتقدم المملكة.<br />بفضل هذا المغناطيس، يمكنك أن تحمل معك جزءًا من روح المملكة العربية السعودية، لتظل دائمًا متصلاً بالجمال والإلهام الذي تجسده هذه الأرض الطيبة.\"</p>', NULL, 31, 1),
(152, '3D Saudi Arabia magnet', '<p>\"imagine a moment of light and inspiration, where the spirit of Saudi Arabia, the heart of civilization and the source of economic and progressive growth, is captured in a meticulously crafted 3D magnet. Saudi Arabia, the land of light and ancient history, is the vibrant heart of the Islamic world and a rapidly growing economic center, where the sky resonates with poetry that has touched the soul.</p>\r\n<p>Saudi Arabia Magnet</p>\r\n<p>Infuse your space with a touch of pride and beauty with the Saudi Arabia Magnet, carefully designed to reflect the splendor and diversity of this blessed land. Every detail of this magnet transports you to the heart of Saudi Arabia, where civilization meets progress in a stunning display that highlights the beauty and spirit of the nation.</p>\r\n<p>Product Features:</p>\r\n<p>3D Design: Showcases stunning and detailed scenes of Saudi Arabia, focusing on its iconic landmarks such as the Kaaba, the Prophet&rsquo;s Mosque, and its natural landscapes, capturing the nation\'s spirit with vibrancy and elegance.<br />Expert Craftsmanship: Made from high-quality materials, ensuring durability and excellent finish, adding a touch of brilliance and beauty to the product.<br />Distinctive Keepsake: Creates lasting and cherished memories, adding a touch of pride and distinction to any space, making it a valuable memento of Saudi Arabia\'s beauty and progress.<br />With this magnet, you can carry a piece of the spirit of Saudi Arabia with you, always feeling connected to the beauty and inspiration that this noble land embodies.\"</p>', NULL, 31, 2),
(153, 'سلسة مفاتيح  خريطة السعودية -من الخشب', '<p>\"شمال المملكة العربية السعودية معروف بزهر الخزامى الجميل الذي يزين صحراءها و لون سجادها الملكي المميز. تم تصميم هذه الميدالية لتعكس جمال زهر الخزامى والسجاد الملكي، مما يضيف لمسة من الطبيعة والأناقة إلى يومك. هذه الميدالية المصنوعة من الخشب بعناية فائقة وجودة عالية تتيح لك الاحتفاظ بجزء من طبيعة الشمال الخلابة وزهر الخزامى الذي يزين صحراءنا.</p>\r\n<p>مميزات المنتج:</p>\r\n<p>تصميم أنيق: يعرض زهر الخزامى وسجاد الشمال الملكي.<br />صناعة متقنة: مصنوع من الخشب عالي الجودة لضمان الجمال والدوام.<br />تذكار طبيعي: يحتفظ بروح الشمال ويضيف لمسة من الجمال الطبيعي إلى مقتنياتك.<br />الاستخدام المتعدد: يمكن استخدامها لتعليق المفاتيح أو كتعلية للشنطة، كما تعد هدية مثالية لأهلك وأحبابك.\"</p>', NULL, 32, 1),
(154, '\"Saudi Arabia map  wood keychain\"', '<p>\"Northern Saudi Arabia is renowned for its beautiful lavender flowers that adorn its deserts and the distinctive color of its royal carpets. This keychain was designed to reflect the beauty of lavender flowers and royal carpets, adding a touch of nature and elegance to your day. Crafted from wood with great care and high quality, this keychain allows you to keep a piece of the stunning northern nature and the lavender flowers that decorate our desert.</p>\r\n<p>Product Features:</p>\r\n<p>Elegant Design: Features lavender flowers and royal northern carpets.<br />Expert Craftsmanship: Made from high-quality wood to ensure beauty and durability.<br />Natural Keepsake: Retains the spirit of the north and adds a touch of natural beauty to your collection.<br />Versatile Use: Can be used as a keychain or a bag charm, and makes a perfect gift for your family and loved ones.\"</p>', NULL, 32, 2),
(155, 'سلسة مفاتيح بتصميم المملكة العربية السعودية ورسومات لأطهر بقاع الأرض', '<p>\"<br />مكة المكرمة والمدينة المنورة هما جوهر الإيمان للمسلمين حول العالم. تم تصميم هذه الميدالية لتعكس جمال وأهمية هذين المكانين المقدسين. هذه الميدالية، المصنوعة من الخشب بعناية فائقة وجودة عالية، تأخذك في رحلة إلى قلب الإسلام، حيث تتجلى الروحانية والقداسة في كل زاوية.</p>\r\n<p>مميزات المنتج:</p>\r\n<p>تصميم روحاني: يعكس جمال مكة والمدينة.<br />صناعة متقنة: مصنوع من الخشب عالي الجودة لضمان المتانة والجمال.<br />تذكار ديني: يحتفظ بروح المكان المقدس ويضيف لمسة من الإيمان إلى مقتنياتك.<br />الاستخدام المتعدد: يمكن استخدامها لتعليق المفاتيح أو كتعلية للشنطة، كما تعد هدية مثالية لأهلك وأحبابك.\"</p>', NULL, 33, 1),
(156, 'Keychain with Saudi Arabia map Design and Holy Sites Illustrations', '<p>\"Mecca and Medina are the heart of faith for Muslims around the world. This keychain was designed to reflect the beauty and significance of these two holy places. Crafted from wood with great care and high quality, this keychain takes you on a journey to the heart of Islam, where spirituality and holiness are evident in every corner.</p>\r\n<p>Product Features:</p>\r\n<p>Spiritual Design: Reflects the beauty of Mecca and Medina.<br />Expert Craftsmanship: Made from high-quality wood to ensure durability and beauty.<br />Religious Keepsake: Retains the spirit of the holy place and adds a touch of faith to your collection.<br />Versatile Use: Can be used as a keychain or a bag charm, and makes a perfect gift for your family and loved ones.\"</p>', NULL, 33, 2),
(157, 'سلسة مفاتيح  بتصميم خارطة المملكة  مزينة بالرمال الذهبية وسفينة الصحراء', '<p>\"تعتبر المملكة العربية السعودية بكنوزها الطبيعية وتاريخها العريق مصدر إلهام لا ينضب. تم تصميم هذه الميدالية لتعكس جمال الرمال الذهبية وسفينة الصحراء، الإبل، التي تجسد روح البداوة والترحال في المملكة العربية السعودية. هذه الميدالية، المصنوعة من الخشب بعناية فائقة وجودة عالية، تأخذك في رحلة إلى قلب الصحراء حيث تتألق الكثبان الرملية بألوانها الذهبية وتتجلى جماليات الإبل في أبهى صورها.</p>\r\n<p>مميزات المنتج:</p>\r\n<p>تصميم فريد: يعكس جمالية الرمال الذهبية والإبل.<br />صناعة متقنة: مصنوع من الخشب عالي الجودة لضمان المتانة والجمال.<br />تذكار رائع: يحتفظ بروح المكان ويضيف لمسة من الأصالة إلى مقتنياتك.<br />الاستخدام المتعدد: يمكن استخدامها لتعليق المفاتيح أو كتعلية للشنطة، كما تعد هدية مثالية لأهلك وأحبابك.\"</p>', NULL, 34, 1),
(158, 'Keychain with Saudi Arabia map Design and Golden Sands and Desert Illustrations', '<p>\"The Kingdom of Saudi Arabia, with its natural treasures and rich history, serves as an endless source of inspiration. This keychain was designed to reflect the beauty of golden sands and the desert ship, the camel, which embodies the spirit of nomadism and travel in Saudi Arabia. Crafted from wood with great care and high quality, this keychain takes you on a journey to the heart of the desert, where the golden dunes shine and the beauty of camels is depicted in their finest form.</p>\r\n<p>Product Features:</p>\r\n<p>Unique Design: Reflects the beauty of golden sands and camels.<br />Expert Craftsmanship: Made from high-quality wood to ensure durability and beauty.<br />Wonderful Keepsake: Retains the spirit of the place and adds a touch of authenticity to your collection.<br />Versatile Use: Can be used as a keychain or a bag charm, and makes a perfect gift for your family and loved ones.\"</p>', NULL, 34, 2),
(159, 'سلسة مفاتيح احرف السعودية', '<p>\"كل حرف في كلمة \"\"السعودية\"\" يحمل جمال مدينة مختلفة من مدن المملكة. تم تصميم هذه الميدالية لتعكس تنوع وجمال مدن السعودية، من الرياض إلى جدة إلى مكة المكرمة والمدينة المنورة. هذه الميدالية، المصنوعة من الخشب بعناية فائقة وجودة عالية، تأخذك في رحلة عبر المدن السعودية الجميلة وتعرض روحها الفريدة.</p>\r\n<p>مميزات المنتج:</p>\r\n<p>تصميم فريد: يعكس جمال مدن المملكة في كل حرف.<br />صناعة متقنة: مصنوع من الخشب عالي الجودة لضمان المتانة والجمال.<br />تذكار وطني: يحتفظ بروح المملكة ويضيف لمسة من الفخر الوطني إلى مقتنياتك.<br />الاستخدام المتعدد: يمكن استخدامها لتعليق المفاتيح أو كتعلية للشنطة، كما تعد هدية مثالية لأهلك وأحبابك.\"</p>', NULL, 35, 1),
(160, 'Saudi letters wood keychain', '<p>\"<br />Each letter in the word \"\"Saudi Arabia\"\" carries the beauty of a different city in the Kingdom. This keychain was designed to reflect the diversity and beauty of Saudi cities, from Riyadh to Jeddah to Mecca and Medina. Crafted from wood with great care and high quality, this keychain takes you on a journey through the beautiful cities of Saudi Arabia, showcasing their unique spirit.</p>\r\n<p>Product Features:</p>\r\n<p>Unique Design: Reflects the beauty of the Kingdom&rsquo;s cities in each letter.<br />Expert Craftsmanship: Made from high-quality wood to ensure durability and beauty.<br />National Keepsake: Retains the spirit of the Kingdom and adds a touch of national pride to your collection.<br />Versatile Use: Can be used as a keychain or a bag charm, and makes a perfect gift for your family and loved ones.\"</p>', NULL, 35, 2),
(161, 'مغناطيس مكية بالمدينة -من السليكون', '<p>\"مغناطيس كاركتير حمام الحمى مع قبة المسجد النبوي: يقدم هذا التصميم حمام الحرم بجناحيه المفتوحين، يحيط بقبة المسجد النبوي الشريفة. تبرز قبة المسجد بتفاصيلها الجميلة التي تبرز في خلفية التصميم، بينما يُضفي الحمام لمسة من الحميمية والود. يعكس المشهد التناغم بين الطائر وقبة المسجد، مما يعزز الأجواء الروحانية والروح الودودة التي يحملها الحمام.<br />.<br />مميزات المنتج:</p>\r\n<p>قطعة تذكارية: تعكس العلاقة الروحية بين حمام الحرم والمواقع المقدسة.<br />هدية خفيفة ومعبرة: مثالية كهدية رمزية وسهلة الحمل.<br />استخدامات متعددة: تزين المطبخ أو أي لوح معدني في المنزل، مما يضيف لمسة جمالية وروحانية.<br />تفاصيل دقيقة وجمالية: تصاميم فنية تُظهر جمال الطائر والمكان المقدس.<br />لمسة من الأصالة: تعزز شعور الفخر والانتماء لمكة المكرمة.</p>\r\n<p>المواصفات :<br />رقم الموديل : 0191<br />المواد:سليكون -مغناطيس<br />العلامة التجارية : الطريقة السعودية\"</p>', NULL, 36, 1),
(162, 'Silicon Magnet Medina', '<p>\"Caricature Magnet of Al-Haram Pigeons with the Dome of the Prophet\'s Mosque</p>\r\n<p>This design features the sacred pigeons of Al-Haram with their wings spread wide, encircling the beautiful dome of the Prophet\'s Mosque. The dome stands out with its exquisite details in the background, while the pigeons add a touch of warmth and friendliness. The scene reflects the harmony between the birds and the dome, enhancing the spiritual and welcoming atmosphere they symbolize.</p>\r\n<p>Product Features:<br />- Memorable Keepsake: Reflects the spiritual connection between the Al-Haram pigeons and the holy sites.<br />- Thoughtful Gift:Perfect as a symbolic, lightweight, and easily portable gift.<br />- Versatile Use:Ideal for decorating the kitchen or any metallic surface in the home, adding a beautiful and spiritual touch.<br />- Detailed and Aesthetic:Artistic designs that highlight the beauty of the birds and the sacred place.<br />- Touch of Authenticity: Enhances a sense of pride and belonging to Makkah.</p>\r\n<p>Specifications:</p>\r\n<p>- Model Number:0191<br />- Materials:Silicone and Magnet<br />- Brand:Saudian Way</p>\r\n<p>\"</p>', NULL, 36, 2),
(163, 'مغناطيس مكية تحب الكعبة -من السليكون', '<p>\"مغناطيس كاركتير حمام الحمى مع الكعبة: يرفرف حمام الحرم المحبوب بأجنحته الرقيقة حول الكعبة المشرفة، حيث يتميز بالريش الرمادي الذي يميل إلى الزرقة. يعكس الحمام بألوانه الهادئة تآلفه مع الأجواء الروحانية، بينما تتلألأ الكعبة في وسط التصميم بقدسيتها، مما يخلق مشهداً يعكس جمال العلاقة العميقة بين الطائر والمكان المقدس.<br />مميزات المنتج:</p>\r\n<p>قطعة تذكارية: تعكس العلاقة الروحية بين حمام الحرم والمواقع المقدسة.<br />هدية خفيفة ومعبرة: مثالية كهدية رمزية وسهلة الحمل.<br />استخدامات متعددة: تزين المطبخ أو أي لوح معدني في المنزل، مما يضيف لمسة جمالية وروحانية.<br />تفاصيل دقيقة وجمالية: تصاميم فنية تُظهر جمال الطائر والمكان المقدس.<br />لمسة من الأصالة: تعزز شعور الفخر والانتماء لمكة المكرمة.<br />المواصفات :<br />رقم الموديل : 0194<br />المواد:سليكون -مغناطيس<br />العلامة التجارية : الطريقة السعودية\"</p>', NULL, 37, 1),
(164, 'Silicon Magnet Mecca', '<p>\"Caricature Magnet of Al-Haram Pigeons with the Kaaba</p>\r\n<p>This charming magnet features the beloved Al-Haram pigeons fluttering their delicate wings around the sacred Kaaba. The pigeons, with their soothing greyish-blue feathers, harmonize perfectly with the spiritual ambiance, while the Kaaba shines at the center of the design, exuding its holiness. This scene beautifully captures the deep connection between the pigeons and the sacred site.</p>\r\n<p>Product Features:</p>\r\n<p>- Memorable Keepsake:Reflects the spiritual bond between the Al-Haram pigeons and the holy sites.<br />- Thoughtful Gift: Perfect as a symbolic, lightweight, and easily portable gift.<br />- Versatile Use:Ideal for decorating the kitchen or any metallic surface in the home, adding a beautiful and spiritual touch.<br />- Detailed and Aesthetic:Artistic designs that highlight the beauty of the birds and the sacred place.<br />- Touch of Authenticity:Enhances a sense of pride and belonging to Makkah.</p>\r\n<p>Specifications:</p>\r\n<p>- Model Number:0194<br />- Materials: Silicone and Magnet<br />- Brand:Saudian Way\"</p>', NULL, 37, 2),
(165, 'مغناطيس انا احب المدينة -من السليكون', '<p>\"المدينة المنورة، ذلك البقعة المباركة التي تحتضن بين جنباتها ملامح التاريخ الإسلامي وروح الإيمان، تشع بضياءٍ خاص يعكس محبة المؤمنين وتقديرهم لمكانتها الدينية. منذ قرون عديدة، كانت المدينة المنورة ملاذاً للأحبة وزائريها، حيث تفيض أجواؤها بالسكينة والروحانية، وتحتوي على معالمها التاريخية التي تذكر بفضلها وتاريخها.</p>\r\n<p>\"\"مدينةٌ طيبةٌ تفيض نوراً، حبك في القلب يسكن كالأحلامِ.\"\"</p>\r\n<p>مميزات المنتج:</p>\r\n<p>قطعة تذكارية: تعكس حب المدينة المنورة وتقديرها كمكان مقدس.<br />هدية خفيفة ومعبرة: مثالية كهدية رمزية وسهلة الحمل.<br />استخدامات متعددة: يمكن استخدامها لتزيين المطبخ أو أي لوح معدني في المنزل، مما يضيف لمسة جمالية وروحانية.<br />تفاصيل دقيقة وجمالية: يعرض تصميماً فنياً يبرز معالم المدينة المنورة بشكل جذاب<br />المواصفات :<br />رقم الموديل : 0192<br />المواد:سليكون -مغناطيس<br />العلامة التجارية : الطريقة السعودية\"</p>', NULL, 38, 1),
(166, 'Silicon Magnet I love the medina', '<p>\"Medina Caricature Magnet</p>\r\n<p>Medina, the blessed land that embraces the features of Islamic history and the spirit of faith, shines with a special light reflecting the love and appreciation of believers for its sacred status. For centuries, Medina has been a haven for loved ones and visitors, overflowing with tranquility and spirituality, housing historical landmarks that remind us of its significance and history.</p>\r\n<p>\"\"A radiant city filled with light, your love dwells in the heart like dreams.\"\"</p>\r\n<p>Product Features:</p>\r\n<p>- Memorable Keepsake:Reflects the love and appreciation for Medina as a sacred place.<br />- Thoughtful Gift:Perfect as a symbolic, lightweight, and easily portable gift.<br />- Versatile Use:Ideal for decorating the kitchen or any metallic surface in the home, adding a beautiful and spiritual touch.<br />- Detailed and Aesthetic:Features an artistic design that beautifully highlights the landmarks of Medina.</p>\r\n<p>Specifications:</p>\r\n<p>- Model Number: 0192<br />- Materials: Silicone and Magnet<br />- Brand: Saudian Way\"</p>', NULL, 38, 2),
(167, 'مغناطيس حي على الصلاة -من السليكون', '<p>\"مغناطيس كاركتير حمام الحمى مع المأذنة: يتناغم الحمام الرائع مع إحدى المآذن البارزة، حيث يبدو وكأنه يأذن ، بينما تتألق المئذنة بجمالها التقليدي في الخلفية. يخلق التصميم توازناً بين الحمام والمئذنة، مما يعكس الارتباط العميق بين الطائر والموقع المقدس، ويُبرز الروحانية والرمزية التي يمثلها كلا العنصرين<br />مميزات المنتج:</p>\r\n<p>قطعة تذكارية: تعكس العلاقة الروحية بين حمام الحرم والمواقع المقدسة.<br />هدية خفيفة ومعبرة: مثالية كهدية رمزية وسهلة الحمل.<br />استخدامات متعددة: تزين المطبخ أو أي لوح معدني في المنزل، مما يضيف لمسة جمالية وروحانية.<br />تفاصيل دقيقة وجمالية: تصاميم فنية تُظهر جمال الطائر والمكان المقدس.<br />لمسة من الأصالة: تعزز شعور الفخر والانتماء لمكة المكرمة.<br />المواصفات :<br />رقم الموديل : 0193<br />المواد:سليكون -مغناطيس<br />العلامة التجارية : الطريقة السعودية\"</p>', NULL, 39, 1),
(168, 'Silicon Mecca A\'dan Magnet', '<p>\"Caricature Magnet of Al-Haram Pigeons with Minaret</p>\r\n<p>This charming magnet features the beloved Al-Haram pigeons harmonizing with one of the prominent minarets. The pigeons appear as if they are calling out, while the minaret shines beautifully in the background with its traditional elegance. The design creates a balance between the pigeons and the minaret, reflecting the deep connection between the bird and the sacred site, highlighting the spirituality and symbolism that both elements represent.</p>\r\n<p>Product Features:</p>\r\n<p>- Memorable Keepsake: Reflects the spiritual bond between the Al-Haram pigeons and the holy sites.<br />- Thoughtful Gift: Perfect as a symbolic, lightweight, and easily portable gift.<br />- Versatile Use: Ideal for decorating the kitchen or any metallic surface in the home, adding a beautiful and spiritual touch.<br />- Detailed and Aesthetic:Artistic designs that highlight the beauty of the bird and the sacred place.<br />- Touch of Authenticity: Enhances a sense of pride and belonging to Makkah.</p>\r\n<p>Specifications:</p>\r\n<p>- Model Number: 0193<br />- Materials: Silicone and Magnet<br />- Brand: Saudian Way\"</p>', NULL, 39, 2),
(169, 'محجموعة مغناطيس السيف السعودي والنقوش التراثية', '<p>\"\"\"السيف بالنقوش التراثية السعودية\"\"</p>\r\n<p>يتميز هذا المغناطيس بتصميم فريد يجسد جمال النقوش التراثية السعودية المنقوشة على شكل سيف، الذي يمثل رمزًا للفخر والقوة والمكانة الملكية في الثقافة السعودية. يعكس كل سيف في هذا التصميم أصالة وتفاصيل النقوش التي تميز كل منطقة من مناطق المملكة، مما يجعل هذه القطعة تذكارًا مميزًا يعبر عن تنوع التراث السعودي وجماله.</p>\r\n<p>مميزات المنتج<br />- قطعة تذكارية: تجسد جمال النقوش التراثية على شكل سيف، مما يعكس أصالة الفخر والقوة الملكية.<br />- هدية خفيفة ومعبرة: مثالية كهدية رمزية وسهلة الحمل، تعبر عن التقدير للتراث السعودي.<br />- استخدامات متعددة: يمكن استخدامها لتزيين المطبخ أو أي لوح معدني في المنزل، مما يضيف لمسة جمالية وروحانية.<br />- تفاصيل دقيقة وجمالية: يعرض تصميماً فنياً يبرز النقوش التراثية الخاصة بكل منطقة بشكل جذاب.<br />-مجموعة متميزة**: تأتي مجموعة من خمس سيوف، كل سيف بنقوش تعكس تراث منطقة مختلفة، مما يتيح لك تجربة تنوع التراث السعودي في قطعة واحدة.<br />المواصفات :<br />رقم الموديل : 0195<br />المواد:خشب -مغناطيس<br />العلامة التجارية : الطريقة السعودية\"</p>', NULL, 40, 1),
(170, 'Saudi Sword wood magnet', '<p>\"\"\"Sword with Traditional Saudi Engravings\"\" Magnet</p>\r\n<p>This unique magnet features a design that embodies the beauty of traditional Saudi engravings, carved in the shape of a sword. Representing pride, strength, and royal status in Saudi culture, each sword in this design reflects the authenticity and intricate details of engravings that distinguish each region of the Kingdom. This piece serves as a distinctive keepsake, expressing the diversity and beauty of Saudi heritage.</p>\r\n<p>Introduction to Traditional Engravings from Each Region:</p>\r\n<p>Saudi Arabia is renowned for its diverse cultures and traditions, with traditional engravings varying from region to region.</p>\r\n<p>Product Features:<br />- Memorable Keepsake: Captures the beauty of traditional engravings in the shape of a sword, symbolizing authentic pride and royal strength.<br />- Thoughtful Gift: Ideal as a symbolic, lightweight, and easily portable gift, expressing appreciation for Saudi heritage.<br />- Versatile Use: Perfect for decorating the kitchen or any metallic surface in the home, adding a beautiful and spiritual touch.<br />- Detailed and Aesthetic: Features an artistic design that highlights the unique traditional engravings of each region in an attractive way.<br />- Distinctive Collection: Includes a set of five swords, each with engravings that reflect the heritage of a different region, allowing you to experience the diversity of Saudi heritage in one piece.</p>\r\n<p>Specifications:<br />- Model Number: 0195<br />- Materials: Wood and Magnet<br />- Brand: Saudian Way\"</p>', NULL, 40, 2),
(171, 'مظلة شمسية منقوشة بالشماغ', '<p>\"في كل زاوية من زوايا المملكة، يعكس الشماغ الفخر والأصالة. نقدم لكم مظلة بنقش الشماغ، التي تجمع بين الأناقة والوظيفة لحمايتك من أشعة الشمس بأسلوب مميز.</p>\r\n<p>وصف المنتج<br />هذه المظلة مصممة بعناية لتعكس التراث السعودي وتوفر الحماية في نفس الوقت:</p>\r\n<p>المميزات<br />حماية من الشمس: توفر حماية فعالة من أشعة الشمس الضارة.<br />تصميم جذاب: نقش الشماغ يضفي لمسة من التراث والفخامة.<br />سهلة الاستخدام: ذاتية الفتح والإغلاق، مصممة للاستخدام اليومي.<br />متعددة الاستخدامات: مثالية للرحلات، النزهات، والاستخدام اليومي.\"</p>', NULL, 41, 1),
(172, 'UV Protection Umbrella-SA', '<p>\"Sun Protection Umbrella with Shemagh Pattern<br />In Saudi Arabia, the shemagh is a symbol of pride and tradition. Our sun protection umbrella with a shemagh pattern not only protects you from harmful UV rays but also adds a touch of cultural elegance to your daily life.</p>\r\n<p>Product Description<br />This umbrella features automatic open and close functionality, strong stainless steel ribs, and is adorned with the iconic shemagh pattern. It provides excellent sun protection and comes with a carrying case for easy portability.</p>\r\n<p>Features<br />High-quality materials ensure durability and effective sun protection.<br />Automatic open/close feature adds convenience.<br />Stylish shemagh pattern enhances its cultural appeal.\"</p>', NULL, 41, 2),
(173, 'مظلة شمسية رسم مكة المكرمة', '<p>\"في روحانية مكة المكرمة ووسط أجوائها الروحية، نقدم لكم مظلة بتصميم مستوحى من جمال المدينة المقدسة، لتكون رفيقك في الأيام المشمسة.</p>\r\n<p>الوصف:<br />مظلة أنيقة مصممة لتعكس ألوان وروح مكة المكرمة، توفر حماية مثالية من أشعة الشمس الضارة بأناقة وفخامة.</p>\r\n<p>المميزات:<br />جودة عالية و حماية من الأشعة الضارة: بفضل تصميمها الفريد والقماش العازل للأشعة الضارة.<br />سهولة الفتح والإغلاق: الية الفتح والغلاق لتوفير الوقت والجهد.<br />تصميم عصري: يتناسب مع جميع الأذواق.<br />مزودة بشنطة للحمل: لتسهيل التنقل بها.\"</p>', NULL, 42, 1),
(174, 'UV Protection Umbrella-Makkah', '<p>\"Spiritual Makkah-Inspired Umbrella</p>\r\n<p>Immerse yourself in the spirituality of Makkah with our uniquely designed umbrella, inspired by the beauty of the sacred city. This umbrella is your perfect companion for sunny days.</p>\r\n<p>Description:<br />An elegant umbrella designed to reflect the colors and spirit of Makkah, offering optimal protection from harmful sun rays with style and luxury.</p>\r\n<p>Features:<br />- High-Quality Protection:** Provides excellent protection from harmful sun rays thanks to its unique design and UV-blocking fabric.<br />- Easy to Open and Close:** Features an effortless open and close mechanism to save time and effort.<br />- Modern Design:** Suitable for all tastes, ensuring you stay stylish while protected.<br />- Convenient Carry Bag:** Comes with a carry bag for easy transportation.\"</p>', NULL, 42, 2),
(175, 'تحفة كرة الثلج -المدينة المنورة', '<p>\"جميلة أنت يا مدينة الرسول صلى الله عليه وسلم وكأنك أخذت من عبق أخلاقه الطيبة نفحة لا تزول. <br />وصف المنتج:<br />تقدم كرة الماء هذه لوحة فنية نابضة بالحياة، حيث تبرز القبة الخضراء في قلب التصميم، محاطة بالنخيل والجبال التي تضيف عمقاً وجمالاً للمشهد. ولكن ما يميز هذه الكرة هو لحظة الحركة؛ عند تحريكها، يتناثر الورد المديني بألوانه الزاهية ويغمر المشهد بأجواء من السحر والبهجة. تتناثر بتلات الورد حول القبة الخضراء، مما يعيد إليك ذكرى عبق الزيارة وجمال المدينة المنورة، ويضيف لمسة سحرية إلى أي مكان تضع فيه هذه القطعة الرائعة.</p>\r\n<p>مميزات المنتج:</p>\r\n<p>تصميم فني متكامل: يجمع بين القبة الخضراء، النخيل، الجبال، والورد المديني في مشهد واحد مدهش.<br />تجربة حركية ساحرة: يتناثر الورد المديني عند تحريك الكرة، مما يضفي لمسة من السحر والجمال على التصميم.<br />تذكار فريد: يعيد إليك ذكريات زيارتك للمدينة المنورة ويجعل من كل نظرة إلى الكرة تجربة تذكر عبق المدينة وجمالها.<br />جودة عالية: مصنوعة من مواد ذات جودة ممتازة تضمن دوام المظهر الجميل والتفاصيل الدقيقة.<br />هدية مثالية: تعد هذه الكرة هدية رائعة لأي شخص يحب المدينة المنورة ويقدر جمالها وتاريخها، وتُعزز من لمسة الفخامة والجاذبية في أي مكان تُعرض فيه.<br />تُعد هذه الكرة المبتكرة أكثر من مجرد تذكار؛ إنها قطعة فنية تعكس جمال وروح المدينة المنورة وتضيف لمسة من السحر إلى حياتك اليومية.\"</p>', NULL, 43, 1),
(176, 'Snow ball-MADINA', '<p>\"Beautiful You Are, City of the Prophet <br />You, city of the Prophet, seem to have inherited a perpetual breath of his noble character.</p>\r\n<p>Product Description:<br />This water globe presents a vibrant artistic scene, featuring the iconic green dome at its center, surrounded by palm trees and mountains that add depth and beauty to the tableau. What truly sets this globe apart is the magic of movement; when shaken, colorful Madinian roses scatter, infusing the scene with an enchanting and joyous atmosphere. The petals swirl around the green dome, rekindling the fragrant memories of your visit and the beauty of Madinah, adding a magical touch to any place this exquisite piece is displayed.</p>\r\n<p>Product Features:</p>\r\n<p>- Integrated Artistic Design: Combines the green dome, palm trees, mountains, and Madinian roses in a stunning scene.<br />- Enchanting Motion Experience:Madinian roses scatter when the globe is shaken, adding a touch of magic and beauty to the design.<br />- Unique Souvenir: Evokes the memories of your visit to Madinah and makes every glance at the globe a reminder of the city\'s fragrance and beauty.<br />- High Quality:Made from premium materials to ensure lasting beauty and intricate details.<br />- Perfect Gift: An excellent gift for anyone who loves Madinah and appreciates its beauty and history, enhancing elegance and charm wherever it is displayed.</p>\r\n<p>This innovative globe is more than just a souvenir; it is an artistic piece reflecting the beauty and spirit of Madinah, bringing a touch of magic into your everyday life.\"</p>', NULL, 43, 2),
(177, 'تحفة كرة الثلج -مكة المكرمة', '<p>\"نتج \"\"كرة ماء مع معالم مكة المكرمة\"\":</p>\r\n<p>اكتشف عبق مكة المكرمة وجمالها الخالد مع كرة الماء المبتكرة هذه، التي تُجسد أروع معالم المدينة المقدسة في تصميم فني رائع. تُبرز الكرة الكعبة المشرفة في قلبها، متألقة بجمالها وروحانيتها، محاطة بمشهد يعكس أجواء مكة، بما في ذلك أنفاقها وشوارعها المفعمة بالحياة وخيامها التي تزين أفق الحج.</p>\r\n<p>وصف المنتج:<br />تأخذك كرة الماء هذه في رحلة روحانية إلى مكة المكرمة، حيث تنبض القبة المشرفة بجمالها وسط مشهد يعكس تنوع المدينة المقدسة. عند تحريك الكرة، يتناثر النجم الذهبي حول الكعبة، مما يخلق تأثيراً ساحراً يعيد إلى الأذهان جمال الزيارة وروعة أداء فريضة الحج. كل حركة تُعيد إحياء الذكريات المميزة لمرورك في أنفاق مكة وشوارعها وخيامها، مما يُضفي لمسة من السحر والإلهام إلى أي مكان تُعرض فيه.</p>\r\n<p>مميزات المنتج:</p>\r\n<p>تصميم فني مذهل: يعرض الكعبة المشرفة بجمالها المحاط بأنفاق مكة وشوارعها وخيام الحج.<br />تجربة حركية ساحرة: يتناثر النجم الذهبي عند تحريك الكرة، مما يضيف لمسة من التألق والجمال.<br />تذكار روحاني فريد: يُعيد إليك ذكريات زيارتك لمكة المكرمة ويجعل من كل نظرة إلى الكرة تجربة تذكر جمال وروح المدينة.<br />جودة عالية: مصنوعة من مواد ممتازة تضمن تفصيلات دقيقة ومظهر رائع يدوم طويلاً.<br />هدية مميزة: تُعد هذه الكرة هدية مثالية لأي شخص يعتز بذكريات مكة المكرمة ويقدر جمالها وروحانيتها، وتُعزز من لمسة الفخامة والروحانية في أي مكان تُعرض فيه.<br />تُعتبر هذه الكرة المبتكرة أكثر من مجرد تذكار؛ إنها قطعة فنية تحتفظ بجزء من روح مكة، لتجعل من كل لحظة معها تذكيراً بروعة المدينة المقدسة وسحرها الدائم.\"</p>', NULL, 44, 1),
(178, 'Snow ball-MAKKAH', '<p>\"Mecca Landmarks Water Globe\"\"</p>\r\n<p>Experience the eternal beauty and fragrance of Mecca with this innovative water globe, capturing the most iconic landmarks of the sacred city in a stunning artistic design. At the heart of the globe, the Kaaba shines with its majestic beauty and spirituality, surrounded by a scene reflecting the lively atmosphere of Mecca, including its tunnels, bustling streets, and the tents that adorn the horizon during Hajj.</p>\r\n<p>Product Description:<br />This water globe takes you on a spiritual journey to Mecca, where the Kaaba stands gloriously amidst a diverse depiction of the holy city. When shaken, golden stars scatter around the Kaaba, creating a mesmerizing effect that brings back the splendor of your visit and the beauty of performing Hajj. Each movement revives the unique memories of passing through Mecca\'s tunnels, streets, and tents, adding a touch of magic and inspiration to any place it is displayed.</p>\r\n<p>Product Features:<br />- Stunning Artistic Design:Showcases the Kaaba surrounded by Mecca\'s tunnels, streets, and Hajj tents.<br />- Enchanting Motion Experience: Golden stars scatter when the globe is shaken, adding a touch of sparkle and beauty.<br />- Unique Spiritual Souvenir:Evokes memories of your visit to Mecca and makes every glance at the globe a reminder of the city\'s beauty and spirit.<br />- High Quality: Made from premium materials ensuring intricate details and a lasting beautiful appearance.<br />- Perfect Gift:This globe is an ideal gift for anyone who cherishes memories of Mecca and appreciates its beauty and spirituality, enhancing the elegance and spiritual ambiance of any place it is displayed.</p>\r\n<p>This innovative globe is more than just a souvenir; it is an artistic piece that captures a part of Mecca\'s spirit, making every moment with it a reminder of the holy city\'s eternal charm and splendor.\"</p>', NULL, 44, 2),
(179, 'تحفة كرة الثلج  -المملكة العربية السعودية', '<p>\"منتج \"\"كرة ماء مع معالم المملكة العربية السعودية\"\":</p>\r\n<p>استمتع بجمال المملكة العربية السعودية مع كرة الماء المبتكرة التي تجمع بين الموروث الثقافي والحضارة الحديثة في تصميم واحد رائع. تُبرز الكرة قصر المصمك التاريخي، الذي يتوسط المشهد ويعكس التاريخ الغني للمملكة، بينما تحيط به معالم المملكة الحديثة والأبراج الشاهقة التي تُمثل نهضة المملكة العصرية.</p>\r\n<p>وصف المنتج:<br />تأخذك كرة الماء هذه في رحلة عبر الزمن، حيث يبرز قصر المصمك، أحد أهم الرموز التاريخية في الرياض، بمظهره البديع وسط مشهد يعكس التنوع الثقافي والحضاري للمملكة. عندما تحرك الكرة، يتناثر ورد الخزامى بلونه البنفسجي الرائع، الذي يُضيف لمسة من الفخامة والأناقة إلى التصميم. هذا التأثير السحري يُعيد إحياء ذكريات التراث والحداثة، ويُضفي جمالاً خاصاً إلى أي مكان تُعرض فيه.</p>\r\n<p>نبذة عن قصر المصمك<br />قصر المصمك هو حصن تاريخي يقع في الرياض، ويُعتبر أحد أبرز المعالم التي تعكس التاريخ العريق للمملكة. بُني في نهاية القرن التاسع عشر، وقد لعب دوراً مهماً في توحيد المملكة العربية السعودية تحت قيادة الملك عبدالعزيز. يتميز القصر بتصميمه المعماري التقليدي وأبراج المراقبة التي تعكس الأساليب الدفاعية القديمة، ويُمثل اليوم رمزاً للفخر الوطني والتاريخ العريق.</p>\r\n<p>مميزات المنتج:<br />- **تصميم فني رائع: يُعرض قصر المصمك التاريخي وسط مشهد يجمع بين الموروث والحضارة، مما يعكس تميز المملكة العربية السعودية.<br />- **تجربة حركية ساحرة: يتناثر ورد الخزامى البنفسجي عند تحريك الكرة، مما يُضيف لمسة من الفخامة والجمال.<br />- **تذكار ثقافي مميز: يعيد إليك ذكريات التراث والتاريخ الغني للمملكة ويجعل من كل نظرة إلى الكرة تجربة تعكس فخامة وروحانية المملكة.<br />- **جودة عالية: مصنوعة من مواد ممتازة تضمن تفاصيل دقيقة ومظهر رائع يدوم طويلاً.<br />- **هدية استثنائية: تُعد هذه الكرة هدية مثالية لأي شخص يعتز بتنوع الثقافة والحضارة السعودية، وتُعزز من لمسة الفخامة والجمال في أي مكان تُعرض فيه.</p>\r\n<p>تُعتبر هذه الكرة المبتكرة أكثر من مجرد تذكار؛ إنها قطعة فنية تحتفظ بجزء من روح المملكة العربية السعودية، لتجعل من كل لحظة معها تذكيراً بجمال التراث وتفاصيل الحضارة.\"</p>', NULL, 45, 1),
(180, 'Snow ball-SA', '<p>\"\"\"Saudi Arabia Landmarks Water Globe\"\"</p>\r\n<p>Enjoy the beauty of Saudi Arabia with this innovative water globe that blends cultural heritage and modern civilization in a stunning design. The globe features the historic Masmak Fortress at its center, reflecting the rich history of the kingdom, surrounded by modern landmarks and towering skyscrapers that symbolize the kingdom\'s contemporary renaissance.<br />Product Description:<br />This water globe takes you on a journey through time, highlighting the Masmak Fortress, one of Riyadh\'s most significant historical symbols, beautifully set amidst a scene that showcases the cultural and modern diversity of Saudi Arabia. When shaken, purple lavender petals scatter, adding a touch of luxury and elegance to the design. This magical effect revives memories of heritage and modernity, enhancing any space with its unique charm.</p>\r\n<p>About Masmak Fortress:<br />Masmak Fortress is a historical fort located in Riyadh and is one of the prominent landmarks reflecting the kingdom\'s rich history. Built at the end of the 19th century, it played a crucial role in unifying Saudi Arabia under the leadership of King Abdulaziz. The fortress is distinguished by its traditional architectural design and watchtowers, showcasing ancient defensive methods, and today stands as a symbol of national pride and deep-rooted history.</p>\r\n<p>Product Features:<br />- Stunning Artistic Design: Showcases the historic Masmak Fortress amidst a scene blending heritage and modernity, reflecting the uniqueness of Saudi Arabia.<br />- Enchanting Motion Experience:Purple lavender petals scatter when the globe is shaken, adding a touch of luxury and beauty.<br />- Unique Cultural Souvenir: Evokes memories of the kingdom\'s rich heritage and history, making every glance at the globe a reminder of Saudi Arabia\'s splendor and spirituality.<br />- High Quality:Made from premium materials ensuring intricate details and a lasting beautiful appearance.<br />- Exceptional Gift:This globe is an ideal gift for anyone who cherishes the diverse culture and civilization of Saudi Arabia, enhancing the elegance and beauty of any space it is displayed in.</p>\r\n<p>This innovative globe is more than just a souvenir; it is an artistic piece that captures a part of Saudi Arabia\'s spirit, making every moment with it a reminder of the kingdom\'s beauty and cultural richness.\"</p>', NULL, 45, 2),
(181, 'تحفة أبراج الملك والحرم', '<p>\"منتج \"\"تحفة فاخرة تمثل أطول ساعة في العالم\"\"</p>\r\n<p>اكتشف الفخامة والجمال في هذه التحفة الفنية الرائعة التي تمثل أطول ساعة في العالم، والتي تُعد رمزاً للعظمة والإبداع. تُحيط بالساعة أبراج الملك عبدالعزيز الشامخة، مع منارات الحرم المكي التي تلمع بأضوائها، بينما تقع الكعبة المشرفة تحت مظلة \"\"بلادنا الغالية\"\"، التي تجسد شعار المملكة في خدمة الحرمين الشريفين وتسهيل فريضة الحج والعمرة.</p>\r\n<p>وصف المنتج<br />تُبرز هذه التحفة الفاخرة جمال أطول ساعة في العالم بتصميم يتناغم بشكل رائع مع أبراج الملك عبدالعزيز ومنارات الحرم المكي. الكعبة المشرفة تحت مظلة \"\"بلادنا الغالية\"\" تُضيف لمسة من الروحانية والأصالة، مما يعكس التفاني في خدمة الحرمين. تعكس الألوان الفخمة للساعة، الذهبي والفضي، تميز التصميم وجودته، مما يجعلها قطعة فنية تزين أي مكان تُعرض فيه.</p>\r\n<p>نبذة عن أطول ساعة في العالم:<br />تُعد أطول ساعة في العالم واحدة من أبرز المعالم العمرانية التي تعكس التقدم التكنولوجي والابتكار في التصميم. تقع في مكة المكرمة، وتُعتبر رمزاً للفخر الوطني والتفاني في خدمة ضيوف الرحمن. تشكل الساعة جزءاً من مشروع عملاق يهدف إلى تسهيل أداء مناسك الحج والعمرة، وتعزيز راحة الزوار.</p>\r\n<p>مميزات المنتج:<br />- تحفة فريدة: تجمع بين الفخامة والتفاصيل الفنية الرفيعة، وتعكس أصالة التصميم السعودي.<br />-ألوان فخمة: يتألق التصميم بألوان الذهبي والفضي، مما يُضفي لمسة من الأناقة والفخامة.<br />- استخدام متعدد: مثالية لتزيين المكتب أو المنزل، مما يضيف لمسة من الرقي والتميز إلى أي مكان.<br />- تغليف آمن ومناسب: يأتي مع تغليف متين وأنيق، مما يجعله خياراً ممتازاً للاقتناء أو الإهداء.<br />- هدية سعودية مميزة: تُعد لحظة سعودية رائعة يمكن تقديمها للأحباب، تعبيراً عن الفخر والاعتزاز بالتراث السعودي.</p>\r\n<p>تُعتبر هذه التحفة الفاخرة أكثر من مجرد قطعة ديكور؛ إنها رمز للفخامة والابتكار السعودي، تُضيف لمسة من الروحانية والجمال إلى كل لحظة تُعرض فيها.\"</p>', NULL, 46, 1);
INSERT INTO `product_descriptions` (`id`, `title`, `description`, `story`, `product_id`, `language_id`) VALUES
(182, 'Makkah bulding masterpiece', '<p>\"<br />\"\"Luxury Replica of the World&rsquo;s Tallest Clock\"\"</p>\r\n<p>Discover elegance and beauty in this exquisite art piece representing the world&rsquo;s tallest clock, symbolizing grandeur and creativity. Surrounding the clock are the majestic King Abdulaziz Towers, with the illuminated minarets of the Holy Mosque, while the Kaaba stands under the \"\"Our Beloved Country\"\" canopy, embodying the Kingdom&rsquo;s commitment to serving the holy sites and facilitating Hajj and Umrah.</p>\r\n<p>Product Description:<br />This luxurious replica highlights the splendor of the world\'s tallest clock, harmoniously designed with the King Abdulaziz Towers and the minarets of the Holy Mosque. The Kaaba under the \"\"Our Beloved Country\"\" canopy adds a touch of spirituality and authenticity, reflecting the dedication to serving the holy sites. The clock\'s opulent gold and silver colors showcase the design\'s excellence and quality, making it a stunning piece for any display.</p>\r\n<p>About the World&rsquo;s Tallest Clock:<br />The world\'s tallest clock is one of the most prominent architectural landmarks, reflecting technological advancement and innovative design. Located in Mecca, it symbolizes national pride and dedication to serving the pilgrims. The clock is part of a grand project aimed at facilitating the performance of Hajj and Umrah and enhancing the comfort of visitors.</p>\r\n<p>Product Features:</p>\r\n<p>Unique Masterpiece: Combines luxury and fine artistic details, reflecting the authenticity of Saudi design.<br />Opulent Colors: The design shines with gold and silver colors, adding a touch of elegance and luxury.<br />Versatile Use: Ideal for decorating the office or home, adding a touch of sophistication and distinction to any space.<br />Secure and Elegant Packaging: Comes with sturdy and stylish packaging, making it an excellent choice for collection or gifting.<br />Distinctive Saudi Gift: A remarkable Saudi moment to present to loved ones, expressing pride and appreciation for Saudi heritage.<br />This luxurious replica is more than just a decorative piece; it is a symbol of Saudi elegance and innovation, adding a touch of spirituality and beauty to every moment it is displayed.</p>\r\n<p>\"\"Luxury Replica of the World&rsquo;s Tallest Clock\"\"</p>\r\n<p>Discover the elegance and beauty of this exquisite art piece representing the world&rsquo;s tallest clock, symbolizing grandeur and creativity. Surrounding the clock are the majestic King Abdulaziz Towers, with the illuminated minarets of the Holy Mosque, while the Kaaba stands under the \"\"Our Beloved Country\"\" canopy, embodying the Kingdom&rsquo;s commitment to serving the holy sites and facilitating Hajj and Umrah.</p>\r\n<p>Product Description:<br />This luxurious replica highlights the splendor of the world\'s tallest clock, harmoniously designed with the King Abdulaziz Towers and the minarets of the Holy Mosque. The Kaaba under the \"\"Our Beloved Country\"\" canopy adds a touch of spirituality and authenticity, reflecting the dedication to serving the holy sites. The clock\'s opulent gold and silver colors showcase the design\'s excellence and quality, making it a stunning piece for any display.</p>\r\n<p>About the World&rsquo;s Tallest Clock:<br />The world\'s tallest clock is one of the most prominent architectural landmarks, reflecting technological advancement and innovative design. Located in Mecca, it symbolizes national pride and dedication to serving the pilgrims. The clock is part of a grand project aimed at facilitating the performance of Hajj and Umrah and enhancing the comfort of visitors.</p>\r\n<p>Product Features:</p>\r\n<p>Unique Masterpiece: Combines luxury and fine artistic details, reflecting the authenticity of Saudi design.<br />Opulent Colors: The design shines with gold and silver colors, adding a touch of elegance and luxury.<br />Versatile Use: Ideal for decorating the office or home, adding a touch of sophistication and distinction to any space.<br />Secure and Elegant Packaging: Comes with sturdy and stylish packaging, making it an excellent choice for collection or gifting.<br />Distinctive Saudi Gift: A remarkable Saudi moment to present to loved ones, expressing pride and appreciation for Saudi heritage.<br />This luxurious replica is more than just a decorative piece; it is a symbol of Saudi elegance and innovation, adding a touch of spirituality and beauty to every moment it is displayed.\"</p>', NULL, 46, 2),
(183, 'تحفة برج الساعة بمكة', '<p>\"*منتج \"\"تحفة فاخرة تمثل برج الساعة:</p>\r\n<p>اختبر عظمة وعراقة برج الساعة، مع هذه التحفة الفنية التي تأسر القلوب وتعكس الجمال الروحي والعمراني لمكة المكرمة. هذه القطعة الفنية تُجسد البرج الذي يتألق بألوانه الخلابة، وتُبرز تفاصيله بدقة وعناية، مما يجعلك تشعر بالاتصال العميق بهذا المعلم الفريد الذي يرمز إلى الإبداع والروحانية.</p>\r\n<p>وصف المنتج<br />تُمثل هذه التحفة الفنية برج الساعة بكل روعة وجمال، حيث يتناغم التصميم بشكل رائع مع تفاصيل البرج الشهيرة. بألوانها الرائعة من الذهبي والفضي، تُضفي اللمسة الملكية والفخمة على أي مكان تُعرض فيه. تشعرك هذه التحفة بتجربة روحانية فريدة، تعيد إليك ذكرى العظمة والجمال الذي يُميز هذا المعلم الديني الرائع.</p>\r\n<p>نبذة عن برج الساعة<br />برج الساعة في مكة المكرمة هو أكثر من مجرد معلم معماري؛ إنه رمز للروحانية والتفوق الهندسي. يشكل البرج جزءاً من مشروع يعكس التزام المملكة بخدمة الحرمين الشريفين، ويُعتبر تجسيداً للعناية الإلهية التي تُحاط بها مكة. كل تفاصيله تعكس عراقة المكان وروحانية الأوقات التي يُقضيها الزوار في رحاب هذا المعلم المقدس.</p>\r\n<p>مميزات المنتج<br />- تحفة فنية ملهمة: تجسد جمال برج الساعة بكل دقة، مما يعكس روحانية وعراقة المعلم الديني.<br />- ألوان مهيبة: يتألق التصميم بألوان الذهبي والفضي، التي تُضفي لمسة من الفخامة والرقي.<br />- لمسة روحانية في المنزل: مثالية لتزيين مكتبك أو منزلك، وتُعزز من الأجواء الروحية والفخمة.<br />- تغليف انيق: تأتي مع تغليف أنيق وآمن، مما يجعلها خياراً مثالياً للاقتناء أو كهدية رمزية ومؤثرة.<br />- هدية ذات معنى: تُعتبر هدية مميزة للأحباب، تعبيراً عن التقدير للعظمة والروحانية التي يمثلها برج الساعة.</p>\r\n<p>هذه التحفة الفنية ليست مجرد قطعة ديكور؛ إنها تجسيد لجمال برج الساعة وروحانيته، مما يجعل كل لحظة معها تذكيراً بالاتصال الروحي والإبداع الذي يعكس عراقة مكة المكرمة.\"</p>', NULL, 47, 1),
(184, 'Makkah clock tower masterpiece', '<p>\"\"\"Luxury Art Piece Representing the Clock Tower\"\"</p>\r\n<p>Experience the grandeur and heritage of the Clock Tower with this heart-captivating art piece that reflects the spiritual and architectural beauty of Mecca. This artistic creation embodies the Clock Tower in its stunning colors and meticulously highlights its intricate details, making you feel deeply connected to this unique landmark symbolizing creativity and spirituality.</p>\r\n<p>Product Description:<br />This exquisite art piece represents the Clock Tower in all its glory and beauty, harmonizing its design with the tower\'s iconic details. With its magnificent gold and silver hues, it adds a regal and luxurious touch to any display space. This piece offers a unique spiritual experience, rekindling the magnificence and beauty that define this remarkable religious landmark.</p>\r\n<p>About the Clock Tower:<br />The Clock Tower in Mecca is more than just an architectural landmark; it is a symbol of spirituality and engineering excellence. The tower is part of a project that reflects the Kingdom\'s commitment to serving the holy sites, embodying the divine care surrounding Mecca. Every detail of the tower mirrors the sacredness of the place and the spiritual moments visitors spend in this holy site.</p>\r\n<p>Product Features:</p>\r\n<p>Inspiring Art Piece: Captures the beauty of the Clock Tower with precision, reflecting the spirituality and grandeur of this religious landmark.<br />Majestic Colors: The design shines with gold and silver colors, adding a touch of elegance and sophistication.<br />Spiritual Touch for Your Home: Ideal for decorating your office or home, enhancing the spiritual and luxurious ambiance.<br />Elegant Packaging: Comes in secure and stylish packaging, making it a perfect choice for personal collection or as a meaningful gift.<br />Meaningful Gift: A distinctive gift for loved ones, expressing appreciation for the magnificence and spirituality represented by the Clock Tower.<br />This art piece is not just a decorative item; it is a representation of the beauty and spirituality of the Clock Tower, making every moment with it a reminder of the spiritual connection and creativity that define the heritage of Mecca.\"</p>', NULL, 47, 2),
(185, 'ساعة خريطة المملكة العربية السعودية', '<p>\"منتج \"\"ساعة مكتبية بتصميم خارطة السعودية\"\":</p>\r\n<p>تجسد هذه الساعة المكتبية الفاخرة روح المملكة العربية السعودية في تصميم يجمع بين الأصالة والحداثة. تُعتبر هذه التحفة الفنية أكثر من مجرد أداة للوقت؛ إنها تجسيد لجمال وتاريخ المملكة، مع تفاصيل دقيقة تجعلك تشعر بالاعتزاز والفخر بأرض الوطن.</p>\r\n<p>وصف المنتج:<br />تُبرز الساعة تصميمًا فنيًا فريدًا على شكل خارطة المملكة العربية السعودية، حيث تأتي بتفاصيل بارزة للمناطق المهمة، مما يخلق لوحة فنية توضح الروح الفريدة لكل جزء من المملكة. يتداخل نقش الخيل الأصيل مع التصميم، ليُضيف لمسة من الفخامة والتقاليد الأصيلة. الصنع من المعدن الرفيع والمطلي بأعلى جودة، مع قاعدة خشبية تتسم بالأناقة، يجعل من هذه الساعة تحفة فنية متكاملة تزين أي مكتب أو مكان.</p>\r\n<p>مميزات المنتج:</p>\r\n<p>تحفة فنية فريدة: تصميم خارطة السعودية مع نقش بارز للمناطق المهمة والخيل الأصيل يعكس الأصالة والفخر الوطني.<br />جودة المواد: مصنوعة من معدن مطلي بأعلى جودة، مما يضمن المتانة والأناقة، مع قاعدة خشبية تضيف لمسة من الرقي.<br />لمسة جمالية للمكتب: تُضفي لمسة من الفخامة والتميز على أي مكتب أو مساحة عمل.<br />تغليف فاخر: تأتي مع تغليف أنيق وآمن، مما يجعلها خياراً ممتازاً للاقتناء أو تقديمها كهدية قيمة.<br />هدية مميزة: تُعد هدية رائعة تُعبر عن الاعتزاز بالوطن والاهتمام بالتفاصيل الفنية الرفيعة، مما يجعلها مناسبة للمناسبات الخاصة.<br />هذه الساعة المكتبية ليست مجرد أداة لقياس الوقت، بل هي تجسيد لجمال وتاريخ المملكة، وتُضيف لمسة من الفخامة والأصالة إلى كل مكان تُعرض فيه.\"</p>', NULL, 48, 1),
(186, 'Saudi Arabia Map Clock', '<p>\"\"\"Desk Clock with Saudi Arabia Map Design\"\"</p>\r\n<p>This luxurious desk clock embodies the spirit of the Kingdom of Saudi Arabia, merging tradition with modernity in its design. More than just a timepiece, it represents the beauty and history of the Kingdom, with intricate details that evoke a sense of pride and admiration for the homeland.</p>\r\n<p>Product Description:<br />The clock features a unique artistic design shaped like the map of Saudi Arabia, highlighting significant regions with raised details, creating an artistic representation that captures the unique spirit of each part of the Kingdom. The design incorporates an Arabian horse motif, adding a touch of elegance and traditional heritage. Crafted from premium metal with high-quality plating and a sophisticated wooden base, this clock is a complete art piece that enhances any office or space.</p>\r\n<p>Product Features:</p>\r\n<p>- Unique Art Piece: The design features the map of Saudi Arabia with prominent details of important regions and an Arabian horse motif, reflecting heritage and national pride.<br />-Quality Materials: Made from high-quality plated metal ensuring durability and elegance, with a wooden base adding a touch of sophistication.<br />- Aesthetic Touch for the Office:Adds a touch of luxury and distinction to any office or workspace.<br />- Luxurious Packaging: Comes with elegant and secure packaging, making it an excellent choice for personal collection or as a valuable gift.<br />- Distinctive Gift: An excellent gift that expresses pride in the homeland and appreciation for fine artistic details, making it suitable for special occasions.</p>\r\n<p>This desk clock is not just a timepiece but a representation of the beauty and history of the Kingdom. It adds a touch of luxury and heritage to any place it is displayed.<br />\"</p>', NULL, 48, 2),
(187, 'سبحة حجر كريم- الاوبسيديان', '<p>\"التسبيح هو أحد العبادات التي يتقرب بها المسلمون إلى الله، حيث يُذكر فيها الله بتمجيده وتسبيحه وتحميده. تحمل السبحة مكانة خاصة لدى المسلمين، فهي تُستخدم في الأذكار والتسبيح، مما يجعلها جزءًا مهمًا من الحياة اليومية الروحانية. إهداء مسبحة من الأحجار الكريمة يُعتبر رمزًا للتقدير والمحبة، حيث تعكس الجمال الطبيعي والاهتمام بالتفاصيل.</p>\r\n<p>مميزات حجر الأوبسيديان<br />سبحة الأوبسيديان مخصوصة الصنع من حجر الأوبسيديان، وهو حجر كريم يتميز بجماله الفريد ولمعانه البراق. يتمتع الأوبسيديان بقدرة على تعزيز الطاقة الإيجابية والتوازن الروحي، ويُعتقد أنه يحمي من الطاقات السلبية ويساعد في تحقيق الصفاء الذهني. تلك الخصائص تجعل من سبحة الأوبسيديان أداة مثالية للتأمل والتسبيح.</p>\r\n<p>تصميم خاص برمز السعودية<br />تتميز هذه السبحة بتصميم قلادة فريد يمثل رمز المملكة العربية السعودية، مطلي بالذهب ليضفي عليها لمسة فاخرة. بالإضافة إلى ذلك، تحتوي السبحة على قطعة مميزة من حجر الأوبسيديان مصممة بشكل فريد، مما يعكس الحرفية العالية والاهتمام بالتفاصيل. يأتي هذا المنتج في تغليف جميل، مما يجعله هدية مثالية لكل من يقدر الجمال والفن.</p>\r\n<p>سبحة حجر الأوبسيديان ليست مجرد أداة للتسبيح، بل هي تذكار يحمل روح الأماكن المقدسة. بإهدائها، تُقدم لمن تحب هدية قيمة تخلد لحظات دينية عشتها في أطهر بقاع الأرض. إنها هدية تحمل في طياتها السلام الداخلي والسكينة الروحية، وتجعل من لحظة التسبيح تجربة فريدة ومميزة.\"</p>', NULL, 49, 1),
(188, 'BEADS-Silver obsidian', '<p>\"rayer beads hold a special place in the lives of Muslims, used for the remembrance and glorification of Allah. Giving a set of gemstone prayer beads as a gift is a symbol of appreciation and love, reflecting natural beauty and attention to detail.</p>\r\n<p>Features of Obsidian Stone<br />These prayer beads are crafted from obsidian, a gemstone known for its unique beauty and shiny luster. Obsidian is believed to enhance positive energy and spiritual balance, protect against negative energies, and aid in achieving mental clarity. These properties make obsidian prayer beads an ideal tool for meditation and remembrance.</p>\r\n<p>Special Design with the Symbol of Saudi Arabia<br />The prayer beads feature a pendant with the symbol of Saudi Arabia, gold-plated to add a luxurious touch. Additionally, the beads include a distinctive piece of obsidian, uniquely crafted to showcase high craftsmanship and attention to detail. The product comes in beautiful packaging, making it a perfect gift for those who appreciate beauty and art.</p>\r\n<p>The obsidian gemstone prayer beads are not just a tool for remembrance but a memento carrying the spirit of sacred places. By gifting them, you offer a precious keepsake that immortalizes the religious moments experienced in the holiest places on earth. It is a gift that carries inner peace and spiritual tranquility, making the act of remembrance a unique and special experience\"</p>', NULL, 49, 2),
(189, 'سبحة حجر كريم- الافنتورين', '<p>\"التسبيح هو أحد العبادات التي يتقرب بها المسلمون إلى الله، حيث يُذكر فيها الله بتمجيده وتسبيحه وتحميده. تحمل السبحة مكانة خاصة لدى المسلمين، فهي تُستخدم في الأذكار والتسبيح، مما يجعلها جزءًا مهمًا من الحياة اليومية الروحانية. إهداء مسبحة من الأحجار الكريمة يُعتبر رمزًا للتقدير والمحبة، حيث تعكس الجمال الطبيعي والاهتمام بالتفاصيل.</p>\r\n<p>مميزات حجر الأفينتورين<br />سبحة الأفينتورين مخصوصة الصنع من حجر الأفينتورين، وهو حجر كريم يتميز بجماله الفريد ولمعانه البراق. يُعتقد أن الأفينتورين الأخضر يتمتع بعدة فوائد، منها:</p>\r\n<p>شفاء وحماية شاكرا القلب: بفضل لونه الأخضر، يساعد الأفينتورين على شفاء وحماية شاكرا القلب.<br />تقليل الضباب الإلكتروني: يُساهم في تقليل تأثيرات التلوث الكهرومغناطيسي.<br />جلب الحظ والفرص: يُعرف الأفينتورين بقدرته على جذب الحظ والفرص.<br />زيادة الفرح والخفة: يُعزز الأفينتورين الشعور بالفرح والخفة.<br />تهدئة الجسم العاطفي: يساعد في تهدئة الجسم العاطفي والتخفيف من التوتر.<br />تعزيز النمو الروحي: يُساهم في تعزيز النمو الروحي والوعي الذاتي.<br />تصميم خاص بكلمة مكة<br />تتميز هذه السبحة بتصميم قلادة فريد يحمل كلمة \"\"مكة\"\"، مطلية بالفضة لتضفي عليها لمسة فاخرة. مكة المكرمة، المدينة المقدسة للمسلمين، هي مهد الإسلام وقبلة المسلمين في صلاتهم. بالإضافة إلى ذلك، تحتوي السبحة على قطعة مميزة من حجر الأفينتورين مصممة بشكل فريد، مما يعكس الحرفية العالية والاهتمام بالتفاصيل. يأتي هذا المنتج في تغليف جميل، مما يجعله هدية مثالية لكل من يقدر الجمال والفن.</p>\r\n<p>هدية قيمة من أطهر بقاع الأرض<br />سبحة حجر الأفينتورين ليست مجرد أداة للتسبيح، بل هي تذكار يحمل روح الأماكن المقدسة. بإهدائها، تُقدم لمن تحب هدية قيمة تخلد لحظات دينية عشتها في أطهر بقاع الأرض. إنها هدية تحمل في طياتها السلام الداخلي والسكينة الروحية، وتجعل من لحظة التسبيح تجربة فريدة ومميزة.\"</p>', NULL, 50, 1),
(190, 'BEADS-green aventurine', '<p>\"Prayer beads hold a special place in the lives of Muslims, used for the remembrance and glorification of Allah. Giving a set of gemstone prayer beads as a gift is a symbol of appreciation and love, reflecting natural beauty and attention to detail.</p>\r\n<p>Benefits of Green Aventurine<br />These prayer beads are crafted from aventurine, a gemstone known for its unique beauty and shiny luster. Green aventurine is believed to have several benefits, including:</p>\r\n<p>Healing and protecting the heart chakra: Its green hue helps heal and protect the heart chakra.<br />Reducing electromagnetic smog: It helps reduce the effects of electromagnetic pollution.<br />Calling in luck and opportunity: Aventurine is known for attracting luck and opportunities.<br />Increasing joy and lightness: It enhances feelings of joy and lightness.<br />Soothing the emotional body: It helps in calming the emotional body and reducing stress.<br />Promoting spiritual growth: It aids in spiritual growth and self-awareness.<br />Special Design with the Word \"\"Mecca\"\"<br />The prayer beads feature a pendant with the word \"\"Mecca,\"\" silver-plated to add a luxurious touch. Mecca, the holy city of Islam, is the birthplace of Islam and the spiritual center for Muslims worldwide. Additionally, the beads include a distinctive piece of aventurine, uniquely crafted to showcase high craftsmanship and attention to detail. The product comes in beautiful packaging, making it a perfect gift for those who appreciate beauty and art.</p>\r\n<p>A Precious Gift from the Holiest Places on Earth<br />The aventurine gemstone prayer beads are not just a tool for remembrance but a memento carrying the spirit of sacred places. By gifting them, you offer a precious keepsake that immortalizes the religious moments experienced in the holiest places on earth. It is a gift that carries inner peace and spiritual tranquility, making the act of remembrance a unique and special experience\"</p>', NULL, 50, 2),
(191, 'سبحة حجر كريم- التوباز', '<p>\"التسبيح هو أحد العبادات التي يتقرب بها المسلمون إلى الله، حيث يُذكر فيها الله بتمجيده وتسبيحه وتحميده. تحمل السبحة مكانة خاصة لدى المسلمين، فهي تُستخدم في الأذكار والتسبيح، مما يجعلها جزءًا مهمًا من الحياة اليومية الروحانية. إهداء مسبحة من الأحجار الكريمة يُعتبر رمزًا للتقدير والمحبة، حيث تعكس الجمال الطبيعي والاهتمام بالتفاصيل.</p>\r\n<p>مميزات حجر التوباز<br />سبحة التوباز مخصوصة الصنع من حجر التوباز، وهو حجر كريم يتميز بجماله الفريد ولمعانه البراق. يُعتقد أن التوباز يتمتع بعدة فوائد، منها:</p>\r\n<p>تعزيز الهدوء والتوازن: يساعد التوباز في تحقيق التوازن العاطفي ويُعزز الهدوء الداخلي.<br />تعزيز الثقة بالنفس: يُعتقد أن التوباز يزيد من الثقة بالنفس والإرادة.<br />حماية من الطاقات السلبية: يساعد في حماية الشخص من الطاقات السلبية والتوتر.<br />تعزيز التركيز والتفكير الواضح: يُساهم في تحسين التركيز والتفكير الواضح.<br />تحفيز النمو الروحي: يُساعد في تحفيز النمو الروحي والوعي الذاتي.<br />تصميم خاص بخريطة المملكة العربية السعودية<br />تتميز هذه السبحة بتصميم قلادة فريد يحمل خريطة المملكة العربية السعودية، مطلية بالفضة لتضفي عليها لمسة فاخرة. بالإضافة إلى ذلك، تحتوي السبحة على قطعة مميزة من حجر التوباز مصممة بشكل فريد، مما يعكس الحرفية العالية والاهتمام بالتفاصيل. يأتي هذا المنتج في تغليف جميل، مما يجعله هدية مثالية لكل من يقدر الجمال والفن.</p>\r\n<p>هدية قيمة من أطهر بقاع الأرض<br />سبحة حجر التوباز ليست مجرد أداة للتسبيح، بل هي تذكار يحمل روح الأماكن المقدسة. بإهدائها، تُقدم لمن تحب هدية قيمة تخلد لحظات دينية عشتها في أطهر بقاع الأرض. إنها هدية تحمل في طياتها السلام الداخلي والسكينة الروحية، وتجعل من لحظة التسبيح تجربة فريدة ومميزة.\"</p>', NULL, 51, 1),
(192, 'BEADS-light topaz', '<p>\"<br />Prayer beads hold a special place in the lives of Muslims, used for the remembrance and glorification of Allah. Giving a set of gemstone prayer beads as a gift is a symbol of appreciation and love, reflecting natural beauty and attention to detail.</p>\r\n<p>Benefits of Topaz Stone<br />These prayer beads are crafted from topaz, a gemstone known for its unique beauty and shiny luster. Topaz is believed to have several benefits, including:</p>\r\n<p>Enhancing calmness and balance: Topaz helps achieve emotional balance and enhances inner calmness.<br />Boosting self-confidence: It is believed to increase self-confidence and willpower.<br />Protection from negative energies: Topaz helps protect against negative energies and stress.<br />Enhancing focus and clarity: It contributes to improved focus and clear thinking.<br />Stimulating spiritual growth: Topaz aids in stimulating spiritual growth and self-awareness.<br />Special Design with the Map of Saudi Arabia<br />The prayer beads feature a pendant with the map of Saudi Arabia, silver-plated to add a luxurious touch. Additionally, the beads include a distinctive piece of topaz, uniquely crafted to showcase high craftsmanship and attention to detail. The product comes in beautiful packaging, making it a perfect gift for those who appreciate beauty and art.</p>\r\n<p>A Precious Gift from the Holiest Places on Earth<br />The topaz gemstone prayer beads are not just a tool for remembrance but a memento carrying the spirit of sacred places. By gifting them, you offer a precious keepsake that immortalizes the religious moments experienced in the holiest places on earth. It is a gift that carries inner peace and spiritual tranquility, making the act of remembrance a unique and special experience.\"</p>', NULL, 51, 2),
(193, 'سبحة حجر كريم- الليبيدوليت', '<p>\"التسبيح والاستغفار هما من أهم العبادات التي يتقرب بها المسلمون إلى الله، حيث يُذكر فيها الله بتمجيده وتسبيحه وتحميده واستغفاره. قال النبي محمد صلى الله عليه وسلم: \"\"من لزم الاستغفار جعل الله له من كل همٍّ فرجًا، ومن كل ضيق مخرجًا، ورزقه من حيث لا يحتسب\"\". تحمل السبحة مكانة خاصة لدى المسلمين، فهي تُستخدم في الأذكار والتسبيح، مما يجعلها جزءًا مهمًا من الحياة اليومية الروحانية. إهداء مسبحة من الأحجار الكريمة يُعتبر رمزًا للتقدير والمحبة، حيث تعكس الجمال الطبيعي والاهتمام بالتفاصيل.</p>\r\n<p>مميزات حجر الليبيدوليت<br />حجر الليبيدوليت الكريم هو حجر كريم فريد وقيم، يتميز بخصائص مهدئة ومنشطة. يُعرف بتهدئته للعقل وتخفيف الاكتئاب والقلق، مما يجعله أداة مفيدة لتعزيز التوازن العاطفي. يعتبر من الأحجار الكريمة المرغوبة لقدراته العلاجية المعترف بها. يمكن دمجه في ممارسات التأمل أو الممارسات الروحية لتحقيق تأثيرات إيجابية على صحتك العامة.</p>\r\n<p>تصميم خاص بقبة المدينة المنورة<br />تتميز هذه السبحة بتصميم قلادة فريد يحمل قبة المدينة المنورة، مطلية بالذهب لتضفي عليها لمسة فاخرة. المدينة المنورة، مدينة الرسول محمد صلى الله عليه وسلم، هي موطن المسجد النبوي الشريف وقبة الخضراء التي تعد من أهم معالم الإسلام. بالإضافة إلى ذلك، تحتوي السبحة على قطعة مميزة من حجر الليبيدوليت مصممة بشكل فريد، مما يعكس الحرفية العالية والاهتمام بالتفاصيل. يأتي هذا المنتج في تغليف جميل، مما يجعله هدية مثالية لكل من يقدر الجمال والفن.</p>\r\n<p>هدية قيمة من أطهر بقاع الأرض<br />سبحة حجر الليبيدوليت ليست مجرد أداة للتسبيح، بل هي تذكار يحمل روح الأماكن المقدسة. بإهدائها، تُقدم لمن تحب هدية تعبر عن حبك واهتمامك. إنها تذكير دائم بالسكينة الروحية والسلام الداخلي اللذين يمكن أن يجدهما المؤمن في لحظات الذكر. اقتناء هذه السبحة هو امتداد لتلك اللحظات الروحانية العميقة التي يعيشها المسلم في أطهر بقاع الأرض، مما يجعلها هدية تحمل في طياتها مشاعر خالدة ومعانٍ سامية.\"</p>', NULL, 52, 1),
(194, 'BEADS-lepidolite', '<p>\"Prayer beads and seeking forgiveness (Istighfar) are vital acts of worship in Islam, where Muslims glorify and seek forgiveness from Allah. The Prophet Muhammad (peace be upon him) said: \"\"Whoever makes Istighfar constantly, Allah will provide for him a way out of every distress and a relief from every anxiety, and will provide for him from where he does not expect.\"\" Prayer beads hold a special place for Muslims, making them an essential part of daily spiritual life. Gifting a set of gemstone prayer beads symbolizes appreciation and love, reflecting natural beauty and attention to detail.</p>\r\n<p>Benefits of Lepidolite Stone<br />Lepidolite is a unique and valuable gemstone, known for its calming and energizing properties. It is recognized for its ability to soothe the mind and alleviate depression and anxiety, making it an effective tool for enhancing emotional balance. This desirable gemstone is known for its therapeutic abilities and can be incorporated into meditation or spiritual practices for positive effects on overall health.</p>\r\n<p>Special Design with the Dome of Medina<br />The prayer beads feature a pendant with the Dome of Medina, gold-plated to add a luxurious touch. Medina, the city of the Prophet Muhammad (peace be upon him), is home to the Prophet\'s Mosque and the Green Dome, one of Islam\'s most important landmarks. Additionally, the beads include a distinctive piece of lepidolite, uniquely crafted to showcase high craftsmanship and attention to detail. The product comes in beautiful packaging, making it a perfect gift for those who appreciate beauty and art.</p>\r\n<p>A Precious Gift from the Holiest Places on Earth<br />The lepidolite gemstone prayer beads are not just a tool for remembrance but a memento carrying the spirit of sacred places. By gifting them, you offer a precious keepsake that immortalizes the profound spiritual moments experienced in the holiest places on earth. It is a gift that embodies deep love and concern, serving as a constant reminder of the peace and spiritual tranquility one finds in moments of remembrance. Acquiring these prayer beads extends those sacred moments into everyday life, making it a gift filled with enduring emotions and profound meanings.\"</p>', NULL, 52, 2),
(195, 'فرشاة معجون طبيعية -من البامبو', '<p>\"\"\"فرشاة أسنان من البامبو للسفر\"\"</p>\r\n<p>اكتشف الأناقة والعملية في كل تفصيلة مع فرشاة الأسنان المصنوعة من البامبو، المثالية لرفيقك أثناء السفر. تتميز هذه الفرشاة بجمال تصميمها الطبيعي وبراعتها في الجمع بين الفعالية والراحة، مما يجعلها الخيار المثالي للحفاظ على نظافة فمك أثناء التنقل.</p>\r\n<p>وصف المنتج<br />تمتاز فرشاة الأسنان هذه بمقبض مصنوع من البامبو الطبيعي، الذي يجمع بين القوة والمرونة مع لمسة من الرقي البيئي. البامبو ليس فقط صديقاً للبيئة، بل يوفر أيضاً قبضة مريحة وسهلة الاستخدام. تأتي الفرشاة مع علبة حفظ محكمة الإغلاق، مصممة خصيصاً لتناسب الشنطة أو حقيبة السفر، مما يحافظ على نظافتها ويحميها من التلف. بفضل تصميمها العملي، ستتمكن من حملها بسهولة أينما ذهبت، لتتمتع بأسنان نظيفة ومنعشة في كل رحلة.</p>\r\n<p>مميزات المنتج<br />-مقبض بامبو طبيعي: يوفر قبضة مريحة ومستدامة، مع لمسة من الأناقة الطبيعية.<br />- تصميم مناسب للسفر: تأتي الفرشاة مع علبة حفظ محكمة الإغلاق، تجعلها مثالية لحملها في الشنطة أو حقيبة السفر.<br />- صديقة للبيئة: مصنوعة من مواد صديقة للبيئة، مما يجعلها خياراً مسؤولاً ومستداماً.<br />- سهولة الاستخدام: تصميم مريح يسهل استخدامها حتى أثناء التنقل.<br />- حماية إضافية: العلبة تساعد في الحفاظ على نظافة الفرشاة وحمايتها من الأوساخ والتلف.</p>\r\n<p>مع هذه الفرشاة من البامبو، لن تحتاج إلى التنازل عن جودة العناية بالفم أثناء السفر. إنها تجسد التوازن المثالي بين الأداء البيئي والراحة، لتصبح شريكك المثالي في كل مغامرة.\"</p>', NULL, 53, 1),
(196, 'Toothbrush', '<p>\"Bamboo Travel Toothbrush with Case</p>\r\n<p>Discover elegance and practicality in every detail with this bamboo toothbrush, designed perfectly for your travels. Combining natural beauty with functionality, this toothbrush is the ideal companion for maintaining oral hygiene on the go.</p>\r\n<p>Product Description:<br />This toothbrush features a handle crafted from natural bamboo, offering both durability and flexibility with a touch of eco-friendly sophistication. The bamboo handle provides a comfortable grip and ease of use. The toothbrush comes with a secure travel case designed to fit neatly in your bag or suitcase, keeping it clean and protected from damage. With its practical design, you\'ll enjoy clean and fresh teeth wherever your adventures take you.</p>\r\n<p>Product Highlights:<br />- Natural Bamboo Handle: Provides a comfortable grip and sustainable elegance.<br />- Travel-Friendly Design: Comes with a secure case, making it perfect for carrying in your bag or suitcase.<br />- Eco-Friendly: Made from environmentally responsible materials, making it a conscious choice for sustainability.<br />- Ease of Use: Ergonomic design ensures convenience even when you\'re on the move.<br />- Extra Protection: The case helps keep the toothbrush clean and shields it from dirt and damage.</p>\r\n<p>With this bamboo toothbrush, you won&rsquo;t have to compromise on oral care quality during your travels. It strikes the perfect balance between environmental responsibility and comfort, making it your ideal travel companion.\"</p>', NULL, 53, 2),
(197, 'مروحة يدوية منقوشة بالشماغ', '<p>\"في حرارة الصيف وتحت الشمس الساطعة، يعكس الشماغ الفخر والأصالة. نقدم لكم مروحة يدوية بنقش الشماغ، لتوفر لك التهوية المنعشة بأسلوب تراثي وأنيق.</p>\r\n<p>وصف المنتج<br />هذه المروحة اليدوية مصممة لتجمع بين الوظيفة والجمال، مع نقش الشماغ الذي يعكس التراث السعودي:</p>\r\n<p>المميزات<br />تهوية منعشة: توفر تهوية فعالة في الأيام الحارة.<br />تصميم جذاب: نقش الشماغ يضفي لمسة من التراث والأناقة.<br />سهلة الحمل: تصميم عملي يناسب الحقائب الصغيرة.<br />متعددة الاستخدامات: مثالية للاستخدام اليومي والرحلات.\"</p>', NULL, 54, 1),
(198, 'Hand fan', '<p>\"Reflecting the pride and heritage of Saudi Arabia, our handheld fan with a shemagh pattern provides a refreshing breeze while adding a touch of cultural elegance to your daily life.</p>\r\n<p>Product Description<br />This stylish handheld fan features a shemagh pattern, providing a refreshing breeze in hot weather. Its compact design makes it perfect for carrying in small bags.</p>\r\n<p>Features<br />High-quality materials ensure durability.<br />Stylish shemagh pattern reflects Saudi heritage.<br />Compact design makes it easy to carry.\"</p>', NULL, 54, 2),
(199, 'مروحة يدوية لوحة مكة', '<p>\"في جمالية مكة المكرمة وروحها المقدسة. نقدم لكم مروحة يدوية برسم لةحة لمكة المكرمة، لتوفر لك التهوية المنعشة بأسلوب روحاني وأنيق.</p>\r\n<p>وصف المنتج<br />هذه المروحة اليدوية مصممة لتجمع بين الوظيفة والجمال</p>\r\n<p>المميزات<br />تهوية منعشة: توفر تهوية فعالة في الأيام الحارة.<br />تصميم جذاب و سهولة الحمل: تصميم عملي يناسب الحقائب الصغيرة.<br />متعددة الاستخدامات: مثالية للاستخدام اليومي والرحلات.\"</p>', NULL, 55, 1),
(200, 'Hand fan', '<p>\"Handheld Fan with Mecca Artwork</p>\r\n<p>Immerse yourself in the beauty and sacred spirit of Mecca with this elegant handheld fan, featuring a stunning depiction of the holy city. This fan not only provides refreshing airflow but also adds a touch of spiritual elegance to your experience.</p>\r\n<p>Product Description:<br />This handheld fan is designed to combine functionality with beauty, making it a perfect accessory for staying cool while celebrating the essence of Mecca.</p>\r\n<p>Features:<br />- Refreshing Breeze:Provides effective cooling on hot days.<br />- Attractive Design &amp; Easy to Carry: Practical design fits easily into small bags.<br />- Versatile Use:Ideal for daily use and travel.</p>\r\n<p>This fan is not just a cooling device but a beautiful piece that enhances your daily life with a touch of spiritual elegance.\"</p>', NULL, 55, 2),
(201, 'شارة أمتعة', '<p>\" \"\"شارة أمتعة على الطريقة السعودية\"\"</p>\r\n<p>احتفظ ببطاقة التعريف الخاصة بك بطريقة فريدة وجميلة مع شارة الأمتعة المصممة على الطريقة السعودية. تجمع هذه الشارة بين الأناقة والعملية، لتُضفي لمسة من الثقافة السعودية على أمتعتك، مما يجعلها تبرز بين باقي الأمتعة في كل رحلة.</p>\r\n<p>وصف المنتج<br />تُصنع شارة الأمتعة هذه من مواد عالية الجودة، مما يضمن متانتها ودوامها لفترة طويلة. التصميم يعكس الطابع السعودي الأصيل، مع تفاصيل فنية تنبض بالثقافة والتراث. الشارة مزودة بحافظة لبطاقة التعريف، مما يتيح لك إدراج معلوماتك الشخصية بطريقة آمنة وسهلة. تُضيف هذه الشارة لمسة من الفخر والتميز إلى أمتعتك، مما يجعلها لحظة سعودية تُفخر بها.</p>\r\n<p>مميزات المنتج:<br />- تصميم سعودي أصيل: يعكس الثقافة والتراث السعودي بلمسات فنية رائعة.<br />-مواد عالية الجودة: مصنوعة من مواد متينة لضمان تحمل الاستخدام اليومي.<br />- حافظة بطاقة مدمجة: تتيح لك وضع بطاقة التعريف الخاصة بك بشكل آمن وسهل الوصول.<br />- لمسة فريدة: تضيف لمسة من التميز والخصوصية لأمتعتك، مما يجعلها تبرز بين باقي الأمتعة.<br />- هدية مميزة: تُعتبر شارة الأمتعة هذه هدية رائعة لأي شخص ترغب بإهدائه لحظة سعودية.</p>\r\n<p>تُعتبر شارة الأمتعة هذه أكثر من مجرد أداة لتحديد أمتعتك؛ إنها تعبير عن الفخر بالتراث السعودي، وتُضفي لمسة من الجمال والتميز على كل رحلة تقوم بها.\"</p>', NULL, 56, 1),
(202, 'Card case', '<p>\"\"\"Saudi-Inspired Luggage Tag\"\"</p>\r\n<p>Keep your identification card in style with this unique and beautiful Saudi-inspired luggage tag. Combining elegance with practicality, this tag adds a touch of Saudi culture to your luggage, making it stand out on any trip.</p>\r\n<p>Product Description:<br />This luggage tag is crafted from high-quality materials, ensuring its durability and longevity. The design reflects authentic Saudi heritage with intricate artistic details. The tag features a holder for your ID card, allowing you to securely and easily insert your personal information. This tag adds a sense of pride and distinction to your luggage, making it a cherished Saudi moment.</p>\r\n<p>Product Features:<br />- Authentic Saudi Design: Reflects Saudi culture and heritage with exquisite artistic touches.<br />- High-Quality Materials: Made from durable materials to withstand daily use.<br />- Integrated ID Holder: Allows you to securely and conveniently place your ID card.<br />- Unique Touch: Adds a distinctive and personal touch to your luggage, making it stand out.<br />- Perfect Gift: This luggage tag makes a wonderful gift for anyone you wish to share a special Saudi moment with.</p>\r\n<p>This luggage tag is more than just a way to identify your luggage; it&rsquo;s a celebration of Saudi heritage, adding beauty and uniqueness to every journey you embark on.\"</p>', NULL, 56, 2),
(203, 'شارة أمتعة', '<p>\" \"\"شارة أمتعة على الطريقة السعودية\"\":</p>\r\n<p>احتفظ ببطاقة التعريف الخاصة بك بطريقة فريدة وجميلة مع شارة الأمتعة المصممة على الطريقة السعودية. تجمع هذه الشارة بين الأناقة والعملية، لتُضفي لمسة من الثقافة السعودية على أمتعتك، مما يجعلها تبرز بين باقي الأمتعة في كل رحلة.</p>\r\n<p>وصف المنتج<br />تُصنع شارة الأمتعة هذه من مواد عالية الجودة، مما يضمن متانتها ودوامها لفترة طويلة. التصميم يعكس الطابع السعودي الأصيل، مع تفاصيل فنية تنبض بالثقافة والتراث. الشارة مزودة بحافظة لبطاقة التعريف، مما يتيح لك إدراج معلوماتك الشخصية بطريقة آمنة وسهلة. تُضيف هذه الشارة لمسة من الفخر والتميز إلى أمتعتك، مما يجعلها لحظة سعودية تُفخر بها.</p>\r\n<p>مميزات المنتج:<br />- تصميم سعودي أصيل: يعكس الثقافة والتراث السعودي بلمسات فنية رائعة.<br />- مواد عالية الجودة: مصنوعة من مواد متينة لضمان تحمل الاستخدام اليومي.<br />- حافظة بطاقة مدمجة: تتيح لك وضع بطاقة التعريف الخاصة بك بشكل آمن وسهل الوصول.<br />- لمسة فريدة: تضيف لمسة من التميز والخصوصية لأمتعتك، مما يجعلها تبرز بين باقي الأمتعة.<br />-هدية مميزة: تُعتبر شارة الأمتعة هذه هدية رائعة لأي شخص ترغب بإهدائه لحظة سعودية.</p>\r\n<p>تُعتبر شارة الأمتعة هذه أكثر من مجرد أداة لتحديد أمتعتك؛ إنها تعبير عن الفخر بالتراث السعودي، وتُضفي لمسة من الجمال والتميز على كل رحلة تقوم بها.\"</p>', NULL, 57, 1),
(204, 'Card case', '<p>\"\"\"Saudi-Inspired Luggage Tag\"\"</p>\r\n<p>Keep your identification card in style with this unique and beautiful Saudi-inspired luggage tag. Combining elegance with practicality, this tag adds a touch of Saudi culture to your luggage, making it stand out on any trip.</p>\r\n<p>Product Description:<br />This luggage tag is made from high-quality materials, ensuring its durability and long-lasting use. The design reflects authentic Saudi heritage with intricate artistic details. The tag is equipped with a holder for your ID card, allowing you to insert your personal information securely and easily. This tag adds a sense of pride and distinction to your luggage, making it a cherished Saudi moment.</p>\r\n<p>Product Features:<br />- Authentic Saudi Design:Reflects Saudi culture and heritage with exquisite artistic touches.<br />- High-Quality Materials: Made from durable materials to withstand daily use.<br />- Integrated ID Holder:Allows you to securely and conveniently place your ID card.<br />- Unique Touch:Adds a distinctive and personal touch to your luggage, making it stand out.<br />- Perfect Gift:This luggage tag makes a wonderful gift for anyone you wish to share a special Saudi moment with.</p>\r\n<p>This luggage tag is more than just a way to identify your luggage; it&rsquo;s a celebration of Saudi heritage, adding beauty and uniqueness to every journey you embark on.\"</p>', NULL, 57, 2),
(205, 'حامل كرت شخصي مع تعليقة', '<p>\"وصف المنتج:<br />يأتي حامل الكروت هذا بتصميم أنيق مع تعليقة للرقبة، مما يجعله سهلاً ومريحًا في الاستخدام اليومي. مصنوع من مواد عالية الجودة، يضمن الحامل متانة واستدامة، بينما يضيف لمسة من الفخامة والتفرد على الطريقة السعودية الحامل مصمم ليتناسب مع جميع أنواع الكروت.</p>\r\n<p>مميزات المنتج:</p>\r\n<p>تصميم أنيق: يعكس هوية العلامة التجارية بلمسة فنية مميزة.<br />تعليقة مريحة للرقبة: تتيح لك حمل الحامل بأمان وسهولة، مما يجعله مثاليًا للمناسبات الرسمية والأعمال.\"</p>', NULL, 58, 1),
(206, 'Lanyard+ID card holder', '<p>\"Product Description:<br />This cardholder features an elegant design with a neck lanyard, making it easy and comfortable for daily use. Crafted from high-quality materials, the holder ensures durability and longevity while adding a touch of luxury and uniqueness in a distinctly Saudi style. The holder is designed to accommodate all types of cards.</p>\r\n<p>Product Features:</p>\r\n<p>- Elegant Design: Reflects the brand\'s identity with distinctive artistic touches.<br />- Comfortable Neck Lanyard: Allows you to carry the holder securely and easily, making it ideal for formal events and business occasions.</p>\r\n<p>This cardholder is not just functional; it\'s a stylish accessory that complements your professional and formal attire with a unique Saudian way flair.\"</p>', NULL, 58, 2),
(207, 'ستكرات مكية', '<p>\"تم تصميم \"\"مكية\"\" بعناية فائقة لتجسد جمال وسكينة حمام الحمى. كامل المجموعة مصنوعة من مواد آمنة وناعمة تناسب الأطفال، وبتفاصيل دقيقة تعكس ريشها الأبيض الناصع وعينيها الهادئتين. مجموعة \"\"مكية\"\" ليست مجرد قطعة تذكارية، بل هي منتجات محبوبة تروي قصة مدينة مقدسة.<br />تصميم المنتج<br />تم تصميم \"\" ملصقات مكية\"\" الشيقة، لتُظهرها في أزياء سعودية تقليدية متنوعة. يمكن للأطفال استخدام هذه الملصقات لتزيين دفاتر مذكراتهم، مما يضفي لمسة شخصية وجمالية على صفحاتهم. تساعد الملصقات في تعزيز حب التراث الوطني والاعتزاز بالهوية السعودية ومعرفتها اكثر</p>\r\n<p>المجموعة الشيقة</p>\r\n<p>تتضمن مجموعة \"\"مكية\"\" ملحقات متنوعة تجعل التجربة أكثر تفاعلية وتعليمية للأطفال:<br />&bull; شنطة فنية: تحتوي على جميع أنواع الألوان الخشبية والسائلة والشمعية، مما يتيح للأطفال التعبير عن إبداعهم.<br />&bull; كتيب تلوين: كتيب يحتوي على صور من روح السعودية، يمكن للأطفال تلوينها واكتشاف جمال التراث السعودي.<br />&bull; دفتر مذكرات: دفتر مميز لتسجيل مغامرات الأطفال وأفكارهم مع \"\"مكية\"\".<br />&bull; قلم مكية:قلم خاص بتصميم \"\"مكية\"\" ليكون رفيقًا للأطفال في كتاباتهم ورسمهم.<br />&bull; لعبة بزل القطن: لعبة ممتعة تساعد الأطفال على تنمية مهاراتهم الحركية والتفكير المنطقي.<br />&bull; ميدالية مكية : دمية صغيرة يمكن تعليقها على الشنط أو حملها مع المفاتيح، لتكون \"\"مكية\"\" دائمًا مع الأطفال أينما ذهبوا.<br />&bull; كوب مكية: بتصميم مميز ومواد بجودة عالية امن للاطفال<br />&bull; مجوهرات مطلية بالفضة: مجموعة مجوهرات لطيفة مطلية بالفضة لطفلتك الصغيرة، تحمل رمز \"\"مكية\"\"، لتعزيز الشعور بالتميز والجمال.</p>\r\n<p>\"\"مكية\"\" ليست مجرد دمية ومجموعتها، بل هي رسالة حب وسلام من أقدس بقاع الأرض. هي رمز لكل من عاش تجربة الحج أو العمرة، ولكل من يتوق إلى زيارة مكة المكرمة. بامتلاك \"\"مكية\"\" ومجموعتها الشيقة، تكون قد حملت معك جزءًا من روح مكة وتراثها العريق، وشاركتها مع أطفالك لتكون جزءًا من ذكرياتهم السعيدة وأوقات لعبهم الممتعة.\"</p>', NULL, 59, 1),
(208, 'Sticker MKYA', '<p>\"Introducing \"\"Mkya\"\" &ndash; The Ultimate Collection Celebrating the Beauty and Serenity of the Holy City</p>\r\n<p>Product Description:<br />Mkya is meticulously crafted to embody the grace and tranquility of the Sacred Mosque\'s doves. The entire collection is made from safe and soft materials suitable for children, with intricate details reflecting their pristine white feathers and calm eyes. \"\"Mkya\"\" is not just a souvenir; it&rsquo;s a beloved product that tells the story of a holy city.</p>\r\n<p>Product Design:<br />The Mkya Stickers are designed to showcase the character in various traditional Saudi outfits. Children can use these stickers to decorate their notebooks, adding a personal and aesthetic touch to their pages. These stickers help foster a love for national heritage and pride in Saudi identity.</p>\r\n<p><br />Exciting Collection<br />The \"\"Mkya\"\" collection includes various accessories that make the experience more interactive and educational for children:<br />Art Bag: Contains all types of wooden, liquid, and wax crayons, allowing children to express their creativity.<br />Coloring Book: A book with images of Saudi spirit, enabling children to color and explore the beauty of Saudi heritage.<br />Diary: A special notebook for children to record their adventures and thoughts with \"\"Mkya.\"\"<br />Mkya Pen: A unique pen designed with \"\"Mkya\"\" to accompany children in their writing and drawing.<br />Cotton Puzzle Game: A fun game that helps children develop their motor skills and logical thinking.<br />Mkya Keychain: A small toy that can be attached to bags or carried with keys, so \"\"Mkya\"\" is always with children wherever they go.<br />Mkya Cup: A uniquely designed and high-quality, child-safe cup.<br />Silver-Plated Jewelry: A cute set of silver-plated jewelry for your little one, bearing the \"\"Mkya\"\" symbol to enhance the feeling of uniqueness and beauty.</p>\r\n<p>\"\"Mkya\"\" is more than just a doll and its accessories; it is a message of love and peace from the holiest place on Earth. It is a symbol for those who have experienced the pilgrimage or Umrah, and for those who long to visit Mecca. By owning \"\"Mkya\"\" and its exciting collection, you carry a piece of Mecca\'s spirit and rich heritage with you, sharing it with your children to be part of their happy memories and playful moments.</p>\r\n<p>\"</p>', NULL, 59, 2),
(209, 'ملصقات  حوار', '<p>\"في قلب الصحراء العربية الشاسعة، حيث تتعانق رمالها الذهبية مع السماء الزرقاء، وُلد \"\"حوار\"\"، الجمل الصغير. في هذا العالم الذي يمتزج فيه التاريخ العريق مع الثقافة الغنية، يتجسد \"\"حوار\"\" كرمز للأصالة والتراث السعودي.</p>\r\n<p>تصميم المنتج<br />تم تصميم \"\" ملصقات حوار\"\" الشيقة، لتُظهر \"\"حوار\"\" في أزياء سعودية تقليدية متنوعة. يمكن للأطفال استخدام هذه الملصقات لتزيين دفاتر مذكراتهم، مما يضفي لمسة شخصية وجمالية على صفحاتهم. تساعد الملصقات في تعزيز حب التراث الوطني والاعتزاز بالهوية السعودية ومعرفتها اكثر</p>\r\n<p>معنى \"\"حوار\"\"<br />اختيار اسم \"\"حوار\"\" لم يكن محض صدفة. فالحوار هو الجمل الصغير الذي يمثل بداية جديدة وأملًا متجددًا. كما أن الاسم يحمل في طياته معاني الحوار والتفاهم، وهي قيم يعززها المجتمع السعودي في تعامله مع الآخرين.</p>\r\n<p>المجموعة الشيقة<br />تتضمن مجموعة \"\"حوار\"\" ملحقات متنوعة تجعل التجربة أكثر تفاعلية وتعليمية للأطفال:<br />&bull; الدمية حوار :الرفيق المثالي للأطفال، حيث يمكنهم احتضانه والنوم بجانبه، ليكون جزءًا من أحلامهم وأوقات لعبهم.<br />&bull; شنطة فنية: تحتوي على جميع أنواع الألوان الخشبية والسائلة والشمعية، مما يتيح للأطفال التعبير عن إبداعهم.<br />&bull; دفتر مذكرات: دفتر مميز لتسجيل مغامرات الأطفال وأفكارهم مع \"\"حوار\"\".<br />&bull; قلم: قلم خاص بتصميم \"\"حوار\"\" ليكون رفيقًا للأطفال في كتاباتهم ورسمهم.<br />&bull; لعبة بزل القطن: لعبة ممتعة تساعد الأطفال على تنمية مهاراتهم الحركية والتفكير المنطقي.<br />&bull; ميدالية حوار: ميدالية صغيرة يمكن تعليقها على الشنط أو حملها مع المفاتيح، لتكون \"\"حوار\"\" دائمًا مع الأطفال أينما ذهبوا.<br />&bull; مجموعة ملصقات \"\"حوار\"\" الشيقة، تُظهر \"\"حوار\"\" في أزياء سعودية تقليدية متنوعة.<br />&bull; كوب الأطفال : غير قابل للكسر وبرسومات سيليكون لا تتلاشى</p>\r\n<p>\"\"حوار\"\" ليس مجرد دمية، بل هو رسالة حب وسلام من قلب الصحراء. هو رمز لكل من عاش تجربة السعودية، ولكل من يتوق إلى اكتشاف جمالها وتراثها العريق. بامتلاك \"\"حوار\"\" ومجموعته الشيقة، تكون قد حملت معك جزءًا من روح السعودية وتراثها العريق، وشاركتها مع أطفالك لتكون جزءًا من ذكرياتهم السعيدة وأوقات لعبهم الممتعة.\"</p>', NULL, 60, 1),
(210, 'Sticker HWAR', '<p>\"In the heart of the vast Arabian desert, where golden sands embrace the blue sky, \"\"Hwar,\"\" the little camel, was born. In this world where ancient history intertwines with rich culture, \"\"Hwar\"\" emerges as a symbol of Saudi authenticity and heritage.</p>\r\n<p>Product Design:<br />The Hwar Stickers are designed to feature \"\"Hwar\"\" in various traditional Saudi outfits. Children can use these stickers to decorate their notebooks, adding a personal and aesthetic touch to their pages. These stickers help foster a love for national heritage and pride in Saudi identity.</p>\r\n<p>The Meaning of \"\"Hwar\"\":<br />The name \"\"Hwar\"\" was chosen with great care. \"\"Hwar\"\" means a young camel, representing a new beginning and renewed hope. The name also conveys the essence of dialogue and understanding, values deeply rooted in Saudi society.</p>\r\n<p>Exciting Collection<br />The \"\"Hwar\"\" collection includes various accessories that make the experience more interactive and educational for children:<br />- Hwar Plush Toy: The perfect companion for children to cuddle with and sleep beside, becoming part of their dreams and playtime.<br />- Art Bag: Contains all types of wooden, liquid, and wax crayons, allowing children to express their creativity.<br />- Diary: A special notebook for children to record their adventures and thoughts with Hwar.<br />- Hwar Pen: A pen featuring the Hwar design to accompany children in their writing and drawing.<br />- Cotton Puzzle Toy: A fun toy that helps children develop motor skills and logical thinking.<br />- Hwar Keychain: A small keychain that can be attached to bags or carried with keys, ensuring Hwar is always with the children wherever they go.<br />- Sticker Set: Featuring Hwar in various traditional Saudi outfits.<br />- Coloring Book: A book with images of Saudi spirit, allowing children to color and explore the beauty of Saudi heritage.</p>\r\n<p>\"\"Hwar\"\" is more than just a toy; it is a message of love and peace from the heart of the desert. It symbolizes the experience of Saudi Arabia, for those who have lived it and for those who long to discover its beauty and rich heritage. By owning \"\"Hwar\"\" and its exciting collection, you carry a piece of Saudi Arabia&rsquo;s spirit and heritage, sharing it with your children to be part of their happy memories and playtime.<br />\"</p>', NULL, 60, 2),
(211, 'قلم حوار', '<p>\"في قلب الصحراء العربية الشاسعة، حيث تتعانق رمالها الذهبية مع السماء الزرقاء، وُلد \"\"حوار\"\"، الجمل الصغير. في هذا العالم الذي يمتزج فيه التاريخ العريق مع الثقافة الغنية، يتجسد \"\"حوار\"\" كرمز للأصالة والتراث السعودي.</p>\r\n<p>تصميم المنتج<br />قلم \"\"حوار\"\" جاف وسلس، صمم خصيصًا ليكون رفيقًا للأطفال في كتاباتهم ورسمهم. يتميز القلم بجودة عالية وسهولة في الاستخدام، مما يجعل الكتابة تجربة ممتعة وسلسة. القلم يحمل تصميم \"\"حوار\"\"، مما يضيف لمسة ممتعة ومحببة للأطفال أثناء استخدامه. <br />معنى \"\"حوار\"\"<br />اختيار اسم \"\"حوار\"\" لم يكن محض صدفة. فالحوار هو الجمل الصغير الذي يمثل بداية جديدة وأملًا متجددًا. كما أن الاسم يحمل في طياته معاني الحوار والتفاهم، وهي قيم يعززها المجتمع السعودي في تعامله مع الآخرين.</p>\r\n<p>المجموعة الشيقة<br />تتضمن مجموعة \"\"حوار\"\" ملحقات متنوعة تجعل التجربة أكثر تفاعلية وتعليمية للأطفال:<br />&bull; الدمية حوار :الرفيق المثالي للأطفال، حيث يمكنهم احتضانه والنوم بجانبه، ليكون جزءًا من أحلامهم وأوقات لعبهم.<br />&bull; شنطة فنية: تحتوي على جميع أنواع الألوان الخشبية والسائلة والشمعية، مما يتيح للأطفال التعبير عن إبداعهم.<br />&bull; دفتر مذكرات: دفتر مميز لتسجيل مغامرات الأطفال وأفكارهم مع \"\"حوار\"\".<br />&bull; قلم: قلم خاص بتصميم \"\"حوار\"\" ليكون رفيقًا للأطفال في كتاباتهم ورسمهم.<br />&bull; لعبة بزل القطن: لعبة ممتعة تساعد الأطفال على تنمية مهاراتهم الحركية والتفكير المنطقي.<br />&bull; ميدالية حوار: ميدالية صغيرة يمكن تعليقها على الشنط أو حملها مع المفاتيح، لتكون \"\"حوار\"\" دائمًا مع الأطفال أينما ذهبوا.<br />&bull; مجموعة ملصقات \"\"حوار\"\" الشيقة، تُظهر \"\"حوار\"\" في أزياء سعودية تقليدية متنوعة.<br />&bull; كوب الأطفال : غير قابل للكسر وبرسومات سيليكون لا تتلاشى</p>\r\n<p>\"\"حوار\"\" ليس مجرد دمية، بل هو رسالة حب وسلام من قلب الصحراء. هو رمز لكل من عاش تجربة السعودية، ولكل من يتوق إلى اكتشاف جمالها وتراثها العريق. بامتلاك \"\"حوار\"\" ومجموعته الشيقة، تكون قد حملت معك جزءًا من روح السعودية وتراثها العريق، وشاركتها مع أطفالك لتكون جزءًا من ذكرياتهم السعيدة وأوقات لعبهم الممتعة.\"</p>', NULL, 61, 1);
INSERT INTO `product_descriptions` (`id`, `title`, `description`, `story`, `product_id`, `language_id`) VALUES
(212, 'pen HWAR', '<p>\"In the heart of the vast Arabian desert, where golden sands embrace the blue sky, \"\"Hwar,\"\" the little camel, was born. In this world where ancient history intertwines with rich culture, \"\"Hwar\"\" emerges as a symbol of Saudi authenticity and heritage.</p>\r\n<p>Product Design:<br />The Hwar Pen is a smooth, high-quality ballpoint pen designed to be a companion for children in their writing and drawing activities. It offers a delightful and seamless writing experience. Featuring the charming \"\"Hwar\"\" design, it adds a fun and beloved touch for children during use.</p>\r\n<p>The Meaning of \"\"Hwar\"\":<br />The name \"\"Hwar\"\" was chosen with great care. \"\"Hwar\"\" means a young camel, representing a new beginning and renewed hope. The name also conveys the essence of dialogue and understanding, values deeply rooted in Saudi society.</p>\r\n<p>Exciting Collection<br />The \"\"Hwar\"\" collection includes various accessories that make the experience more interactive and educational for children:<br />- Hwar Plush Toy: The perfect companion for children to cuddle with and sleep beside, becoming part of their dreams and playtime.<br />- Art Bag: Contains all types of wooden, liquid, and wax crayons, allowing children to express their creativity.<br />- Diary: A special notebook for children to record their adventures and thoughts with Hwar.<br />- Hwar Pen: A pen featuring the Hwar design to accompany children in their writing and drawing.<br />- Cotton Puzzle Toy: A fun toy that helps children develop motor skills and logical thinking.<br />- Hwar Keychain: A small keychain that can be attached to bags or carried with keys, ensuring Hwar is always with the children wherever they go.<br />- Sticker Set: Featuring Hwar in various traditional Saudi outfits.<br />- Coloring Book: A book with images of Saudi spirit, allowing children to color and explore the beauty of Saudi heritage.</p>\r\n<p>\"\"Hwar\"\" is more than just a toy; it is a message of love and peace from the heart of the desert. It symbolizes the experience of Saudi Arabia, for those who have lived it and for those who long to discover its beauty and rich heritage. By owning \"\"Hwar\"\" and its exciting collection, you carry a piece of Saudi Arabia&rsquo;s spirit and heritage, sharing it with your children to be part of their happy memories and playtime.</p>\r\n<p>\"</p>', NULL, 61, 2),
(213, 'قلم جاف مكية', '<p>\"تم تصميم \"\"مكية\"\" بعناية فائقة لتجسد جمال وسكينة حمام الحمى. كامل المجموعة مصنوعة من مواد آمنة وناعمة تناسب الأطفال، وبتفاصيل دقيقة تعكس ريشها الأبيض الناصع وعينيها الهادئتين. مجموعة \"\"مكية\"\" ليست مجرد قطعة تذكارية، بل هي منتجات محبوبة تروي قصة مدينة مقدسة.<br />تصميم المنتج<br />قلم \"\"مكية\"\" جاف وسلس، صمم خصيصًا يكون رفيقًا للأطفال في كتاباتهم ورسمهم. يتميز القلم بجودة عالية وسهولة في الاستخدام، مما يجعل الكتابة تجربة ممتعة وسلسة. القلم يحمل تصميم \"\"مكية\"\"، مما يضيف لمسة ممتعة ومحببة للأطفال أثناء استخدامه. <br />المجموعة الشيقة</p>\r\n<p>تتضمن مجموعة \"\"مكية\"\" ملحقات متنوعة تجعل التجربة أكثر تفاعلية وتعليمية للأطفال:<br />&bull; شنطة فنية: تحتوي على جميع أنواع الألوان الخشبية والسائلة والشمعية، مما يتيح للأطفال التعبير عن إبداعهم.<br />&bull; كتيب تلوين: كتيب يحتوي على صور من روح السعودية، يمكن للأطفال تلوينها واكتشاف جمال التراث السعودي.<br />&bull; دفتر مذكرات: دفتر مميز لتسجيل مغامرات الأطفال وأفكارهم مع \"\"مكية\"\".<br />&bull; قلم مكية:قلم خاص بتصميم \"\"مكية\"\" ليكون رفيقًا للأطفال في كتاباتهم ورسمهم.<br />&bull; لعبة بزل القطن: لعبة ممتعة تساعد الأطفال على تنمية مهاراتهم الحركية والتفكير المنطقي.<br />&bull; ميدالية مكية : دمية صغيرة يمكن تعليقها على الشنط أو حملها مع المفاتيح، لتكون \"\"مكية\"\" دائمًا مع الأطفال أينما ذهبوا.<br />&bull; كوب مكية: بتصميم مميز ومواد بجودة عالية امن للاطفال<br />&bull; مجوهرات مطلية بالفضة: مجموعة مجوهرات لطيفة مطلية بالفضة لطفلتك الصغيرة، تحمل رمز \"\"مكية\"\"، لتعزيز الشعور بالتميز والجمال.\"\"</p>\r\n<p>\"\"مكية\"\" ليست مجرد دمية ومجموعتها، بل هي رسالة حب وسلام من أقدس بقاع الأرض. هي رمز لكل من عاش تجربة الحج أو العمرة، ولكل من يتوق إلى زيارة مكة المكرمة. بامتلاك \"\"مكية\"\" ومجموعتها الشيقة، تكون قد حملت معك جزءًا من روح مكة وتراثها العريق، وشاركتها مع أطفالك لتكون جزءًا من ذكرياتهم السعيدة وأوقات لعبهم الممتعة.\"</p>', NULL, 62, 1),
(214, 'pen MKYA', '<p>\"\"\"Mkya\"\" has been meticulously designed to embody the beauty and tranquility of the sacred dove. This entire collection is crafted from safe and soft materials suitable for children, with fine details that reflect its pure white feathers and serene eyes. \"\"Mkya\"\" is not just a souvenir; it is a beloved product that tells the story of a holy city.**</p>\r\n<p>Product Design:<br />The Mkya Pen is a smooth, high-quality ballpoint pen designed to be a companion for children in their writing and drawing activities. It offers a delightful and seamless writing experience. Featuring the charming \"\"Mkya\"\" design, it adds a fun and beloved touch for children during use.</p>\r\n<p><br />Exciting Collection<br />The \"\"Mkya\"\" collection includes various accessories that make the experience more interactive and educational for children:</p>\r\n<p>Art Bag: Contains all types of wooden, liquid, and wax crayons, allowing children to express their creativity.<br />Coloring Book: A book with images of Saudi spirit, enabling children to color and explore the beauty of Saudi heritage.<br />Diary: A special notebook for children to record their adventures and thoughts with \"\"Mkya.\"\"<br />Mkya Pen: A unique pen designed with \"\"Mkya\"\" to accompany children in their writing and drawing.<br />Cotton Puzzle Game: A fun game that helps children develop their motor skills and logical thinking.<br />Mkya Keychain: A small toy that can be attached to bags or carried with keys, so \"\"Mkya\"\" is always with children wherever they go.<br />Mkya Cup: A uniquely designed and high-quality, child-safe cup.<br />Silver-Plated Jewelry: A cute set of silver-plated jewelry for your little one, bearing the \"\"Mkya\"\" symbol to enhance the feeling of uniqueness and beauty.</p>\r\n<p>\"\"Mkya \"\"is more than just a toy and its collection; it is a message of love and peace from the holiest places on earth. It is a symbol for those who have experienced the pilgrimage or yearn to visit Mecca. By owning \"\"Mkya\"\" and its exciting collection, you carry a piece of Mecca\'s spirit and heritage, sharing it with your children to be part of their happy memories and enjoyable playtimes.\"\"</p>\r\n<p>This translation is thoughtfully crafted to ensure clarity and correctness in English grammar, making it easy to understand.\"</p>', NULL, 62, 2),
(215, 'مجموعة الوان  حوار', '<p>\"في قلب الصحراء العربية الشاسعة، حيث تتعانق رمالها الذهبية مع السماء الزرقاء، وُلد \"\"حوار\"\"، الجمل الصغير. في هذا العالم الذي يمتزج فيه التاريخ العريق مع الثقافة الغنية، يتجسد \"\"حوار\"\" كرمز للأصالة والتراث السعودي.</p>\r\n<p>تصميم المنتج<br />في عالم مليء بالألوان والإبداع، تأتي الشنطة الفنية لشخصية \"\"حوار\"\" لتكون الرفيق المثالي لطفلك في رحلته الإبداعية. تم تصميم هذه الشنطة لتناسب جميع ما يحبه الأطفال، من ألوان متنوعة وأدوات فنية تساعدهم على إخراج مواهبهم وإبداعهم بكل حرية ومتعة. تأتي الشنطة بشخصية \"\"حوار\"\" الممتعة، مما يجعلها أكثر جاذبية وإلهامًا للأطفال.</p>\r\n<p>محتويات الشنطة<br />ألوان شمعية: مجموعة من الألوان الشمعية الناعمة والسلسة، التي تتيح للأطفال التعبير عن أفكارهم بطريقة حيوية وممتعة.<br />ألوان خشبية: ألوان خشبية عالية الجودة، تمنح الأطفال تجربة تلوين دقيقة ومتعددة الاستخدامات.<br />ألوان مائية: مجموعة من الألوان المائية، تسمح للأطفال بتجربة الرسم المائي وإنشاء لوحات فنية مبتكرة.<br />محاية: محاية عالية الجودة لمحو الأخطاء بسهولة.<br />مشابك: مجموعة من المشابك لتثبيت الأوراق والمشاريع الفنية.<br />غراء: غراء آمن للأطفال، يستخدم للصق الألوان والمواد الأخرى بشكل متين وآمن.<br />تم تصنيع الشنطة الفنية من أجود المواد، لتضمن لطفلك تجربة لعب ممتعة وآمنة. مع دمية \"\"حوار\"\" المميزة، ستكون الشنطة الفنية رفيقة طفلك المثالية، تتيح له قضاء أوقات مليئة بالإبداع والمرح، مما يعزز من مهاراته الفنية ويشجعه على التعبير عن ذاته بطرق مبتكرة وجميلة.<br /><br />معنى \"\"حوار\"\"<br />اختيار اسم \"\"حوار\"\" لم يكن محض صدفة. فالحوار هو الجمل الصغير الذي يمثل بداية جديدة وأملًا متجددًا. كما أن الاسم يحمل في طياته معاني الحوار والتفاهم، وهي قيم يعززها المجتمع السعودي في تعامله مع الآخرين.</p>\r\n<p>المجموعة الشيقة<br />تتضمن مجموعة \"\"حوار\"\" ملحقات متنوعة تجعل التجربة أكثر تفاعلية وتعليمية للأطفال:<br />&bull; الدمية حوار :الرفيق المثالي للأطفال، حيث يمكنهم احتضانه والنوم بجانبه، ليكون جزءًا من أحلامهم وأوقات لعبهم.<br />&bull; شنطة فنية: تحتوي على جميع أنواع الألوان الخشبية والسائلة والشمعية، مما يتيح للأطفال التعبير عن إبداعهم.<br />&bull; دفتر مذكرات: دفتر مميز لتسجيل مغامرات الأطفال وأفكارهم مع \"\"حوار\"\".<br />&bull; قلم: قلم خاص بتصميم \"\"حوار\"\" ليكون رفيقًا للأطفال في كتاباتهم ورسمهم.<br />&bull; لعبة بزل القطن: لعبة ممتعة تساعد الأطفال على تنمية مهاراتهم الحركية والتفكير المنطقي.<br />&bull; ميدالية حوار: ميدالية صغيرة يمكن تعليقها على الشنط أو حملها مع المفاتيح، لتكون \"\"حوار\"\" دائمًا مع الأطفال أينما ذهبوا.<br />&bull; مجموعة ملصقات \"\"حوار\"\" الشيقة، تُظهر \"\"حوار\"\" في أزياء سعودية تقليدية متنوعة.<br />&bull; كوب الأطفال : غير قابل للكسر وبرسومات سيليكون لا تتلاشى</p>\r\n<p>\"\"حوار\"\" ليس مجرد دمية، بل هو رسالة حب وسلام من قلب الصحراء. هو رمز لكل من عاش تجربة السعودية، ولكل من يتوق إلى اكتشاف جمالها وتراثها العريق. بامتلاك \"\"حوار\"\" ومجموعته الشيقة، تكون قد حملت معك جزءًا من روح السعودية وتراثها العريق، وشاركتها مع أطفالك لتكون جزءًا من ذكرياتهم السعيدة وأوقات لعبهم الممتعة.\"</p>', NULL, 63, 1),
(216, 'STATIONERY SET-HWAR', '<p>\"\"\"Hwar\"\"was born in the vast Arabian desert, where golden sands meet the blue sky. In this world that blends ancient history with rich culture, **Hwar** emerges as a symbol of authenticity and Saudi heritage.</p>\r\n<p>Product Design:<br />In a world full of colors and creativity, the **Hwar Art Bag** is the perfect companion for your child on their creative journey. This bag is designed to include everything children love, from a variety of colors to art tools that help them unleash their talents and creativity with freedom and joy. Featuring the delightful **Hwar** character, the bag becomes even more attractive and inspiring for children.</p>\r\n<p>Contents of the Art Bag:<br />- Crayons: A set of smooth and soft crayons that allow children to express their ideas in a vibrant and fun way.<br />- Colored Pencils:High-quality colored pencils provide children with a precise and versatile coloring experience.<br />- Watercolors:A set of watercolors enables children to experience watercolor painting and create innovative art pieces.<br />- Eraser: A high-quality eraser for easy correction of mistakes.<br />- Clips: A set of clips to hold papers and art projects together.<br />- Glue: Child-safe glue for securely attaching colors and other materials.</p>\r\n<p>The art bag is made from the finest materials to ensure a fun and safe play experience for your child. With the unique **Hwar** character, the art bag will be your child&rsquo;s ideal companion, allowing them to spend creative and enjoyable times, enhancing their artistic skills and encouraging them to express themselves in innovative and beautiful ways.</p>\r\n<p>The Meaning of \"\"Hwar\"\":<br />The choice of the name **Hwar** was not by chance. **Hwar** is the young camel that represents a new beginning and renewed hope. The name also embodies the values of dialogue and understanding, which the Saudi society promotes in its interactions with others.</p>\r\n<p>Exciting Collection<br />The \"\"Hwar\"\" collection includes various accessories that make the experience more interactive and educational for children:<br />- Hwar Plush Toy: The perfect companion for children to cuddle with and sleep beside, becoming part of their dreams and playtime.<br />- Art Bag: Contains all types of wooden, liquid, and wax crayons, allowing children to express their creativity.<br />- Diary: A special notebook for children to record their adventures and thoughts with Hwar.<br />- Hwar Pen: A pen featuring the Hwar design to accompany children in their writing and drawing.<br />- Cotton Puzzle Toy: A fun toy that helps children develop motor skills and logical thinking.<br />- Hwar Keychain: A small keychain that can be attached to bags or carried with keys, ensuring Hwar is always with the children wherever they go.<br />- Sticker Set: Featuring Hwar in various traditional Saudi outfits.<br />- Coloring Book: A book with images of Saudi spirit, allowing children to color and explore the beauty of Saudi heritage.</p>\r\n<p>Hwar is not just a toy but a message of love and peace from the heart of the desert. It is a symbol for those who have experienced Saudi Arabia and for those who yearn to discover its beauty and rich heritage. By owning **Hwar** and its exciting collection, you carry with you a piece of Saudi spirit and heritage, sharing it with your children to be part of their happy memories and enjoyable playtimes.</p>\r\n<p>&nbsp;</p>', NULL, 63, 2),
(217, 'مجموعة الوان مكية', '<p>\"تم تصميم \"\"مكية\"\" بعناية فائقة لتجسد جمال وسكينة حمام الحمى. كامل المجموعة مصنوعة من مواد آمنة وناعمة تناسب الأطفال، وبتفاصيل دقيقة تعكس ريشها الأبيض الناصع وعينيها الهادئتين. مجموعة \"\"مكية\"\" ليست مجرد قطعة تذكارية، بل هي منتجات محبوبة تروي قصة مدينة مقدسة.<br />تصميم المنتج<br />في عالم مليء بالألوان والإبداع، تأتي الشنطة الفنية لشخصية \"\"مكية\"\" لتكون الرفيق المثالي لطفلك في رحلته الإبداعية. تم تصميم هذه الشنطة لتناسب جميع ما يحبه الأطفال، من ألوان متنوعة وأدوات فنية تساعدهم على إخراج مواهبهم وإبداعهم بكل حرية ومتعة. تأتي الشنطة بشخصية \"\"مكية\"\" الممتعة، مما يجعلها أكثر جاذبية وإلهامًا للأطفال.</p>\r\n<p>محتويات الشنطة<br />ألوان شمعية: مجموعة من الألوان الشمعية الناعمة والسلسة، التي تتيح للأطفال التعبير عن أفكارهم بطريقة حيوية وممتعة.<br />ألوان خشبية: ألوان خشبية عالية الجودة، تمنح الأطفال تجربة تلوين دقيقة ومتعددة الاستخدامات.<br />ألوان مائية: مجموعة من الألوان المائية، تسمح للأطفال بتجربة الرسم المائي وإنشاء لوحات فنية مبتكرة.<br />مسطرة: مسطرة شفافة لقياس ورسم الخطوط بدقة.<br />محاية: محاية عالية الجودة لمحو الأخطاء بسهولة.<br />مشابك: مجموعة من المشابك لتثبيت الأوراق والمشاريع الفنية.<br />غراء: غراء آمن للأطفال، يستخدم للصق الألوان والمواد الأخرى بشكل متين وآمن.<br />تم تصنيع الشنطة الفنية من أجود المواد، لتضمن لطفلك تجربة لعب ممتعة وآمنة. مع دمية \"\"مكية\"\" المميزة، ستكون الشنطة الفنية رفيقة طفلك المثالية، تتيح له قضاء أوقات مليئة بالإبداع والمرح، مما يعزز من مهاراته الفنية ويشجعه على التعبير عن ذاته بطرق مبتكرة وجميلة.</p>\r\n<p>المجموعة الشيقة</p>\r\n<p>تتضمن مجموعة \"\"مكية\"\" ملحقات متنوعة تجعل التجربة أكثر تفاعلية وتعليمية للأطفال:<br />&bull; شنطة فنية: تحتوي على جميع أنواع الألوان الخشبية والسائلة والشمعية، مما يتيح للأطفال التعبير عن إبداعهم.<br />&bull; كتيب تلوين: كتيب يحتوي على صور من روح السعودية، يمكن للأطفال تلوينها واكتشاف جمال التراث السعودي.<br />&bull; دفتر مذكرات: دفتر مميز لتسجيل مغامرات الأطفال وأفكارهم مع \"\"مكية\"\".<br />&bull; قلم مكية:قلم خاص بتصميم \"\"مكية\"\" ليكون رفيقًا للأطفال في كتاباتهم ورسمهم.<br />&bull; لعبة بزل القطن: لعبة ممتعة تساعد الأطفال على تنمية مهاراتهم الحركية والتفكير المنطقي.<br />&bull; ميدالية مكية : دمية صغيرة يمكن تعليقها على الشنط أو حملها مع المفاتيح، لتكون \"\"مكية\"\" دائمًا مع الأطفال أينما ذهبوا.<br />&bull; كوب مكية: بتصميم مميز ومواد بجودة عالية امن للاطفال<br />&bull; مجوهرات مطلية بالفضة: مجموعة مجوهرات لطيفة مطلية بالفضة لطفلتك الصغيرة، تحمل رمز \"\"مكية\"\"، لتعزيز الشعور بالتميز والجمال.</p>\r\n<p><br />\"\"مكية\"\" ليست مجرد دمية ومجموعتها، بل هي رسالة حب وسلام من أقدس بقاع الأرض. هي رمز لكل من عاش تجربة الحج أو العمرة، ولكل من يتوق إلى زيارة مكة المكرمة. بامتلاك \"\"مكية\"\" ومجموعتها الشيقة، تكون قد حملت معك جزءًا من روح مكة وتراثها العريق، وشاركتها مع أطفالك لتكون جزءًا من ذكرياتهم السعيدة وأوقات لعبهم الممتعة.\"</p>', NULL, 64, 1),
(218, 'STATIONERY SET-MKYA', '<p>\"\"\"Mkya\"\" has been meticulously designed to embody the beauty and tranquility of the sacred dove. The entire collection is crafted from safe and soft materials suitable for children, with fine details that reflect its pure white feathers and serene eyes. Mkya is not just a souvenir; it is a beloved product that tells the story of a holy city.</p>\r\n<p>Product Design:<br />In a world filled with colors and creativity, the **Mkya Art Bag** is the perfect companion for your child on their creative journey. This bag is designed to include everything children love, from various colors and art tools that help them unleash their talents and creativity with freedom and joy. The bag features the charming **Mkya** character, making it even more attractive and inspiring for children.</p>\r\n<p>Contents of the Art Bag:<br />- Crayons:A set of smooth and soft crayons, allowing children to express their ideas in a vibrant and fun way.<br />- Colored Pencils: High-quality colored pencils, providing children with a precise and versatile coloring experience.<br />- Watercolors: A set of watercolors, enabling children to experience watercolor painting and create innovative art pieces.<br />- Eraser: A high-quality eraser for easy correction of mistakes.<br />- Clips: A set of clips to hold papers and art projects together.<br />- Glue: Child-safe glue for securely attaching colors and other materials.</p>\r\n<p>The art bag is made from the finest materials to ensure a fun and safe play experience for your child. With the unique **Mkya** character, the art bag will be your child&rsquo;s ideal companion, allowing them to spend creative and enjoyable times, enhancing their artistic skills and encouraging them to express themselves in innovative and beautiful ways.</p>\r\n<p><br />Exciting Collection<br />The \"\"Mkya\"\" collection includes various accessories that make the experience more interactive and educational for children:<br />Art Bag: Contains all types of wooden, liquid, and wax crayons, allowing children to express their creativity.<br />Coloring Book: A book with images of Saudi spirit, enabling children to color and explore the beauty of Saudi heritage.<br />Diary: A special notebook for children to record their adventures and thoughts with \"\"Mkya.\"\"<br />Mkya Pen: A unique pen designed with \"\"Mkya\"\" to accompany children in their writing and drawing.<br />Cotton Puzzle Game: A fun game that helps children develop their motor skills and logical thinking.<br />Mkya Keychain: A small toy that can be attached to bags or carried with keys, so \"\"Mkya\"\" is always with children wherever they go.<br />Mkya Cup: A uniquely designed and high-quality, child-safe cup.<br />Silver-Plated Jewelry: A cute set of silver-plated jewelry for your little one, bearing the \"\"Mkya\"\" symbol to enhance the feeling of uniqueness and beauty.</p>\r\n<p>\"\"Mkya\"\" is more than just a toy and its collection; it is a message of love and peace from the holiest places on earth. It is a symbol for those who have experienced the pilgrimage or yearn to visit Mecca. By owning **Mkya** and its exciting collection, you carry a piece of Mecca\'s spirit and heritage, sharing it with your children to be part of their happy memories and enjoyable playtimes.<br />\"</p>', NULL, 64, 2),
(219, 'تحفة الكرات الكرستالية المضيئة تصميم بوابة مكة', '<p>\" تحفة الكرات الكرستالية المضيئة بتصميم بوابة مكة<br />وصف المنتج:<br />استمتع بروعة وتحفة فنية مذهلة مع كرة كريستالية مضيئة تُجسد تصميم بوابة مكة. تأخذك هذه التحفة إلى عالم من الروحانية والجمال، حيث تُعيد إلى الأذهان المشهد الخاشع والدافئ للبوابة الشهيرة، التي تُعد رمزًا لمدينة مكة المكرمة.</p>\r\n<p>مميزات المنتج:</p>\r\n<p>قاعدة خشبية: تُضفي لمسة من الفخامة والأصالة، مما يعزز جمال الكرة الكريستالية.<br />سلك شاحن وقابلة للشحن: تتيح لك سهولة الاستخدام من دون الحاجة إلى تغيير البطاريات بشكل متكرر.<br />أزرار للإغلاق والفتح: لتخصيص إضاءة الكرة كما ترغب.<br />ضوء مناسب لغرف النوم: يخلق أجواءً هادئة ومريحة، مناسبة لأي مكان ترغب في إضافة لمسة جمالية وتذكارية به.\"</p>', NULL, 65, 1),
(220, 'LED Crystal ball', '<p>\"Illuminated Crystal Ball with Mecca Gate Design<br />Product Description:<br />Immerse yourself in the stunning artistry of the Illuminated Crystal Ball, featuring the iconic Mecca Gate design. This exquisite piece transports you to a world of spirituality and beauty, evoking the serene and reverent scene of the famous gate, a symbol of the holy city of Mecca.</p>\r\n<p>Product Features:</p>\r\n<p>- Wooden Base:Adds a touch of luxury and authenticity, enhancing the crystal ball\'s beauty.<br />- Rechargeable with Charging Cable:** Offers ease of use without the need for frequent battery changes.<br />- On/Off Buttons:Allow you to customize the lighting of the ball as you wish.<br />- Bedroom-Suitable Light:Ceates a calm and relaxing ambiance, perfect for any space where you want to add a beautiful and commemorative touch.\"</p>', NULL, 65, 2),
(221, 'تحفة الكرات  الكرستالية المضيئة تصميم الجمل', '<p>\"تحفة الكرات الكرستالية المضيئة بتصميم الجمل<br />وصف المنتج:<br />اكتشف جمال الصحراء وأصالتها مع كرة كريستالية مضيئة تُظهر تصميم الجمل. تُبرز هذه التحفة الحيوية والجمال الذي يُمثل التراث الصحراوي، مما يجعلها تجسيدًا للأصالة والرحلات التقليدية في قلب المملكة.</p>\r\n<p>مميزات المنتج:</p>\r\n<p>قاعدة خشبية: تضيف أناقة وملمسًا طبيعيًا يتكامل مع التصميم الصحراوي.<br />سلك شاحن وقابلة للشحن: يوفر سهولة في الاستخدام، مما يجعله عمليًا ومريحًا.<br />أزرار للإغلاق والفتح: للتحكم في إضاءة الكرة بما يتناسب مع مزاجك.<br />ضوء مناسب لغرف النوم: ينشر ضوءًا ناعمًا يخلق أجواءً دافئة ومريحة، مثاليًا لأي مكان تُضيف إليه لمسة جمالية تذكارية.\"</p>', NULL, 66, 1),
(222, 'LED Crystal ball', '<p>\"Illuminated Crystal Ball with Camel Design</p>\r\n<p>Product Description:<br />Discover the beauty and authenticity of the desert with the Illuminated Crystal Ball featuring a camel design. This exquisite piece highlights the vitality and charm that represent the desert heritage, making it a true embodiment of tradition and the classic journeys through the heart of the kingdom.</p>\r\n<p>Product Features:</p>\r\n<p>- Wooden Base: Adds elegance and a natural touch, perfectly complementing the desert-themed design.<br />- Rechargeable with Charging Cable: Provides ease of use, making it practical and convenient.<br />- On/Off Buttons:Allow you to control the lighting of the ball to match your mood.<br />- Bedroom-Suitable Light:Emits a soft glow that creates a warm and comfortable ambiance, ideal for adding a beautiful and commemorative touch to any space.\"</p>', NULL, 66, 2),
(223, 'تحفة الكرات الكرستالية المضيئة تصميم دعاء المسلم', '<p>\"تحفة الكرات الكرستالية المضيئة بتصميم دعاء المسلم<br />وصف المنتج:<br />تُعد هذه الكرة الكريستالية المضيئة بتصميم دعاء المسلم تجسيدًا للروحانية والسكينة. تُظهر الأضواء داخل الكرة دعاءً يعزز من تجربة التأمل والتفكر، مما يخلق جواً من الهدوء والإيجابية في أي مكان تُعرض فيه.<br />.</p>\r\n<p>مميزات المنتج:</p>\r\n<p>قاعدة خشبية: توفر دعامة قوية وأناقة لتكمل التصميم الروحاني.<br />سلك شاحن وقابلة للشحن: تتيح لك استخداماً مريحاً وسهلاً، مع تجنب الحاجة لتغيير البطاريات.<br />أزرار للإغلاق والفتح: تتيح لك التحكم في الإضاءة بما يتناسب مع احتياجاتك.<br />ضوء مناسب لغرف النوم: ينشر ضوءًا هادئًا ومريحًا، مثاليًا لأي مكان تريد أن تضيف إليه لمسة روحانية وتذكارية.<br />تُعتبر هذه التحف الفنية الكريستالية المضيئة أكثر من مجرد ديكور؛ إنها تعبير عن الجمال الروحي والثقافي للمملكة العربية السعودية، لتُضفي لمسة من التميز والجمال إلى أي مكان تُعرض فيه.</p>', NULL, 67, 1),
(224, 'LED Crystal ball', '<p>\"Illuminated Crystal Ball with Muslim Prayer Design<br />Product Description:<br />This illuminated crystal ball, featuring a Muslim prayer design, embodies spirituality and tranquility. The lights within the ball display a prayer, enhancing the experience of reflection and meditation, creating an atmosphere of peace and positivity wherever it is displayed.</p>\r\n<p>Product Features:</p>\r\n<p>- Wooden Base: Provides a strong support and elegance to complement the spiritual design.<br />- Rechargeable with Charging Cable:** Allows for convenient and easy use, eliminating the need for frequent battery changes.<br />-On/Off Buttons: Enable you to control the lighting to suit your needs.<br />- Bedroom-Suitable Light: Emits a calm and soothing glow, ideal for adding a spiritual and commemorative touch to any space.</p>\r\n<p>These illuminated crystal art pieces are more than just decor; they express the spiritual and cultural beauty of Saudi Arabia, adding a touch of distinction and elegance to any setting.\"</p>', NULL, 67, 2),
(225, 'سجاد صلاة نقوش الشماغ السعودي مع حقيبة', '<p>\"في كل تفاصيل الحياة اليومية، يعكس الشماغ الفخر والأصالة. نقدم لكم سجادة ناعمة بنقش الشماغ، لتضفي لمسة من التراث والأناقة على صلواتك وتجاربك اليومية.</p>\r\n<p>وصف المنتج<br />هذه السجادة مصممة بعناية لتعكس التراث السعودي وتوفر الراحة في نفس الوقت:</p>\r\n<p>المميزات<br />جودة عالية: مصنوعة من مواد عالية الجودة لضمان المتانة.<br />تصميم جذاب: نقش الشماغ يضفي لمسة من التراث والفخامة.<br />سهلة الحمل: تأتي مع شنطة لتسهيل حملها أثناء التنقل.<br />متعددة الاستخدامات: مثالية للصلاة في المنزل أو الخارج.\"</p>', NULL, 68, 1),
(226, '\"prayer mat-SA \"', '<p>\"The shemagh symbolizes pride and heritage in Saudi culture. Our soft prayer mat, featuring a shemagh pattern, combines tradition with comfort, perfect for daily prayers.</p>\r\n<p>Product Description<br />This high-quality prayer mat is adorned with the shemagh pattern and comes with a carrying bag. It is ideal for use in the mosque, for outdoor prayers, or as a decorative piece at home.</p>\r\n<p>Features<br />High-quality materials ensure softness and durability.<br />Shemagh pattern adds a touch of cultural elegance.<br />Comes with a carrying bag for easy portability.\"</p>', NULL, 68, 2),
(227, 'سجاد صلاة لوحة مكة مع حقيبة', '<p>\"في قلب العالم الإسلامي، حيث تتعلق الأرواح بجبالها الشامخة ومعالمها المقدسة، تقع مكة المكرمة. هذه المدينة التي تحتضن الحرم المكي والمشاعر المقدسة، تمثل رمزاً للإيمان والسلام. نقدم لكم مجموعة منتجات مستوحاة من روح مكة المكرمة، لتكون ذكريات جميلة تحملها معك أينما ذهبت.<br />الوصف:<br />سجادة صلاة فاخرة مصممة بنقوش وألوان تعكس جمال وروح مكة المكرمة، مصنوعة بعناية فائقة لتوفير راحة لا مثيل لها أثناء الصلاة.</p>\r\n<p>المميزات:<br />تصميم أنيق: مستوحى من النقوش والزخارف التقليدية لمكة المكرمة.<br />مصنوعة من مواد عالية الجودة: لضمان الراحة والمتانة.<br />حجم مثالي: مناسب للاستخدام في المنزل أو في المسجد.<br />سهلة الحمل: تأتي مع شنطة لتسهيل حملها أثناء التنقل\"</p>', NULL, 69, 1),
(228, 'prayer mat-MAKKAH', '<p>\"Luxury Prayer Rug Inspired by the Spirit of Mecca</p>\r\n<p>In the heart of the Islamic world, where souls connect with its majestic mountains and sacred landmarks, lies Mecca. This city, home to the Holy Mosque and sacred sites, stands as a symbol of faith and peace. We present to you a collection of products inspired by the spirit of Mecca, offering beautiful mementos to carry with you wherever you go.**</p>\r\n<p>Description:<br />A luxurious prayer rug designed with patterns and colors that reflect the beauty and spirit of Mecca. Crafted with utmost care to provide unparalleled comfort during prayer.</p>\r\n<p>Features:</p>\r\n<p>- Elegant Design: Inspired by traditional Meccan patterns and motifs.<br />- High-Quality Materials:Ensuring comfort and durability.<br />- Perfect Size: Suitable for use at home or in the mosque.<br />- Portable: Comes with a carrying bag for easy transport.\"</p>', NULL, 69, 2),
(229, 'قبعة رأس رياضية الطريقة السعودية', '<p>\"</p>\r\n<p>كاب بيسبول بشعار الطريقة السعودية</p>\r\n<p>ارتدي فخر المملكة العربية السعودية مع هذا الكاب الأنيق المصنوع من مواد عالية الجودة. يتميز الكاب بشعار الطريقة السعودية المطرز على اللوحة الأمامية، مع تصميم يعكس البساطة والروح الوطنية.</p>\r\n<p>المواصفات:<br />-المواد: قطن، إبزيم معدني للإغلاق<br />.لوحة أمامية مع شعار مطرز.</p>\r\n<p>\"</p>', NULL, 70, 1),
(230, '\"saudian way cap \"', '<p>\"<br />Saudian way Logo Baseball Cap</p>\r\n<p>Show your pride in Saudi Arabia with this stylish baseball cap made from high-quality materials. The cap features an embroidered Saudi Arabia logo on the front panel, combining elegance and national spirit.</p>\r\n<p>Specifications:<br />- Material: Cotton, metal buckle closure, polyester and cotton headband, and inner band.<br />- Front panel with embroidered logo.\"</p>', NULL, 70, 2),
(231, 'قبعة رأس -KSA', '<p>\"</p>\r\n<p>كاب ذو سطح مستوي</p>\r\n<p>أضف لمسة من الأناقة والرقي مع هذا الكاب الثقيل المصنوع من البوليستر. يتميز الكاب بقبعة بلاستيكية ولوحة أمامية بيضاء مع شعار ثلاثي الأبعاد مطرز، ويشمل الشعار المطروز ثلاثي الأبعاد اختصار المملكة العربية السعودية وطباعة لمشهد مدينة مكة المكرمة. الكاب يأتي بسطح أبيض وجسم أسود.</p>\r\n<p>المواصفات:<br />- سطح مستوي<br />- كاب ثقيل من البوليستر مع قبعة بلاستيكية<br />- لوحة أمامية بيضاء مع شعار ثلاثي الأبعاد مطرز<br />-شعار السعودية ثلاثي الأبعاد مع طباعة (مشهد مدينة مكة المكرمة)<br />- الكاب مع سطح أبيض وجسم أسود</p>\r\n<p>\"</p>', NULL, 71, 1),
(232, 'KSA Flat Visor Hat', '<p>\"<br />Flat Visor Hat</p>\r\n<p>Add a touch of elegance and sophistication with this heavy polyester hat. The hat features a plastic cap and a white front panel with a 3D embroidered logo, including the 3D embroidered Saudi Arabia logo with a sublimation print of the Mecca city view. The hat comes with a white visor and a black body.</p>\r\n<p>Specifications:<br />- Flat visor hat.<br />- Heavy polyester hat with plastic cap.<br />- White front panel with 3D embroidered logo.<br />- 3D embroidered KSA with sublimation print (Mecca city view).<br />- Hat with white visor and black body.\"</p>', NULL, 71, 2),
(233, 'قلادة تصميم القبة البيضاء- طلاء ذهب', '<p>\"الوصف والتفاصيل</p>\r\n<p>هذه الحلية المتدلية من الطريقة السعودية مستوحاة من القبة للمسجد النبوي .قلب المتيم هائم بهواها ..هي طيبة عم الوجود سناها . السلسلة المرافقة مزودة بقفل للإغلاق يمكن تعديل الطول ليتناسب معك، مثالية لابتكار إطلالة خاصة بكِ خاصة عند ارتدائها مع قطع مجوهرات أخرى متناسقة. يمكن تقديمها هديةً كالحظة سعودية مثالية يمكنك الاحتفاظ والاستمتاع بها .</p>\r\n<p>مغلّفة في علبة تحمل علامة الطريقة السعودية</p>\r\n<p>رقم المنتج:0168<br />المجموعة: القبة النبوية <br />اللون: طلاء من الذهب عيار ١٤<br />المادة: لمسة نهائية من معادن مختلطة<br />الطول: 28 سم<br />حجم القلادة: 1.7*2 سم. <br />لون القلادة : ذهبي مع ابيض <br />تنظيف 14 قيراط معبأ بالذهب ( Gold Filled )</p>\r\n<p>14K Gold Filled مقاومة للغاية للبقع ، ومع ذلك ، فإن العرق والمستحضرات والعطور والارتداء العادي يمكن أن يخفف من لمعان الذهب الجميل. لحسن الحظ ، المجوهرات المليئة بالذهب سهلة التنظيف! كل ما تحتاجه هو قطعة قماش لتلميع الذهب تحتوي على مادة كيميائية تزيل الأوساخ والأوساخ والبهتان\"</p>', NULL, 72, 1),
(234, 'white Necklace-gold plated', '<p>\"Description and Details</p>\r\n<p>This elegant pendant from the Saudi Collection is inspired by the dome of the Prophet\'s Mosque. \"\"The enamored heart is captivated by its charm... it is Taybah, whose light spreads across the world.\"\" The accompanying chain is equipped with a clasp for closure and can be adjusted to fit you perfectly. Ideal for creating a personalized look, especially when paired with other coordinated jewelry pieces. It makes a perfect Saudi-themed gift to cherish and enjoy.</p>\r\n<p>Packaged in a branded Saudian way Collection box.</p>\r\n<p>- Product Number: 0168<br />- Collection: The Prophet&rsquo;s Dome<br />- Color:14K gold plating<br />- Material:Mixed metal with a fine finish<br />-Length: 28 cm<br />- Pendant Size:1.7 x 2 cm<br />- Pendant Color: Gold with white<br />- Cleaning: 14K gold filled</p>\r\n<p>14K Gold Filled is highly resistant to tarnish; however, sweat, lotions, perfumes, and regular wear can dull the beautiful gold shine. Fortunately, gold-filled jewelry is easy to clean! All you need is a gold polishing cloth that contains a chemical to remove dirt, grime, and tarnish.\"</p>', NULL, 72, 2),
(235, 'قلادة تصميم الروضة الخضراء- طلاء ذهب', '<p>\"الوصف والتفاصيل</p>\r\n<p>هذه الحلية المتدلية من الطريقة السعودية مستوحاة من القبة للمسجد النبوي وحمام السلام .حب المدينة ونحب ساكنها بل حب ساكنها يجعلها حبيبة &hellip;. ولما ندخلها يزداد هذا الحب ويشمل كل ما فيها &hellip;من جبال وأحجار ونخيل&hellip;وتربة . السلسلة المرافقة مزودة بقفل للإغلاق يمكن تعديل الطول ليتناسب معك، مثالية لابتكار إطلالة خاصة بكِ خاصة عند ارتدائها مع قطع مجوهرات أخرى متناسقة. يمكن تقديمها هديةً كالحظة سعودية مثالية يمكنك الاحتفاظ والاستمتاع بها .</p>\r\n<p>مغلّفة في علبة تحمل علامة الطريقة السعودية</p>\r\n<p>رقم المنتج:0169<br />المجموعة: القبة النبوية <br />اللون: طلاء من الذهب عيار ١٤<br />المادة: لمسة نهائية من معادن مختلطة<br />الطول: 28 سم<br />حجم القلادة: 2*2 سم. <br />لون القلادة : الأخضر المتلائلا <br />تنظيف 14 قيراط معبأ بالذهب ( Gold Filled )</p>\r\n<p>14K Gold Filled مقاومة للغاية للبقع ، ومع ذلك ، فإن العرق والمستحضرات والعطور والارتداء العادي يمكن أن يخفف من لمعان الذهب الجميل. لحسن الحظ ، المجوهرات المليئة بالذهب سهلة التنظيف! كل ما تحتاجه هو قطعة قماش لتلميع الذهب تحتوي على مادة كيميائية تزيل الأوساخ والأوساخ والبهتان\"</p>', NULL, 73, 1),
(236, 'Green Necklace-gold plated', '<p>\"Description and Details</p>\r\n<p>This elegant pendant from the Saudi Collection is inspired by the dome of the Prophet\'s Mosque and the peaceful doves. \"\"The love of the city and its inhabitants makes it dear to our hearts... And when we enter it, this love encompasses everything in it... from its mountains, stones, palm trees... and soil.\"\" The accompanying chain is equipped with a clasp for closure and can be adjusted to fit you perfectly. Ideal for creating a personalized look, especially when paired with other coordinated jewelry pieces. It makes a perfect Saudi-themed gift to cherish and enjoy.</p>\r\n<p>Packaged in a branded Saudian way Collection box.</p>\r\n<p>- Product Number: 0169<br />- Collection:The Prophet&rsquo;s Dome<br />- Color:14K gold plating<br />- Material: Mixed metal with a fine finish<br />- Length: 28 cm<br />- Pendant Size: 2 x 2 cm<br />- Pendant Color: Sparkling Green<br />- Cleaning: 14K gold filled</p>\r\n<p>14K Gold Filled is highly resistant to tarnish; however, sweat, lotions, perfumes, and regular wear can dull the beautiful gold shine. Fortunately, gold-filled jewelry is easy to clean! All you need is a gold polishing cloth that contains a chemical to remove dirt, grime, and tarnish.<br /><br /></p>', NULL, 73, 2),
(237, 'قلادة تصميم حمام الحرم- طلاء الرديوم', '<p>\"الوصف والتفاصيل</p>\r\n<p>كرمز للأناقة النبيلة والرقي، مكية حمامة السلام هي الرمز المثالي لمجوهرات الطريقة السعودية . تأتي مع أقراط ناعمة مصنوعة بشكل أنيق يذكرك العقد بالحمام حول الحرمين وهوه يحلق حولك . التناغم المثالي لطاقم يزيدك انت وطفلتك نعومة وجمال</p>\r\n<p>مغلّفة في علبة تحمل علامة الطريقة السعودية</p>\r\n<p>رقم المنتج:0169<br />المجموعة:حمام الحمى مكية <br />اللون: طلاء من الرديوم<br />المادة: لمسة نهائية من معادن مختلطة<br />الطول: 28 سم<br />حجم القلادة: 1.4*0.9 سم.\"</p>', NULL, 74, 1),
(238, 'Mkya Nickless+earing set', '<p>\"Description and Details<br />As a symbol of noble elegance and sophistication, Mkya, the Dove of Peace, is the perfect icon for the Saudi Collection jewelry. Accompanied by delicate earrings, the necklace gracefully reminds you of the doves soaring around the holy sites. This harmonious set enhances your grace and beauty.</p>\r\n<p>Packaged in a branded Saudian way Collection box.</p>\r\n<p>-Product Number: 0169<br />- Collection:Makiya Peace Dove<br />- Color: Rhodium plating<br />- Material: Mixed metal with a fine finish<br />- Length: 28 cm<br />- Pendant Size: 1.4 x 0.9 cm<br />\"</p>', NULL, 74, 2),
(239, 'حافظة ماء لوحة مكة', '<p>\"في قلب العالم الإسلامي، حيث تتعلق الأرواح بجبالها الشامخة ومعالمها المقدسة، تقع مكة المكرمة. نقدم لكم قارورة مشروبات مستوحاة من روح مكة المكرمة، لتكون ذكريات جميلة تحملها معك أينما ذهبت.</p>\r\n<p>الوصف:<br />قارورة مشروبات بتصميم مستوحى من جمال وروح مكة المكرمة، تعكس روح المدينة المقدسة بألوانها الزاهية ونقوشها الأنيقة. صنعت بعناية فائقة لتلبية احتياجاتك اليومية.</p>\r\n<p>المميزات:<br />حفظ الحرارة والبرودة (12 ساعة): تضمن بقاء مشروبك دافئًا أو باردًا لساعات طويلة.<br />مصنوعة من مواد عالية الجودة: لضمان المتانة والجودة.<br />تصميم أنيق وعصري: يناسب الاستخدام اليومي والرحلات.<br />سعة كبيرة: تكفي لحمل كمية مناسبة من المشروبات.\"</p>', NULL, 75, 1),
(240, 'water bottle -Makkah', '<p>\"In the heart of the Islamic world, where souls are connected by its towering mountains and sacred landmarks, lies Makkah. We present to you a beverage bottle inspired by the spirit of Makkah, to carry with you beautiful memories wherever you go.</p>\r\n<p>Description:<br />A beverage bottle designed to reflect the beauty and spirit of Makkah, showcasing the sacred city\'s vibrant colors and elegant patterns. Crafted with utmost care to meet your daily needs.</p>\r\n<p>Features:<br />Temperature Retention (12 hours): Ensures your drink stays hot or cold for long hours.<br />High-Quality Materials: Guarantees durability and quality.<br />Elegant and Modern Design: Suitable for daily use and travel.<br />Large Capacity: Ample enough to hold a suitable amount of beverages\"</p>', NULL, 75, 2),
(241, 'حافظة ماء الشماغ السعودي', '<p>\"في قلب الثقافة والتراث السعودي، يبرز الشماغ كرمز للأصالة والفخر. مستوحى من هذا التراث الغني، نقدم لكم قارورة مشروبات بنقش الشماغ، التي تجمع بين التقاليد والحداثة لتقديم تجربة فريدة.</p>\r\n<p>وصف المنتج<br />تم تصميم هذه القارورة بعناية فائقة لتعكس أناقة وعمق التراث السعودي:</p>\r\n<p>مواد عالية الجودة: مصنوعة من مواد عالية الجودة لضمان الحفاظ على حرارة المشروبات أو برودتها لمدة تصل إلى 12 ساعة.<br />تصميم أنيق: تتميز بنقش الشماغ السعودي الأيقوني، مما يجعلها رفيقًا مثاليًا للاستخدام اليومي أو كإكسسوار أنيق للرحلات.<br />عملية وسهلة الاستخدام: تصميمها الأنيق يضمن سهولة الاستخدام والحمل، مما يجعلها جزءًا لا يتجزأ من حياتك اليومية.<br />المميزات<br />حفظ الحرارة والبرودة: تحافظ على حرارة المشروبات أو برودتها لمدة تصل إلى 12 ساعة.<br />تصميم جذاب: نقش الشماغ يضيف لمسة من التراث والأناقة.<br />متعددة الاستخدامات: مثالية للاستخدام اليومي، الرحلات، والنزهات.<br />عملية: خفيفة الوزن وسهلة الحمل.<br />2. شنطة قماشية ذات سعة كبيرة بنقش الشماغ<br />في عالم مليء بالتقاليد والتراث، يبرز الشماغ كرمز للأصالة والفخر. نقدم لكم شنطة قماشية بنقش الشماغ، التي تجسد التقاليد السعودية بروح عصرية وعملية.</p>\r\n<p>وصف المنتج<br />تم تصميم هذه الشنطة لتكون عملية وأنيقة، تعكس التراث السعودي بأجمل صوره:</p>\r\n<p>سعة كبيرة: توفر مساحة واسعة لحمل جميع احتياجاتك اليومية، مما يجعلها مثالية للرحلات والسفر.<br />جودة عالية: مصنوعة من قماش عالي الجودة لضمان المتانة والتحمل.<br />نقش الشماغ: تصميم بنقش الشماغ السعودي الأيقوني، مما يضفي عليها طابعًا مميزًا وجذابًا.<br />المميزات<br />سعة كبيرة: مثالية لحمل جميع احتياجاتك اليومية.<br />متينة وعملية: مصنوعة من قماش عالي الجودة لضمان المتانة.<br />تصميم أنيق: نقش الشماغ يضفي لمسة من التراث والجمال.<br />متعددة الاستخدامات: مثالية للرحلات، السفر، والاستخدام اليومي.<br />3. مظلة بنقش الشماغ<br />في كل زاوية من زوايا المملكة، يعكس الشماغ الفخر والأصالة. نقدم لكم مظلة بنقش الشماغ، التي تجمع بين الأناقة والوظيفة لحمايتك من أشعة الشمس بأسلوب مميز.</p>\r\n<p>وصف المنتج<br />هذه المظلة مصممة بعناية لتعكس التراث السعودي وتوفر الحماية في نفس الوقت:</p>\r\n<p>حماية ممتازة: توفر حماية ممتازة من أشعة الشمس الضارة.<br />نقش الشماغ: تصميم بنقش الشماغ السعودي، مما يضيف لمسة من الفخامة والأناقة.<br />سهولة الاستخدام: ذاتية الفتح والإغلاق، مزودة بأعمدة قوية من الستانلس ستيل.<br />المميزات<br />حماية من الشمس: توفر حماية فعالة من أشعة الشمس الضارة.<br />تصميم جذاب: نقش الشماغ يضفي لمسة من التراث والفخامة.<br />سهلة الاستخدام: ذاتية الفتح والإغلاق، مصممة للاستخدام اليومي.<br />متعددة الاستخدامات: مثالية للرحلات، النزهات، والاستخدام اليومي.<br />4. كأس سيراميك بنقش الشماغ مع ملعقة<br />في قلب التقاليد السعودية، يعكس الشماغ الفخر والهوية. نقدم لكم كأس سيراميك بنقش الشماغ مع ملعقة، لتضفي لمسة من التراث على تجربة تناول مشروباتك.</p>\r\n<p>وصف المنتج<br />هذا الكأس مصمم ليجمع بين الأناقة والوظيفة، مع نقش الشماغ الذي يعكس التراث السعودي:</p>\r\n<p>جودة عالية: مصنوع من السيراميك عالي الجودة لضمان المتانة.<br />نقش الشماغ: تصميم بنقش الشماغ السعودي الأيقوني، مما يضفي عليه طابعًا مميزًا.<br />ملعقة متناسقة: يأتي مع ملعقة متناسقة لإضافة لمسة من الأناقة.<br />المميزات<br />جودة عالية: مصنوع من السيراميك عالي الجودة.<br />تصميم جذاب: نقش الشماغ يضفي لمسة من التراث والجمال.<br />ملعقة متناسقة: تأتي مع ملعقة تضيف لمسة من الأناقة.<br />متعددة الاستخدامات: مثالي للاستخدام في المنزل أو المكتب، وهدية رائعة للأصدقاء والعائلة.<br />5. مخدة رأس ميموري فوم بنقش الشماغ<br />في قلب الراحة والتقاليد، يعكس الشماغ الفخر والأصالة. نقدم لكم مخدة رأس ميموري فوم بنقش الشماغ، لتوفير الراحة والأناقة أثناء السفر.</p>\r\n<p>وصف المنتج<br />تم تصميم هذه المخدة لتوفير الراحة القصوى، مع نقش الشماغ الذي يعكس التراث السعودي:</p>\r\n<p>راحة فائقة: مصنوعة من الميموري فوم لتوفير الدعم والراحة.<br />نقش الشماغ: تصميم بنقش الشماغ السعودي الأيقوني، مما يضيف لمسة من الفخامة.<br />سهولة الحمل: تأتي مع شنطة لتسهيل حملها أثناء السفر.<br />المميزات<br />راحة فائقة: مصنوعة من الميموري فوم لتوفير الدعم والراحة.<br />تصميم جذاب: نقش الشماغ يضفي لمسة من التراث والفخامة.<br />سهلة الحمل: تأتي مع شنطة لتسهيل حملها أثناء السفر.<br />متعددة الاستخدامات: مثالية للسفر والاستخدام اليومي.<br />6. سجادة ناعمة بنقش الشماغ مع شنطة للحمل<br />في كل تفاصيل الحياة اليومية، يعكس الشماغ الفخر والأصالة. نقدم لكم سجادة ناعمة بنقش الشماغ، لتضفي لمسة من التراث والأناقة على صلواتك وتجاربك اليومية.</p>\r\n<p>وصف المنتج<br />هذه السجادة مصممة بعناية لتعكس التراث السعودي وتوفر الراحة في نفس الوقت:</p>\r\n<p>جودة عالية: مصنوعة من مواد عالية الجودة لضمان المتانة والراحة.<br />نقش الشماغ: تصميم بنقش الشماغ السعودي الأيقوني، مما يضفي عليها طابعًا مميزًا.<br />سهولة الحمل: تأتي مع شنطة لتسهيل حملها أثناء التنقل.<br />المميزات<br />جودة عالية: مصنوعة من مواد عالية الجودة لضمان المتانة.<br />تصميم جذاب: نقش الشماغ يضفي لمسة من التراث والفخامة.<br />سهلة الحمل: تأتي مع شنطة لتسهيل حملها أثناء التنقل.<br />متعددة الاستخدامات: مثالية للصلاة في المنزل أو الخارج.<br />7. مروحة يدوية بنقش الشماغ<br />في حرارة الصيف وتحت الشمس الساطعة، يعكس الشماغ الفخر والأصالة. نقدم لكم مروحة يدوية بنقش الشماغ، لتوفر لك التهوية المنعشة بأسلوب تراثي وأنيق.</p>\r\n<p>وصف المنتج<br />هذه المروحة اليدوية مصممة لتجمع بين الوظيفة والجمال، مع نقش الشماغ الذي يعكس التراث السعودي:</p>\r\n<p>تصميم عصري: تصميم مميز بنقش الشماغ السعودي الأيقوني.<br />عملية ومريحة: توفر تهوية منعشة وتناسب الحقائب الصغيرة.<br />جودة عالية: مصنوعة من مواد متينة لضمان الاستخدام الطويل.<br />المميزات<br />تهوية منعشة: توفر تهوية فعالة في الأيام الحارة.<br />تصميم جذاب: نقش الشماغ يضفي لمسة من التراث والأناقة.<br />سهلة الحمل: تصميم عملي يناسب الحقائب الصغيرة.<br />متعددة الاستخدامات: مثالية للاستخدام اليومي والرحلات.<br />8. مروحة إلكترونية بعبارات مضيئة بنقش الشماغ<br />في عالم مليء بالتكنولوجيا والتقاليد، يعكس الشماغ الفخر والأصالة. نقدم لكم مروحة إلكترونية بعبارات مضيئة بنقش الشماغ، لتوفر لكم التهوية المنعشة وتضفي لمسة من التراث والتكنولوجيا.</p>\r\n<p>وصف المنتج<br />هذه المروحة الإلكترونية مصممة لتجمع بين الوظيفة والجمال، مع نقش الشماغ والعبارات المضيئة التي تعكس التراث السعودي:</p>\r\n<p>تصميم مبتكر: تصميم مميز بنقش الشماغ السعودي وعبارات مضيئة.<br />عملية وعصرية: توفر تهوية منعشة وتضفي لمسة من الجمال.<br />جودة عالية: مصنوعة من مواد متينة لضمان الاستخدام الطويل.<br />المميزات<br />تهوية منعشة: توفر تهوية فعالة في الأيام الحارة.<br />تصميم جذاب: نقش الشماغ وعبارات مضيئة تضفي لمسة من التراث والأناقة.<br />*سهلة</p>', NULL, 76, 1),
(242, 'water bottle -SA', '<p>\"In the heart of Saudi culture, the shemagh symbolizes pride and heritage. Our insulated beverage bottle with a shemagh pattern blends tradition with modern functionality, offering a unique experience.</p>\r\n<p>Product Description<br />Designed to meet the highest standards of quality and technology, this bottle ensures your drinks stay hot or cold for up to 12 hours. Its elegant design, featuring the iconic shemagh pattern, makes it perfect for everyday use and travel.</p>\r\n<p>Features<br />High-quality materials ensure durability and long-lasting temperature retention.<br />Stylish shemagh pattern adds a touch of Saudi heritage.<br />Multi-use: ideal for both hot and cold beverages, making it versatile for any occasion.\"</p>', NULL, 76, 2),
(243, 'محفظة  لوحة مكة', '<p>\"شنطة جلدية صغيرة لحفظ النقود المعدنية لوحة مكة الزاهية</p>\r\n<p>وصف المنتج<br />تم تصميم هذه الشنطة لتكون أنيقة وعملية، مع رسم سرياني يأخذك الى روح المكان</p>\r\n<p>.<br />المميزات<br />جودة عالية: مصنوعة من جلد متين لضمان الاستخدام الطويل.<br />تصميم جذاب سهلة الحمل: صغيرة الحجم ومثالية لحفظ النقود المعدنية وأغراضك الصغيرة.<br />متعددة الاستخدامات: يمكن استخدامها لحفظ النقود، المفاتيح، أو الأغراض الصغيرة الأخرى.\"</p>', NULL, 77, 1),
(244, 'Wallet Makkah', '<p>\"Bright Makkah Scene Small Leather Coin Purse</p>\r\n<p>Product Description:<br />This coin purse is designed to be both elegant and practical, featuring a vibrant scene of Makkah with a Syriac-inspired design that captures the essence of the place.</p>\r\n<p>Features:</p>\r\n<p>- High Quality:Made from durable leather to ensure long-lasting use.<br />- Attractive Design: Small and perfect for carrying coins and small items.<br />- Versatile Use: Can be used to store coins, keys, or other small essentials.\"</p>', NULL, 77, 2),
(245, 'كوب سيراميك مع ملعقة الشماغ السعودي', '<p>\"في قلب التقاليد السعودية، يعكس الشماغ الفخر والهوية. نقدم لكم كأس سيراميك بنقش الشماغ مع ملعقة، لتضفي لمسة من التراث على تجربة تناول مشروباتك.</p>\r\n<p>وصف المنتج<br />هذا الكأس مصمم ليجمع بين الأناقة والوظيفة، مع نقش الشماغ الذي يعكس التراث السعودي:</p>\r\n<p>جودة عالية: مصنوع من السيراميك عالي الجودة لضمان المتانة.<br />نقش الشماغ: تصميم بنقش الشماغ السعودي الأيقوني، مما يضفي عليه طابعًا مميزًا.<br />ملعقة متناسقة: يأتي مع ملعقة متناسقة لإضافة لمسة من الأناقة.<br />المميزات<br />جودة عالية: مصنوع من السيراميك عالي الجودة.<br />تصميم جذاب: نقش الشماغ يضفي لمسة من التراث والجمال.<br />ملعقة متناسقة: تأتي مع ملعقة تضيف لمسة من الأناقة.<br />متعددة الاستخدامات: مثالي للاستخدام في المنزل أو المكتب، وهدية رائعة للأصدقاء والعائلة.<br />\"</p>', NULL, 78, 1),
(246, 'CUP ceramic-SA', '<p>\"Ceramic Mug with Spoon and Shemagh Pattern<br />The shemagh represents pride and heritage in Saudi culture. Our ceramic mug with a spoon, featuring a shemagh pattern, brings a touch of tradition to your beverage experience.</p>\r\n<p>Product Description<br />This elegant ceramic mug is adorned with the shemagh pattern and comes with a matching spoon. Perfect for home or office use, it adds a traditional touch to your daily routine.</p>\r\n<p>Features<br />High-quality ceramic ensures durability.<br />Shemagh pattern adds a touch of Saudi heritage.\"</p>', NULL, 78, 2),
(247, 'كوب سيراميك مع ملعقة لوحة مكة', '<p>\"في جمالية مكة المكرمة وروحها المقدسة، نقدم لكم كأس سيراميك متميز ليضيف لمسة من الأناقة والروحانية إلى مشروباتك اليومية.</p>\r\n<p>الوصف:<br />كأس سيراميك أنيق بنقوش مستوحاة من روح مكة المكرمة، يأتي مع ملعقة متناسقة ليضفي جمالاً وتراثاً على كل رشفة.</p>\r\n<p>المميزات:<br />مصنوع من سيراميك عالي الجودة: لضمان المتانة والجودة.<br />تصميم أنيق: يعكس تراث مكة بألوانه الزاهية.<br />مناسب للاستخدام اليومي: سواء في المنزل أو المكتب.<br />يأتي مع ملعقة متناسقة: لإكمال تجربتك الفريدة.\"</p>', NULL, 79, 1),
(248, 'CUP ceramic-Makkah', '<p>\"<br />In the beauty of Makkah and its sacred spirit, we present to you a distinguished ceramic mug to add a touch of elegance and spirituality to your daily drinks.</p>\r\n<p>Description:<br />An elegant ceramic mug with patterns inspired by the spirit of Makkah, comes with a matching spoon to add beauty and tradition to every sip.</p>\r\n<p>Features:<br />Made of High-Quality Ceramic: Ensures durability and quality.<br />Elegant Design: Reflects the heritage of Makkah with its vibrant colors.<br />Suitable for Daily Use: Whether at home or office.<br />Comes with a Matching Spoon: To complete your unique experience.\"</p>', NULL, 79, 2),
(249, 'دفتر ملاحظات حوار', '<p>\"في قلب الصحراء العربية الشاسعة، حيث تتعانق رمالها الذهبية مع السماء الزرقاء، وُلد \"\"حوار\"\"، الجمل الصغير. في هذا العالم الذي يمتزج فيه التاريخ العريق مع الثقافة الغنية، يتجسد \"\"حوار\"\" كرمز للأصالة والتراث السعودي.</p>\r\n<p>تصميم المنتج<br />دفتر مذكرات مميز، مصنوع من جلد فاخر ومبطن، صفحاته متنوعة ما بين السطور والسادة والمربعات، ليكون دفتر المذكرات المثالي لطفلك. يمكن للأطفال استخدامه لتسجيل مغامراتهم وأفكارهم، مما يعزز من مهارات الكتابة والتنظيم لديهم. يضفي الدفتر لمسة شخصية وخاصة لكل طفل<br />معنى \"\"حوار\"\"<br />اختيار اسم \"\"حوار\"\" لم يكن محض صدفة. فالحوار هو الجمل الصغير الذي يمثل بداية جديدة وأملًا متجددًا. كما أن الاسم يحمل في طياته معاني الحوار والتفاهم، وهي قيم يعززها المجتمع السعودي في تعامله مع الآخرين.</p>\r\n<p>المجموعة الشيقة<br />تتضمن مجموعة \"\"حوار\"\" ملحقات متنوعة تجعل التجربة أكثر تفاعلية وتعليمية للأطفال:<br />&bull; الدمية حوار :الرفيق المثالي للأطفال، حيث يمكنهم احتضانه والنوم بجانبه، ليكون جزءًا من أحلامهم وأوقات لعبهم.<br />&bull; شنطة فنية: تحتوي على جميع أنواع الألوان الخشبية والسائلة والشمعية، مما يتيح للأطفال التعبير عن إبداعهم.<br />&bull; دفتر مذكرات: دفتر مميز لتسجيل مغامرات الأطفال وأفكارهم مع \"\"حوار\"\".<br />&bull; قلم: قلم خاص بتصميم \"\"حوار\"\" ليكون رفيقًا للأطفال في كتاباتهم ورسمهم.<br />&bull; لعبة بزل القطن: لعبة ممتعة تساعد الأطفال على تنمية مهاراتهم الحركية والتفكير المنطقي.<br />&bull; ميدالية حوار: ميدالية صغيرة يمكن تعليقها على الشنط أو حملها مع المفاتيح، لتكون \"\"حوار\"\" دائمًا مع الأطفال أينما ذهبوا.<br />&bull; مجموعة ملصقات \"\"حوار\"\" الشيقة، تُظهر \"\"حوار\"\" في أزياء سعودية تقليدية متنوعة.<br />&bull; كوب الأطفال : غير قابل للكسر وبرسومات سيليكون لا تتلاشى</p>\r\n<p>\"\"حوار\"\" ليس مجرد دمية، بل هو رسالة حب وسلام من قلب الصحراء. هو رمز لكل من عاش تجربة السعودية، ولكل من يتوق إلى اكتشاف جمالها وتراثها العريق. بامتلاك \"\"حوار\"\" ومجموعته الشيقة، تكون قد حملت معك جزءًا من روح السعودية وتراثها العريق، وشاركتها مع أطفالك لتكون جزءًا من ذكرياتهم السعيدة وأوقات لعبهم الممتعة.\"</p>', NULL, 80, 1);
INSERT INTO `product_descriptions` (`id`, `title`, `description`, `story`, `product_id`, `language_id`) VALUES
(250, 'Notebook -Hawar', '<p>\"In the heart of the vast Arabian desert, where golden sands meet the blue sky, \"\"Hwar,\"\" the young camel, was born. In this world where rich history intertwines with vibrant culture, \"\"Hwar\"\" stands as a symbol of authenticity and Saudi heritage.<br />Product Design:<br />A distinguished leather-bound journal, featuring a luxurious and padded cover, with pages that include lines, plain sheets, and grids, making it the perfect diary for your child. Children can use it to record their adventures and thoughts, enhancing their writing and organizational skills. The journal adds a personal and special touch for each child.</p>\r\n<p>Meaning of \"\"Hwar\"\":<br />The name \"\"Hwar\"\" wasn\'t chosen by chance. Hwar is the young camel that represents a new beginning and renewed hope. Additionally, the name carries the meanings of dialogue and understanding, values that the Saudi society promotes in its interactions with others.</p>\r\n<p>Exciting Collection<br />The \"\"Hwar\"\" collection includes a variety of accessories that make the experience more interactive and educational for children:</p>\r\n<p>Hwar Plush Toy: The perfect companion for children, offering comfort and joy as they cuddle and play.<br />Art Bag: Contains all types of wooden, liquid, and wax crayons, allowing children to express their creativity.<br />Diary: A special notebook for children to record their adventures and thoughts with \"\"Hwar.\"\"<br />Hwar Pen: A pen designed with \"\"Hwar\"\" to accompany children in their writing and drawing.<br />Cotton Puzzle Toy: A fun toy that helps develop children\'s motor skills and logical thinking.<br />Hwar Keychain: A small keychain that can be attached to bags or carried with keys, ensuring \"\"Hwar\"\" is always with the children.<br />Sticker Set: Featuring \"\"Hwar\"\" in various traditional Saudi outfits.<br />Children\'s Cup: Unbreakable and adorned with silicone designs that do not fade.<br />\"\"Hwar\"\" is not just a plush toy; it is a message of love and peace from the heart of the desert. It is a symbol for everyone who has experienced Saudi Arabia and for those who long to discover its beauty and rich heritage. By owning \"\"Hwar\"\" and its exciting collection, you carry with you a piece of Saudi spirit and heritage, sharing it with your children to be a part of their happy memories and enjoyable playtimes.\"</p>', NULL, 80, 2),
(251, 'دفتر ملاحظات مكية', '<p>\"تم تصميم \"\"مكية\"\" بعناية فائقة لتجسد جمال وسكينة حمام الحمى. كامل المجموعة مصنوعة من مواد آمنة وناعمة تناسب الأطفال، وبتفاصيل دقيقة تعكس ريشها الأبيض الناصع وعينيها الهادئتين. مجموعة \"\"مكية\"\" ليست مجرد قطعة تذكارية، بل هي منتجات محبوبة تروي قصة مدينة مقدسة.<br />تصميم المنتج<br />دفتر مذكرات مميز، مصنوع من جلد فاخر ومبطن، صفحاته متنوعة ما بين السطور والسادة والمربعات، ليكون دفتر المذكرات المثالي لطفلك. يمكن للأطفال استخدامه لتسجيل مغامراتهم وأفكارهم، مما يعزز من مهارات الكتابة والتنظيم لديهم. يضفي الدفتر لمسة شخصية وخاصة لكل طفل<br />المجموعة الشيقة</p>\r\n<p>تتضمن مجموعة \"\"مكية\"\" ملحقات متنوعة تجعل التجربة أكثر تفاعلية وتعليمية للأطفال:<br />&bull; شنطة فنية: تحتوي على جميع أنواع الألوان الخشبية والسائلة والشمعية، مما يتيح للأطفال التعبير عن إبداعهم.<br />&bull; كتيب تلوين: كتيب يحتوي على صور من روح السعودية، يمكن للأطفال تلوينها واكتشاف جمال التراث السعودي.<br />&bull; دفتر مذكرات: دفتر مميز لتسجيل مغامرات الأطفال وأفكارهم مع \"\"مكية\"\".<br />&bull; قلم مكية:قلم خاص بتصميم \"\"مكية\"\" ليكون رفيقًا للأطفال في كتاباتهم ورسمهم.<br />&bull; لعبة بزل القطن: لعبة ممتعة تساعد الأطفال على تنمية مهاراتهم الحركية والتفكير المنطقي.<br />&bull; ميدالية مكية : دمية صغيرة يمكن تعليقها على الشنط أو حملها مع المفاتيح، لتكون \"\"مكية\"\" دائمًا مع الأطفال أينما ذهبوا.<br />&bull; كوب مكية: بتصميم مميز ومواد بجودة عالية امن للاطفال<br />&bull; مجوهرات مطلية بالفضة: مجموعة مجوهرات لطيفة مطلية بالفضة لطفلتك الصغيرة، تحمل رمز \"\"مكية\"\"، لتعزيز الشعور بالتميز والجمال.\"\"مكية\"\" ليست مجرد دمية ومجموعتها، بل هي رسالة حب وسلام من أقدس بقاع الأرض. هي رمز لكل من عاش تجربة الحج أو العمرة، ولكل من يتوق إلى زيارة مكة المكرمة. بامتلاك \"\"مكية\"\" ومجموعتها الشيقة، تكون قد حملت معك جزءًا من روح مكة وتراثها العريق، وشاركتها مع أطفالك لتكون جزءًا من ذكرياتهم السعيدة وأوقات لعبهم الممتعة.\"</p>', NULL, 81, 1),
(252, 'Notebook Mkya', '<p>\"Designed with meticulous care, \"\"Makya\"\" embodies the beauty and tranquility of the sacred white doves of Al-Haram. The entire collection is made from safe, soft materials suitable for children, featuring intricate details that reflect the pure white feathers and serene eyes of the doves. \"\"Makya\"\" is more than a keepsake; it is a beloved collection that tells the story of a holy city.</p>\r\n<p>Product Design:<br />A distinguished leather-bound journal, padded for comfort, with pages that include lines, plain sheets, and grids, making it the perfect diary for your child. Children can use it to record their adventures and thoughts, enhancing their writing and organizational skills. The journal adds a personal and special touch for each child.</p>\r\n<p>Exciting Collection<br />The \"\"Mkya\"\" collection includes various accessories that make the experience more interactive and educational for children:</p>\r\n<p>Art Bag: Contains all types of wooden, liquid, and wax crayons, allowing children to express their creativity.<br />Coloring Book: A book with images of Saudi spirit, enabling children to color and explore the beauty of Saudi heritage.<br />Diary: A special notebook for children to record their adventures and thoughts with \"\"Mkya.\"\"<br />Mkya Pen: A unique pen designed with \"\"Mkya\"\" to accompany children in their writing and drawing.<br />Cotton Puzzle Game: A fun game that helps children develop their motor skills and logical thinking.<br />Mkya Keychain: A small toy that can be attached to bags or carried with keys, so \"\"Mkya\"\" is always with children wherever they go.<br />Mkya Cup: A uniquely designed and high-quality, child-safe cup.<br />Silver-Plated Jewelry: A cute set of silver-plated jewelry for your little one, bearing the \"\"Mkya\"\" symbol to enhance the feeling of uniqueness and beauty.</p>\r\n<p>\"\"Makya\"\" is more than just a plush toy and its collection; it is a message of love and peace from the holiest place on Earth. It symbolizes the experience of Hajj or Umrah for those who have lived it and for those who long to visit Makkah. By owning \"\"Makya\"\" and its exciting collection, you carry with you a piece of Makkah\'s spirit and rich heritage, sharing it with your children to become part of their happy memories and enjoyable playtimes.\"</p>', NULL, 81, 2),
(253, 'كتيب تلوين حوار', '<p>\"في قلب الصحراء العربية الشاسعة، حيث تتعانق رمالها الذهبية مع السماء الزرقاء، وُلد \"\"حوار\"\"، الجمل الصغير. في هذا العالم الذي يمتزج فيه التاريخ العريق مع الثقافة الغنية، يتجسد \"\"حوار\"\" كرمز للأصالة والتراث السعودي.</p>\r\n<p>تصميم المنتج<br />تم تصميم \"\" كتيب التلوين لحوار\"\" بعناية ليعكس تفاصيل الجمل العربي الأصيل، يحتوي على رسومات لحوار في مشاهد سعودية متنوعة. يتيح للأطفال فرصة لتلوين واكتشاف جمال التراث والثقافة السعودية من خلال شخصية \"\"حوار\"\". يعزز هذا الكتيب مهارات الإبداع والتعبير الفني لدى الأطفال، ويمنحهم لحظات ممتعة ومفيدة.</p>\r\n<p>معنى \"\"حوار\"\"<br />اختيار اسم \"\"حوار\"\" لم يكن محض صدفة. فالحوار هو الجمل الصغير الذي يمثل بداية جديدة وأملًا متجددًا. كما أن الاسم يحمل في طياته معاني الحوار والتفاهم، وهي قيم يعززها المجتمع السعودي في تعامله مع الآخرين.</p>\r\n<p>المجموعة الشيقة<br />تتضمن مجموعة \"\"حوار\"\" ملحقات متنوعة تجعل التجربة أكثر تفاعلية وتعليمية للأطفال:<br />&bull; الدمية حوار :الرفيق المثالي للأطفال، حيث يمكنهم احتضانه والنوم بجانبه، ليكون جزءًا من أحلامهم وأوقات لعبهم.<br />&bull; شنطة فنية: تحتوي على جميع أنواع الألوان الخشبية والسائلة والشمعية، مما يتيح للأطفال التعبير عن إبداعهم.<br />&bull; دفتر مذكرات: دفتر مميز لتسجيل مغامرات الأطفال وأفكارهم مع \"\"حوار\"\".<br />&bull; قلم: قلم خاص بتصميم \"\"حوار\"\" ليكون رفيقًا للأطفال في كتاباتهم ورسمهم.<br />&bull; لعبة بزل القطن: لعبة ممتعة تساعد الأطفال على تنمية مهاراتهم الحركية والتفكير المنطقي.<br />&bull; ميدالية حوار: ميدالية صغيرة يمكن تعليقها على الشنط أو حملها مع المفاتيح، لتكون \"\"حوار\"\" دائمًا مع الأطفال أينما ذهبوا.<br />&bull; مجموعة ملصقات \"\"حوار\"\" الشيقة، تُظهر \"\"حوار\"\" في أزياء سعودية تقليدية متنوعة.<br />&bull; كوب الأطفال : غير قابل للكسر وبرسومات سيليكون لا تتلاشى<br />\"\"حوار\"\" ليس مجرد دمية، بل هو رسالة حب وسلام من قلب الصحراء. هو رمز لكل من عاش تجربة السعودية، ولكل من يتوق إلى اكتشاف جمالها وتراثها العريق. بامتلاك \"\"حوار\"\" ومجموعته الشيقة، تكون قد حملت معك جزءًا من روح السعودية وتراثها العريق، وشاركتها مع أطفالك لتكون جزءًا من ذكرياتهم السعيدة وأوقات لعبهم الممتعة.\"</p>', NULL, 82, 1),
(254, '\"color book-HWAR \"', '<p>\"In the vast expanse of the Arabian desert, where golden sands embrace the blue sky, \"\"Hwar,\"\" the young camel, was born. In this world where rich history intertwines with vibrant culture, \"\"Hwar\"\" embodies the essence of Saudi heritage and tradition.</p>\r\n<p>Product Design<br />The \"\"Hwar Coloring Book\"\" is meticulously designed to capture the details of the authentic Arabian camel. It features illustrations of Hwar in various Saudi settings, providing children the opportunity to color and discover the beauty of Saudi heritage and culture through Hwar\'s character. This coloring book enhances children\'s creativity and artistic expression while offering enjoyable and educational moments.</p>\r\n<p>Meaning of \"\"Hwar\"\"<br />The name \"\"Hwar\"\" was chosen thoughtfully, as it represents the young camel, symbolizing a new beginning and renewed hope. The name also embodies the values of dialogue and understanding, which are deeply rooted in Saudi society.</p>\r\n<p>Exciting Collection<br />The \"\"Hwar\"\" collection includes a variety of accessories that make the experience more interactive and educational for children:</p>\r\n<p>Hwar Plush Toy: The perfect companion for children, offering comfort and joy as they cuddle and play.<br />Art Bag: Contains all types of wooden, liquid, and wax crayons, allowing children to express their creativity.<br />Diary: A special notebook for children to record their adventures and thoughts with \"\"Hwar.\"\"<br />Hwar Pen: A pen designed with \"\"Hwar\"\" to accompany children in their writing and drawing.<br />Cotton Puzzle Toy: A fun toy that helps develop children\'s motor skills and logical thinking.<br />Hwar Keychain: A small keychain that can be attached to bags or carried with keys, ensuring \"\"Hwar\"\" is always with the children.<br />Sticker Set: Featuring \"\"Hwar\"\" in various traditional Saudi outfits.<br />Children\'s Cup: Unbreakable and adorned with silicone designs that do not fade.<br />\"\"Hwar\"\" is not just a plush toy but a message of love and peace from the heart of the desert. It symbolizes the experience of Saudi Arabia and invites those eager to explore its beauty and rich heritage. Owning \"\"Hwar\"\" and its delightful collection means carrying a piece of Saudi spirit and tradition, sharing it with your children to be part of their happy memories and playtime.\"</p>', NULL, 82, 2),
(255, 'كتيب تلوين مكية', '<p>\"تم تصميم \"\"مكية\"\" بعناية فائقة لتجسد جمال وسكينة حمام الحمى. كامل المجموعة مصنوعة من مواد آمنة وناعمة تناسب الأطفال، وبتفاصيل دقيقة تعكس ريشها الأبيض الناصع وعينيها الهادئتين. مجموعة \"\"مكية\"\" ليست مجرد قطعة تذكارية، بل هي منتجات محبوبة تروي قصة مدينة مقدسة.<br />تصميم المنتج<br />تم تصميم \"\" كتيب التلوين لمكية\"\" بعناية ليعكس تفاصيل مكة والمدينة المنورة، في مشاهد متنوعة. يتيح للأطفال فرصة لتلوين واكتشاف جمال المعالم الدينية والثقافة السعودية من خلال شخصية \"\"مكية\"\".<br />يعزز هذا الكتيب مهارات الإبداع والتعبير الفني لدى الأطفال، ويمنحهم لحظات ممتعة ومفيدة.</p>\r\n<p>المجموعة الشيقة<br />تتضمن مجموعة \"\"مكية\"\" ملحقات متنوعة تجعل التجربة أكثر تفاعلية وتعليمية للأطفال:<br />&bull; شنطة فنية: تحتوي على جميع أنواع الألوان الخشبية والسائلة والشمعية، مما يتيح للأطفال التعبير عن إبداعهم.<br />&bull; كتيب تلوين: كتيب يحتوي على صور من روح السعودية، يمكن للأطفال تلوينها واكتشاف جمال التراث السعودي.<br />&bull; دفتر مذكرات: دفتر مميز لتسجيل مغامرات الأطفال وأفكارهم مع \"\"مكية\"\".<br />&bull; قلم مكية:قلم خاص بتصميم \"\"مكية\"\" ليكون رفيقًا للأطفال في كتاباتهم ورسمهم.<br />&bull; لعبة بزل القطن: لعبة ممتعة تساعد الأطفال على تنمية مهاراتهم الحركية والتفكير المنطقي.<br />&bull; ميدالية مكية : دمية صغيرة يمكن تعليقها على الشنط أو حملها مع المفاتيح، لتكون \"\"مكية\"\" دائمًا مع الأطفال أينما ذهبوا.<br />&bull; كوب مكية: بتصميم مميز ومواد بجودة عالية امن للاطفال<br />&bull; مجوهرات مطلية بالفضة: مجموعة مجوهرات لطيفة مطلية بالفضة لطفلتك الصغيرة، تحمل رمز \"\"مكية\"\"، لتعزيز الشعور بالتميز والجمال.<br />\"\"مكية\"\" ليست مجرد دمية ومجموعتها، بل هي رسالة حب وسلام من أقدس بقاع الأرض. هي رمز لكل من عاش تجربة الحج أو العمرة، ولكل من يتوق إلى زيارة مكة المكرمة. بامتلاك \"\"مكية\"\" ومجموعتها الشيقة، تكون قد حملت معك جزءًا من روح مكة وتراثها العريق، وشاركتها مع أطفالك لتكون جزءًا من ذكرياتهم السعيدة وأوقات لعبهم الممتعة.\"</p>', NULL, 83, 1),
(256, 'color book-MKYA', '<p>\"Crafted with utmost care, \"\"Mkya\"\" embodies the beauty and tranquility of the Sacred Dove. This entire collection is made from safe and soft materials suitable for children, with intricate details reflecting its pure white feathers and serene eyes. The \"\"Mkya\"\" collection is more than a keepsake; it tells the story of a holy city cherished by many.</p>\r\n<p>Product Design<br />The \"\"Mkya Coloring Book\"\" is meticulously designed to reflect the details of Mecca and Medina in various scenes. It provides children with the opportunity to color and explore the beauty of religious landmarks and Saudi culture through the character of \"\"Mkya.\"\" This coloring book enhances children\'s creativity and artistic expression, offering enjoyable and educational moments.</p>\r\n<p>Exciting Collection<br />The \"\"Mkya\"\" collection includes various accessories that make the experience more interactive and educational for children:</p>\r\n<p>Art Bag: Contains all types of wooden, liquid, and wax crayons, allowing children to express their creativity.<br />Coloring Book: A book with images of Saudi spirit, enabling children to color and explore the beauty of Saudi heritage.<br />Diary: A special notebook for children to record their adventures and thoughts with \"\"Mkya.\"\"<br />Mkya Pen: A unique pen designed with \"\"Mkya\"\" to accompany children in their writing and drawing.<br />Cotton Puzzle Game: A fun game that helps children develop their motor skills and logical thinking.<br />Mkya Keychain: A small toy that can be attached to bags or carried with keys, so \"\"Mkya\"\" is always with children wherever they go.<br />Mkya Cup: A uniquely designed and high-quality, child-safe cup.<br />Silver-Plated Jewelry: A cute set of silver-plated jewelry for your little one, bearing the \"\"Mkya\"\" symbol to enhance the feeling of uniqueness and beauty.</p>\r\n<p>\"\"Mkya\"\" is not just a toy and its collection, but a message of love and peace from the holiest places on Earth. It symbolizes the experiences of those who have performed Hajj or Umrah and those who long to visit Mecca. Owning \"\"Mkya\"\" and its exciting collection means carrying a part of Mecca\'s spirit and rich heritage, sharing it with your children, and making it a part of their happy memories and playful moments.<br />\"</p>', NULL, 83, 2),
(257, 'كأس أطفال حوار', '<p>\"في قلب الصحراء العربية الشاسعة، حيث تتعانق رمالها الذهبية مع السماء الزرقاء، وُلد \"\"حوار\"\"، الجمل الصغير. في هذا العالم الذي يمتزج فيه التاريخ العريق مع الثقافة الغنية، يتجسد \"\"حوار\"\" كرمز للأصالة والتراث السعودي.</p>\r\n<p>تصميم المنتج<br />في عالم مليء بالمرح والإبداع، يأتي كوب الأطفال بشخصية \"\"حوار\"\" ليكون الرفيق المثالي لطفلك في جميع الأوقات. تم تصميم هذا الكوب ليكون آمنًا للأطفال، حيث يجمع بين المتانة والتصميم الممتع بشخصية \"\"حوار\"\" المرحة. يعتبر هذا الكوب الخيار الأمثل للأطفال للاستمتاع بمشروباتهم اليومية، سواء في المنزل أو أثناء التنقل.</p>\r\n<p>ميزات الكوب<br />غير قابل للكسر: الكوب مصنوع من مواد متينة وغير قابلة للكسر، مما يجعله آمنًا تمامًا للاستخدام اليومي من قبل الأطفال. يوفر الطمأنينة للوالدين ويمنح الأطفال حرية الاستمتاع دون القلق من تعرض الكوب للكسر.<br />رسومات مصنوعة من السيليكون: تم تزيين الكوب برسومات شخصية \"\"حوار\"\" المرحة والمحببة للأطفال، مصنوعة من السيليكون عالي الجودة. هذه الرسومات لا تبهت ولا تتلاشى حتى مع تكرار الغسيل، مما يجعل الكوب يحتفظ بجماله وأناقة تصميمه لفترة طويلة.<br />آمن للاستخدام: الكوب خالي من المواد الضارة، مما يجعله آمنًا تمامًا للأطفال. تم اختبار جميع المواد المستخدمة لضمان مطابقتها لأعلى معايير السلامة والجودة.</p>\r\n<p>معنى \"\"حوار\"\"<br />اختيار اسم \"\"حوار\"\" لم يكن محض صدفة. فالحوار هو الجمل الصغير الذي يمثل بداية جديدة وأملًا متجددًا. كما أن الاسم يحمل في طياته معاني الحوار والتفاهم، وهي قيم يعززها المجتمع السعودي في تعامله مع الآخرين.</p>\r\n<p>المجموعة الشيقة<br />تتضمن مجموعة \"\"حوار\"\" ملحقات متنوعة تجعل التجربة أكثر تفاعلية وتعليمية للأطفال:<br />&bull; الدمية حوار :الرفيق المثالي للأطفال، حيث يمكنهم احتضانه والنوم بجانبه، ليكون جزءًا من أحلامهم وأوقات لعبهم.<br />&bull; شنطة فنية: تحتوي على جميع أنواع الألوان الخشبية والسائلة والشمعية، مما يتيح للأطفال التعبير عن إبداعهم.<br />&bull; دفتر مذكرات: دفتر مميز لتسجيل مغامرات الأطفال وأفكارهم مع \"\"حوار\"\".<br />&bull; قلم: قلم خاص بتصميم \"\"حوار\"\" ليكون رفيقًا للأطفال في كتاباتهم ورسمهم.<br />&bull; لعبة بزل القطن: لعبة ممتعة تساعد الأطفال على تنمية مهاراتهم الحركية والتفكير المنطقي.<br />&bull; ميدالية حوار: ميدالية صغيرة يمكن تعليقها على الشنط أو حملها مع المفاتيح، لتكون \"\"حوار\"\" دائمًا مع الأطفال أينما ذهبوا.<br />&bull; مجموعة ملصقات : تُظهر \"\"حوار\"\" في أزياء سعودية تقليدية متنوعة. <br />&bull; كتيب تلوين: كتيب يحتوي على صور من روح السعودية، يمكن للأطفال تلوينها واكتشاف جمال التراث السعودي.<br /><br />\"\"حوار\"\" ليس مجرد دمية، بل هو رسالة حب وسلام من قلب الصحراء. هو رمز لكل من عاش تجربة السعودية، ولكل من يتوق إلى اكتشاف جمالها وتراثها العريق. بامتلاك \"\"حوار\"\" ومجموعته الشيقة، تكون قد حملت معك جزءًا من روح السعودية وتراثها العريق، وشاركتها مع أطفالك لتكون جزءًا من ذكرياتهم السعيدة وأوقات لعبهم الممتعة.\"</p>', NULL, 84, 1),
(258, 'CUP(PS)-HWAR', '<p>\"Hwar: The Beloved Camel</p>\r\n<p>In the vast Arabian desert, where golden sands meet the blue sky, Hwar, the little camel, was born. In this world where ancient history blends with rich culture, Hwar stands as a symbol of Saudi heritage and tradition.</p>\r\n<p>Product Design<br />In a world filled with fun and creativity, the children&rsquo;s cup featuring Hwar is the perfect companion for your child at all times. This cup is designed to be safe for children, combining durability with a fun design of the playful Hwar character. It\'s the ideal choice for kids to enjoy their daily drinks, whether at home or on the go.</p>\r\n<p>Cup Features<br />- Unbreakable: Made from durable, unbreakable materials, this cup is completely safe for daily use by children. It provides peace of mind for parents and allows children to enjoy without the worry of breaking the cup.<br />- Silicone Illustrations: Decorated with high-quality silicone illustrations of the beloved Hwar character, these images do not fade or wear off even with repeated washing, ensuring the cup retains its beauty and elegance for a long time.<br />- Safe for Use: The cup is free from harmful substances, making it completely safe for children. All materials used are tested to meet the highest standards of safety and quality.</p>\r\n<p>The Meaning of \"\"Hwar\"\"<br />Choosing the name \"\"Hwar\"\" was not by chance. Hwar, the little camel, represents a new beginning and renewed hope. The name also embodies the values of dialogue and understanding, which are strongly upheld by the Saudi community in their interactions with others.</p>\r\n<p>Exciting Collection<br />The \"\"Hwar\"\" collection includes various accessories that make the experience more interactive and educational for children:<br />- Hwar Plush Toy: The perfect companion for children to cuddle with and sleep beside, becoming part of their dreams and playtime.<br />- Art Bag: Contains all types of wooden, liquid, and wax crayons, allowing children to express their creativity.<br />- Diary: A special notebook for children to record their adventures and thoughts with Hwar.<br />- Hwar Pen: A pen featuring the Hwar design to accompany children in their writing and drawing.<br />- Cotton Puzzle Toy: A fun toy that helps children develop motor skills and logical thinking.<br />- Hwar Keychain: A small keychain that can be attached to bags or carried with keys, ensuring Hwar is always with the children wherever they go.<br />- Sticker Set: Featuring Hwar in various traditional Saudi outfits.<br />- Coloring Book: A book with images of Saudi spirit, allowing children to color and explore the beauty of Saudi heritage.</p>\r\n<p>Hwar is not just a toy; it is a message of love and peace from the heart of the desert. It is a symbol for everyone who has experienced Saudi Arabia and for those who yearn to discover its beauty and rich heritage. By owning Hwar and his exciting collection, you carry with you a piece of Saudi spirit and heritage, sharing it with your children to be part of their happy memories and enjoyable playtimes.\"</p>', NULL, 84, 2),
(259, 'كأس أطفال مكية', '<p>\"تم تصميم \"\"مكية\"\" بعناية فائقة لتجسد جمال وسكينة حمام الحمى. كامل المجموعة مصنوعة من مواد آمنة وناعمة تناسب الأطفال، وبتفاصيل دقيقة تعكس ريشها الأبيض الناصع وعينيها الهادئتين. مجموعة \"\"مكية\"\" ليست مجرد قطعة تذكارية، بل هي منتجات محبوبة تروي قصة مدينة مقدسة.<br />تصميم المنتج<br />في عالم مليء بالمرح والإبداع، يأتي كوب الأطفال بشخصية \"\"مكية\"\" ليكون الرفيق المثالي لطفلك في جميع الأوقات. تم تصميم هذا الكوب ليكون آمنًا للأطفال، حيث يجمع بين المتانة والتصميم الممتع . يعتبر هذا الكوب الخيار الأمثل للأطفال للاستمتاع بمشروباتهم اليومية، سواء في المنزل أو أثناء التنقل.</p>\r\n<p>ميزات الكوب<br />غير قابل للكسر: الكوب مصنوع من مواد متينة وغير قابلة للكسر، مما يجعله آمنًا تمامًا للاستخدام اليومي من قبل الأطفال. يوفر الطمأنينة للوالدين ويمنح الأطفال حرية الاستمتاع دون القلق من تعرض الكوب للكسر.<br />رسومات مصنوعة من السيليكون: تم تزيين الكوب برسومات شخصية \"\"حوار\"\" المرحة والمحببة للأطفال، مصنوعة من السيليكون عالي الجودة. هذه الرسومات لا تبهت ولا تتلاشى حتى مع تكرار الغسيل، مما يجعل الكوب يحتفظ بجماله وأناقة تصميمه لفترة طويلة.<br />آمن للاستخدام: الكوب خالي من المواد الضارة، مما يجعله آمنًا تمامًا للأطفال. تم اختبار جميع المواد المستخدمة لضمان مطابقتها لأعلى معايير السلامة والجودة.</p>\r\n<p>المجموعة الشيقة<br />تتضمن مجموعة \"\"مكية\"\" ملحقات متنوعة تجعل التجربة أكثر تفاعلية وتعليمية للأطفال:<br />&bull; شنطة فنية:تحتوي على جميع أنواع الألوان الخشبية والسائلة والشمعية، مما يتيح للأطفال التعبير عن إبداعهم.<br />&bull; كتيب تلوين:كتيب يحتوي على صور من روح السعودية، يمكن للأطفال تلوينها واكتشاف جمال التراث السعودي.<br />&bull; دفتر مذكرات: دفتر مميز لتسجيل مغامرات الأطفال وأفكارهم مع \"\"مكية\"\".<br />&bull; قلم مكية: قلم خاص بتصميم \"\"مكية\"\" ليكون رفيقًا للأطفال في كتاباتهم ورسمهم.<br />&bull; لعبة بزل القطن: لعبة ممتعة تساعد الأطفال على تنمية مهاراتهم الحركية والتفكير المنطقي.<br />&bull; ميدالية مكية : دمية صغيرة يمكن تعليقها على الشنط أو حملها مع المفاتيح، لتكون \"\"مكية\"\" دائمًا مع الأطفال أينما ذهبوا.<br />&bull; كوب مكية: بتصميم مميز ومواد بجودة عالية امن للاطفال<br />&bull; مجوهرات مطلية بالفضة: مجموعة مجوهرات لطيفة مطلية بالفضة لطفلتك الصغيرة، تحمل رمز \"\"مكية\"\"، لتعزيز الشعور بالتميز والجمال.</p>\r\n<p>\"\"مكية\"\" ليست مجرد دمية ومجموعتها، بل هي رسالة حب وسلام من أقدس بقاع الأرض. هي رمز لكل من عاش تجربة الحج أو العمرة، ولكل من يتوق إلى زيارة مكة المكرمة. بامتلاك \"\"مكية\"\" ومجموعتها الشيقة، تكون قد حملت معك جزءًا من روح مكة وتراثها العريق، وشاركتها مع أطفالك لتكون جزءًا من ذكرياتهم السعيدة وأوقات لعبهم الممتعة.\"</p>', NULL, 85, 1),
(260, 'CUP(PS)-MKYA', '<p>\" Mkya: The Peaceful Dove</p>\r\n<p>Designed with utmost care, Mkya embodies the beauty and tranquility of the sacred doves of Al-Haram. The entire collection is made from safe and soft materials suitable for children, with intricate details reflecting her pure white feathers and serene eyes. Mkya is not just a keepsake, but beloved items that tell the story of a holy city.</p>\r\n<p>Product Design<br />In a world full of fun and creativity, the children\'s cup featuring Mkya is the perfect companion for your child at all times. This cup is designed to be safe for children, combining durability with a delightful design. It is the ideal choice for kids to enjoy their daily drinks, whether at home or on the go.</p>\r\n<p>Cup Features<br />- Unbreakable: Made from durable, unbreakable materials, this cup is completely safe for daily use by children. It provides peace of mind for parents and allows children to enjoy without the worry of breaking the cup.<br />- Silicone Illustrations: Decorated with high-quality silicone illustrations of the lovable Mkya character, these images do not fade or wear off even with repeated washing, ensuring the cup retains its beauty and elegance for a long time.<br />- Safe for Use: The cup is free from harmful substances, making it completely safe for children. All materials used are tested to meet the highest standards of safety and quality.</p>\r\n<p>Exciting Collection<br />The \"\"Mkya\"\" collection includes various accessories that make the experience more interactive and educational for children:<br />- Art Bag: Contains all types of wooden, liquid, and wax crayons, allowing children to express their creativity.<br />- Coloring Book: A book filled with images of Saudi spirit, allowing children to color and explore the beauty of Saudi heritage.<br />- Diary: A special notebook for children to record their adventures and thoughts with Mkya.<br />- Mkya Pen: A pen featuring the Mkya design to accompany children in their writing and drawing.<br />- Cotton Puzzle Toy: A fun toy that helps children develop motor skills and logical thinking.<br />- Mkya Keychain: A small keychain that can be attached to bags or carried with keys, ensuring Mkya is always with the children wherever they go.<br />- Mkya Cup: Featuring a unique design and high-quality materials, safe for children.<br />- Silver-Plated Jewelry: A lovely set of silver-plated jewelry for your little girl, featuring the Mkya symbol, to enhance the feeling of distinction and beauty.</p>\r\n<p>Mkya is not just a toy and her collection, but a message of love and peace from the holiest of places. She is a symbol for everyone who has experienced the pilgrimage or yearns to visit Makkah. By owning Mkya and her exciting collection, you carry with you a piece of Makkah\'s spirit and heritage, sharing it with your children to be part of their happy memories and enjoyable playtimes.\"</p>', NULL, 85, 2),
(261, 'كوب القهوة المرح -تصميم الريال السعودي', '<p>\"كوب قهوة عالي الجودة بتصميم الريال السعودي</p>\r\n<p>ارتقِ بتجربتك في تناول المشروبات مع هذا الكوب الفاخر والمصمم بأناقة ليزين برمز الريال السعودي. يُعتبر هذا الكوب الخيار المثالي للحفاظ على مشروباتك الساخنة أو الباردة بأفضل جودة، مع تصميم يجمع بين الفخامة والعملية.</p>\r\n<p>المواصفات:</p>\r\n<p>اسم المنتج: كوب قهوة عالي التفريغ<br />السعة: 380 مل<br />رقم الموديل: 0168<br />اللون: اسود مطفي مع غطاء باللون البرتاقالي <br />المواد:<br />الداخل: ستانلس ستيل 316<br />الخارج: ستانلس ستيل 304<br />يتميز هذا الكوب بتقنية تفريغ عالية الجودة، مما يضمن الحفاظ على درجة حرارة مشروبك لفترة أطول. تصميمه الأنيق برمز الريال السعودي يضفي لمسة من الفخامة على يومك، سواء كنت تستخدمه في العمل أو في المنزل.\"</p>', NULL, 86, 1),
(262, 'Coffee Fun cup -SAR Design', '<p>\"High-Quality Beverage Tumbler with Saudi Riyal Symbol Design</p>\r\n<p>Elevate your drinking experience with this premium tumbler, elegantly designed and adorned with the Saudi Riyal symbol. This tumbler is the perfect choice for keeping your beverages hot or cold with top-notch quality, combining luxury and functionality.</p>\r\n<p>Specifications:<br />- Product Name: High Vacuum Coffee Cup<br />- Capacity: 380 ml<br />- Model Number: Not specified<br />- Color: Obsidian Black with Bright Orange Lid<br />- Material:<br />- Inner: 316 Stainless Steel<br />- Outer: 304 Stainless Steel</p>\r\n<p>This tumbler features high vacuum technology, ensuring your drink maintains its temperature for an extended period. Its elegant design with the Saudi Riyal symbol adds a touch of sophistication to your day, whether you\'re using it at work or at home.\"</p>', NULL, 86, 2),
(263, 'كوب القهوة المرح-تصميم الخط العربي', '<p>\"كوب قهوة عالي الجودة بتصميم الخط العربي</p>\r\n<p>ارتقِ بتجربتك في تناول المشروبات مع هذا الكوب الفاخر والمصمم بأناقة ليزين بتصميم الخط العربي \"\"أنا والقهوة انكتبنا بالهوى عشاق\"\". يُعتبر هذا الكوب الخيار المثالي للحفاظ على مشروباتك الساخنة أو الباردة بأفضل جودة، مع تصميم يجمع بين الفخامة والعملية.</p>\r\n<p>المواصفات:</p>\r\n<p>اسم المنتج: كوب قهوة عالي التفريغ<br />السعة: 380 مل<br />رقم الموديل: 0168<br />اللون: أأبيض لؤلؤي<br />المواد:<br />الداخل: ستانلس ستيل 316<br />الخارج: ستانلس ستيل 304<br />يتميز هذا الكوب بتقنية تفريغ عالية الجودة، مما يضمن الحفاظ على درجة حرارة مشروبك لفترة أطول. تصميمه الأنيق بعبارة الخط العربي \"\"أنا والقهوة انكتبنا بالهوى عشاق\"\" يضفي لمسة من الفخامة على يومك، سواء كنت تستخدمه في العمل أو في المنزل.\"</p>', NULL, 87, 1),
(264, 'Coffee Fun cup -Arabic Calligraphy Design', '<p>\"High-Quality Beverage Tumbler with Arabic Calligraphy Design</p>\r\n<p>Elevate your drinking experience with this premium tumbler, elegantly designed and adorned with the Arabic calligraphy \"\"أنا والقهوة انكتبنا بالهوى عشاق\"\" (Coffee and I are written in love). This tumbler is the perfect choice for keeping your beverages hot or cold with top-notch quality, combining luxury and functionality.</p>\r\n<p>Specifications:</p>\r\n<p>Product Name: High Vacuum Coffee Cup<br />Capacity: 380 ml<br />Model Number: 0168<br />Color: Creamy White<br />Material:<br />Inner: 316 Stainless Steel<br />Outer: 304 Stainless Steel<br />This tumbler features high vacuum technology, ensuring your drink maintains its temperature for an extended period. Its elegant design with the Arabic calligraphy phrase adds a touch of sophistication to your day, whether you\'re using it at work or at home.\"</p>', NULL, 87, 2),
(265, 'قارورة رياضية عازلة للحرارة-لون اسود مع حامل', '<p>\"قارورة رياضية لحفظ المشروبات بشعار \"\"لحظة سعودية تأخذها معك\"\"</p>\r\n<p>استمتع بمشروباتك المفضلة، سواء كانت ساخنة أو باردة، مع هذه القارورة الرياضية الفاخرة المصممة بعناية بشعار \"\"لحظة سعودية تأخذها معك\"\". تتميز هذه القارورة بجودة عالية وتضمن الحفاظ على درجة حرارة مشروباتك لفترة طويلة، مما يجعلها مثالية للاستخدام أثناء ممارسة الرياضة أو السفر.</p>\r\n<p>المواصفات:</p>\r\n<p>اسم المنتج: قارورة رياضية عالية التفريغ<br />السعة: 800 مل<br />رقم الموديل: 0161<br />اللون: أسود سبج<br />المواد:<br />الداخل والخارج: ستانلس ستيل 304<br />هذه القارورة الرياضية مزودة بتقنية تفريغ متقدمة للحفاظ على درجة الحرارة، وهي مثالية للاستخدام اليومي، سواء في العمل أو أثناء التنقل. استمتع بمشروبك مع لمسة من الفخامة واحتفظ بذكرى من السعودية معك دائمًا.\"</p>', NULL, 88, 1),
(266, 'Insulator Stainless steel-black', '<p>\"High-Quality Sports Bottle with \"\"A Saudi Moment to Take with You\"\" Logo</p>\r\n<p>Enjoy your favorite beverages, whether hot or cold, with this premium sports bottle, meticulously designed and adorned with the logo \"\"A Saudi Moment to Take with You.\"\" This high-quality bottle ensures your drinks stay at the perfect temperature for an extended period, making it ideal for sports activities or travel.</p>\r\n<p>Specifications:</p>\r\n<p>Product Name: High Vacuum Sports Bottle<br />Capacity: 800 ml<br />Item Number: 0161<br />Color: Obsidian Black<br />Material:<br />Inside and Outside: 304 Stainless Steel<br />This sports bottle features advanced vacuum technology to maintain temperature, making it perfect for daily use, whether at work or on the go. Enjoy your drink with a touch of luxury and always carry a memorable piece of Saudi Arabia with you.\"</p>', NULL, 88, 2),
(267, 'قارورة رياضية عازلة للحرارة-لون بيج مع حامل', '<p>\"قارورة رياضية لحفظ المشروبات بشعار \"\"الطريقة السعودية\"\"</p>\r\n<p>ارتقِ بتجربتك في تناول المشروبات مع هذه القارورة الرياضية الفاخرة التي تحمل شعار \"\"الطريقة السعودية\"\" بتصميم كلاسيكي أنيق. تتميز هذه القارورة بسعة كبيرة وتصميم عملي مع حامل تعليق طويل، مما يجعلها مثالية للاستخدام أثناء ممارسة الرياضة أو السفر.</p>\r\n<p>المواصفات:</p>\r\n<p>اسم المنتج: قارورة رياضية عالية التفريغ<br />السعة: 1100 مل<br />رقم الموديل: 0163<br />اللون: أبيض لؤلؤي<br />المواد:<br />الداخل: ستانلس ستيل 316<br />الخارج: ستانلس ستيل 304<br />هذه القارورة الرياضية مزودة بتقنية تفريغ متقدمة للحفاظ على درجة الحرارة، مما يضمن بقاء مشروباتك ساخنة أو باردة لفترة طويلة. تصميمها الأنيق مع حامل التعليق الطويل يجعلها سهلة الحمل ومثالية للاستخدام اليومي. احصل على مشروبك المفضل مع لمسة من الفخامة واحتفظ بذكرى من السعودية معك دائمًا.\"</p>', NULL, 89, 1),
(268, 'Sports bottle-white', '<p>\"High-Quality Sports Bottle with \"\"The Saudi Way\"\" Logo</p>\r\n<p>Elevate your drinking experience with this premium sports bottle, featuring \"\"The Saudi Way\"\" logo in a classic and elegant design. This bottle has a large capacity and practical design with a long carry strap, making it ideal for sports activities or travel.</p>\r\n<p>Specifications:</p>\r\n<p>Product Name: High Vacuum Sports Bottle<br />Capacity: 1100 ml<br />Item Number: 0163<br />Color: Pearl White<br />Material:<br />Inner: 316 Stainless Steel<br />Outer: 304 Stainless Steel<br />This sports bottle features advanced vacuum technology to maintain temperature, ensuring your beverages stay hot or cold for an extended period. Its elegant design with a long carry strap makes it easy to carry and perfect for daily use. Enjoy your favorite drink with a touch of luxury and always carry a memorable piece of Saudi Arabia with you.\"</p>', NULL, 89, 2),
(269, 'دلة قهوة نقش السدو', '<p>\"في عالم مليء بالتقاليد والتراث، تبرز دلة القهوة السعودية كرمز للضيافة والترحيب. تجمع بين الأصالة والحداثة، وتحمل في طياتها جمال الفنون التقليدية والتكنولوجيا المتطورة.</p>\r\n<p>تصميم المنتج:<br />دلة القهوة السعودية تم تصميمها بأعلى معايير الجودة والتقنية لتلبية توقعاتكم:</p>\r\n<p>- جودة عالية جدًا: مصنوعة من الفولاذ المقاوم للصدأ من الداخل، مما يجعلها غير قابلة للكسر وتضمن دوامها لفترة طويلة.<br />- تصميم حديث: تحتوي على صفاية داخلية لمنحكم مشروبًا خاليًا من الشوائب.<br />- حفظ الحرارة والبرودة لأكثر من 16 ساعة: بفضل تكنولوجيا العزل الحراري المتقدمة، تحافظ دلة القهوة على حرارة القهوة أو برودة المشروب لمدة تزيد عن 16 ساعة.<br />- غطاء سهل الفتح بالمسة: يتميز بغطاء يفتح بلمسة زر لتسهيل الاستخدام.<br />- شاشة باللمس: مزودة بشاشة باللمس لمعرفة درجة حرارة المشروب بسهولة.<br />- قاعدة قابلة للدوران: توفر قاعدة قابلة للدوران لجمعات مثالية وسهولة في تقديم القهوة.<br />- مقبض خشبي فاخر: يأتي بمقبض خشبي فاخر يضيف لمسة من الفخامة.<br />- ألوان رائعة: البرتقالي لون رمال صحراء الربع الخالي .</p>\r\n<p>نقش السدو<br />تزين دلة القهوة السعودية بنقش السدو بطريقة سعودية حديثة، لترمز إلى ثقافة السعودية وكرم الضيافة. السدو هو من الفنون التراثية التي تعكس الجمال والبساطة، ويعكس الثقافة والهوية السعودية بأسلوب مبتكر.</p>\r\n<p>تاريخ السدو ونشأته<br />السدو هو فن نسج تقليدي يعود تاريخه إلى العصور القديمة، حيث كان يُستخدم في صنع الخيام والأغطية والمفروشات. يُعد السدو جزءًا مهمًا من تراث البدو الرحل في الجزيرة العربية، ويُعبر عن الثقافة والحرفية السعودية بطريقة فريدة.</p>\r\n<p>خاتمة<br />دلة القهوة السعودية هي ليست مجرد وعاء لتقديم القهوة، بل هي قطعة فنية تجمع بين التراث والتكنولوجيا، لتمنحكم تجربة مميزة تعبر عن كرم الضيافة السعودي. بامتلاك هذه الدلة، تكون قد حملت معك جزءًا من روح الثقافة السعودية وتقاليدها العريقة، وشاركتها مع ضيوفك في كل جمعة ومناسبة.\"</p>', NULL, 90, 1),
(270, 'Saudi Coffee pot', '<p>\" The Saudi Coffee Pot: A Symbol of Hospitality and Tradition</p>\r\n<p>In a world rich with traditions and heritage, the Saudi coffee pot stands out as a symbol of hospitality and warmth. It beautifully combines tradition with modernity, encapsulating the charm of traditional arts and advanced technology.</p>\r\n<p>Product Design:<br />The Saudi coffee pot is crafted to the highest standards of quality and technology to meet your expectations:</p>\r\n<p>- Superior Quality:Made from stainless steel inside, ensuring it is unbreakable and durable for long-term use.<br />- Modern Design: Features an internal strainer to provide a drink free of impurities.<br />- Temperature Retention for Over 16 Hours:Thanks to advanced thermal insulation technology, the coffee pot keeps beverages hot or cold for over 16 hours.<br />- Easy Open Lid: Equipped with a lid that opens with the touch of a button for ease of use.<br />- Touch Screen Display: Includes a touch screen to easily check the beverage temperature.<br />- Rotating Base: Offers a rotating base for perfect gatherings and easy serving.<br />- Luxurious Wooden Handle: Comes with a luxurious wooden handle that adds a touch of elegance.<br />- Beautiful Colors:Available in three colors reflecting the beauty of Saudi nature.</p>\r\n<p>Sadu Weaving:<br />The Saudi coffee pot is adorned with tradition Saudi Sadu weaving, symbolizing Saudi culture and hospitality. Sadu is a traditional art that reflects beauty and simplicity, representing Saudi culture and identity in an innovative way.</p>\r\n<p>History and Origin of Sadu:<br />Sadu is a traditional weaving art dating back to ancient times, used in making tents, covers, and furnishings. It is a significant part of the heritage of the nomadic Bedouins in the Arabian Peninsula, expressing Saudi culture and craftsmanship uniquely.</p>\r\n<p>Conclusion:<br />The Saudi coffee pot is not just a vessel for serving coffee; it is an artistic piece that combines heritage and technology, providing you with a distinctive experience that embodies Saudi hospitality. By owning this coffee pot, you carry with you a piece of Saudi culture and tradition, sharing it with your guests at every gathering and occasion.\"</p>', NULL, 90, 2),
(271, 'دلة قهوة نقش السدو', '<p>\"في عالم مليء بالتقاليد والتراث، تبرز دلة القهوة السعودية كرمز للضيافة والترحيب. تجمع بين الأصالة والحداثة، وتحمل في طياتها جمال الفنون التقليدية والتكنولوجيا المتطورة.</p>\r\n<p>تصميم المنتج:<br />دلة القهوة السعودية تم تصميمها بأعلى معايير الجودة والتقنية لتلبية توقعاتكم:</p>\r\n<p>- جودة عالية جدًا: مصنوعة من الفولاذ المقاوم للصدأ من الداخل، مما يجعلها غير قابلة للكسر وتضمن دوامها لفترة طويلة.<br />- تصميم حديث: تحتوي على صفاية داخلية لمنحكم مشروبًا خاليًا من الشوائب.<br />- حفظ الحرارة والبرودة لأكثر من 16 ساعة: بفضل تكنولوجيا العزل الحراري المتقدمة، تحافظ دلة القهوة على حرارة القهوة أو برودة المشروب لمدة تزيد عن 16 ساعة.<br />- غطاء سهل الفتح بالمسة: يتميز بغطاء يفتح بلمسة زر لتسهيل الاستخدام.<br />- شاشة باللمس: مزودة بشاشة باللمس لمعرفة درجة حرارة المشروب بسهولة.<br />- قاعدة قابلة للدوران: توفر قاعدة قابلة للدوران لجمعات مثالية وسهولة في تقديم القهوة.<br />- مقبض خشبي فاخر: يأتي بمقبض خشبي فاخر يضيف لمسة من الفخامة.<br />- ألوان رائعة: الاخضر لون جمال الطبيعة السعودية.</p>\r\n<p>نقش السدو<br />تزين دلة القهوة السعودية بنقش السدو بطريقة سعودية حديثة، لترمز إلى ثقافة السعودية وكرم الضيافة. السدو هو من الفنون التراثية التي تعكس الجمال والبساطة، ويعكس الثقافة والهوية السعودية بأسلوب مبتكر.</p>\r\n<p>تاريخ السدو ونشأته<br />السدو هو فن نسج تقليدي يعود تاريخه إلى العصور القديمة، حيث كان يُستخدم في صنع الخيام والأغطية والمفروشات. يُعد السدو جزءًا مهمًا من تراث البدو الرحل في الجزيرة العربية، ويُعبر عن الثقافة والحرفية السعودية بطريقة فريدة.</p>\r\n<p>خاتمة<br />دلة القهوة السعودية هي ليست مجرد وعاء لتقديم القهوة، بل هي قطعة فنية تجمع بين التراث والتكنولوجيا، لتمنحكم تجربة مميزة تعبر عن كرم الضيافة السعودي. بامتلاك هذه الدلة، تكون قد حملت معك جزءًا من روح الثقافة السعودية وتقاليدها العريقة، وشاركتها مع ضيوفك في كل جمعة ومناسبة.\"</p>', NULL, 91, 1),
(272, 'Saudi Coffee pot', '<p>\" The Saudi Coffee Pot: A Symbol of Hospitality and Tradition</p>\r\n<p>In a world rich with traditions and heritage, the Saudi coffee pot stands out as a symbol of hospitality and warmth. It beautifully combines tradition with modernity, encapsulating the charm of traditional arts and advanced technology.</p>\r\n<p>Product Design:<br />The Saudi coffee pot is crafted to the highest standards of quality and technology to meet your expectations:</p>\r\n<p>- Superior Quality:Made from stainless steel inside, ensuring it is unbreakable and durable for long-term use.<br />- Modern Design: Features an internal strainer to provide a drink free of impurities.<br />- Temperature Retention for Over 16 Hours:Thanks to advanced thermal insulation technology, the coffee pot keeps beverages hot or cold for over 16 hours.<br />- Easy Open Lid: Equipped with a lid that opens with the touch of a button for ease of use.<br />- Touch Screen Display: Includes a touch screen to easily check the beverage temperature.<br />- Rotating Base: Offers a rotating base for perfect gatherings and easy serving.<br />- Luxurious Wooden Handle: Comes with a luxurious wooden handle that adds a touch of elegance.<br />- Beautiful Colors:Available in three colors reflecting the beauty of Saudi nature.</p>\r\n<p>Sadu Weaving:<br />The Saudi coffee pot is adorned with tradition Saudi Sadu weaving, symbolizing Saudi culture and hospitality. Sadu is a traditional art that reflects beauty and simplicity, representing Saudi culture and identity in an innovative way.</p>\r\n<p>History and Origin of Sadu:<br />Sadu is a traditional weaving art dating back to ancient times, used in making tents, covers, and furnishings. It is a significant part of the heritage of the nomadic Bedouins in the Arabian Peninsula, expressing Saudi culture and craftsmanship uniquely.</p>\r\n<p>Conclusion:<br />The Saudi coffee pot is not just a vessel for serving coffee; it is an artistic piece that combines heritage and technology, providing you with a distinctive experience that embodies Saudi hospitality. By owning this coffee pot, you carry with you a piece of Saudi culture and tradition, sharing it with your guests at every gathering and occasion.\"</p>', NULL, 91, 2),
(273, 'دلة قهوة نقش السدو', '<p>\"في عالم مليء بالتقاليد والتراث، تبرز دلة القهوة السعودية كرمز للضيافة والترحيب. تجمع بين الأصالة والحداثة، وتحمل في طياتها جمال الفنون التقليدية والتكنولوجيا المتطورة.</p>\r\n<p>تصميم المنتج:<br />دلة القهوة السعودية تم تصميمها بأعلى معايير الجودة والتقنية لتلبية توقعاتكم:</p>\r\n<p>- جودة عالية جدًا: مصنوعة من الفولاذ المقاوم للصدأ من الداخل، مما يجعلها غير قابلة للكسر وتضمن دوامها لفترة طويلة.<br />- تصميم حديث: تحتوي على صفاية داخلية لمنحكم مشروبًا خاليًا من الشوائب.<br />- حفظ الحرارة والبرودة لأكثر من 16 ساعة: بفضل تكنولوجيا العزل الحراري المتقدمة، تحافظ دلة القهوة على حرارة القهوة أو برودة المشروب لمدة تزيد عن 16 ساعة.<br />- غطاء سهل الفتح بالمسة: يتميز بغطاء يفتح بلمسة زر لتسهيل الاستخدام.<br />- شاشة باللمس: مزودة بشاشة باللمس لمعرفة درجة حرارة المشروب بسهولة.<br />- قاعدة قابلة للدوران: توفر قاعدة قابلة للدوران لجمعات مثالية وسهولة في تقديم القهوة.<br />- مقبض خشبي فاخر: يأتي بمقبض خشبي فاخر يضيف لمسة من الفخامة.<br />- ألوان رائعة: الأسود المعنم.</p>\r\n<p>نقش السدو<br />تزين دلة القهوة السعودية بنقش السدو بطريقة سعودية حديثة، لترمز إلى ثقافة السعودية وكرم الضيافة. السدو هو من الفنون التراثية التي تعكس الجمال والبساطة، ويعكس الثقافة والهوية السعودية بأسلوب مبتكر.</p>\r\n<p>تاريخ السدو ونشأته<br />السدو هو فن نسج تقليدي يعود تاريخه إلى العصور القديمة، حيث كان يُستخدم في صنع الخيام والأغطية والمفروشات. يُعد السدو جزءًا مهمًا من تراث البدو الرحل في الجزيرة العربية، ويُعبر عن الثقافة والحرفية السعودية بطريقة فريدة.</p>\r\n<p>خاتمة<br />دلة القهوة السعودية هي ليست مجرد وعاء لتقديم القهوة، بل هي قطعة فنية تجمع بين التراث والتكنولوجيا، لتمنحكم تجربة مميزة تعبر عن كرم الضيافة السعودي. بامتلاك هذه الدلة، تكون قد حملت معك جزءًا من روح الثقافة السعودية وتقاليدها العريقة، وشاركتها مع ضيوفك في كل جمعة ومناسبة.\"</p>', NULL, 92, 1),
(274, 'Saudi Coffee pot', '<p>\" The Saudi Coffee Pot: A Symbol of Hospitality and Tradition</p>\r\n<p>In a world rich with traditions and heritage, the Saudi coffee pot stands out as a symbol of hospitality and warmth. It beautifully combines tradition with modernity, encapsulating the charm of traditional arts and advanced technology.</p>\r\n<p>Product Design:<br />The Saudi coffee pot is crafted to the highest standards of quality and technology to meet your expectations:</p>\r\n<p>- Superior Quality:Made from stainless steel inside, ensuring it is unbreakable and durable for long-term use.<br />- Modern Design: Features an internal strainer to provide a drink free of impurities.<br />- Temperature Retention for Over 16 Hours:Thanks to advanced thermal insulation technology, the coffee pot keeps beverages hot or cold for over 16 hours.<br />- Easy Open Lid: Equipped with a lid that opens with the touch of a button for ease of use.<br />- Touch Screen Display: Includes a touch screen to easily check the beverage temperature.<br />- Rotating Base: Offers a rotating base for perfect gatherings and easy serving.<br />- Luxurious Wooden Handle: Comes with a luxurious wooden handle that adds a touch of elegance.<br />- Beautiful Colors:Available in three colors reflecting the beauty of Saudi nature.</p>\r\n<p>Sadu Weaving:<br />The Saudi coffee pot is adorned with tradition Saudi Sadu weaving, symbolizing Saudi culture and hospitality. Sadu is a traditional art that reflects beauty and simplicity, representing Saudi culture and identity in an innovative way.</p>\r\n<p>History and Origin of Sadu:<br />Sadu is a traditional weaving art dating back to ancient times, used in making tents, covers, and furnishings. It is a significant part of the heritage of the nomadic Bedouins in the Arabian Peninsula, expressing Saudi culture and craftsmanship uniquely.</p>\r\n<p>Conclusion:<br />The Saudi coffee pot is not just a vessel for serving coffee; it is an artistic piece that combines heritage and technology, providing you with a distinctive experience that embodies Saudi hospitality. By owning this coffee pot, you carry with you a piece of Saudi culture and tradition, sharing it with your guests at every gathering and occasion.\"</p>', NULL, 92, 2),
(275, 'حافظة مشروبات قزاز', '<p>\"<br />قارورة حافظة للحرارة من الزجاج مزدوج الطبفات</p>\r\n<p>استمتع بصنع الشاي الذي تحبه في أي وقت مع هذه القارورة الزجاجية الفاخرة التي تضمن راحتك وسهولة الاستخدام. بفضل تصميمها المزدوج الطبقات، يمكنك التأكد من أن القارورة لن تسخن من الخارج ولن تتأثر بالحرارة من الداخل مما يجعلها مقاومة للكسر. القارورة محكمة الإغلاق لتمنحك تجربة شاي مثالية.</p>\r\n<p>طريقة الاستخدام:<br />يمكنك وضع أوراق الشاي في الجزء الأوسط، وعندما ترغب في تحضير الشاي، ببساطة أدر الجزء الأوسط وأقلب القارورة ليمتزج الشاي بالماء. اغلق القارورة عندما يصل الشاي إلى الدرجة المطلوبة واستمتع بشرب الشاي المثالي.</p>\r\n<p>المواصفات:<br />الاسم: قارورة حافظة للحرارة<br />-المادة: زجاج كريستال مزدوج الطبقات<br />-السعة: 361 مل<br />رقم الموديل: 0167<br />- **اللون**: زجاج شفاف\"</p>', NULL, 93, 1),
(276, 'water bottle-glass', '<p>\"<br />Double-Layered Thermal Glass Bottle</p>\r\n<p>Enjoy making your favorite tea anytime with this luxurious double-layered thermal glass bottle designed for your comfort and ease of use. Thanks to its double-layered design, the bottle remains cool to the touch on the outside and is resistant to breaking due to internal heat. The bottle is securely sealed to ensure the perfect tea experience.</p>\r\n<p>Usage Instructions:<br />Place your tea leaves in the middle compartment. When you want to brew your tea, simply turn the middle section and flip the bottle to mix the tea with the water. Close the bottle when your tea reaches the desired strength and enjoy a perfect cup of tea.</p>\r\n<p>Specifications:<br />- Product Name: Thermal Glass Bottle<br />- Material: Double-layered crystal glass<br />- Capacity: 361 ml<br />- **Item Number**: 0167<br />- **Color**: Clear glass\"</p>', NULL, 93, 2),
(277, 'مخدة سفر ميموري فورم مع شنطة الشماغ', '<p>\"في قلب الراحة والتقاليد، يعكس الشماغ الفخر والأصالة. نقدم لكم مخدة رأس ميموري فوم بنقش الشماغ، لتوفير الراحة والأناقة أثناء السفر.</p>\r\n<p>وصف المنتج<br />تم تصميم هذه المخدة لتوفير الراحة القصوى، مع نقش الشماغ الذي يعكس التراث السعودي:</p>\r\n<p>المميزات<br />راحة فائقة: مصنوعة من الميموري فوم لتوفير الدعم والراحة.<br />سهولة الحمل: تأتي مع شنطة تصميم بنقش الشماغ السعودي لتسهيل حملها أثناء السفر.متعددة الاستخدامات: مثالية للسفر والاستخدام اليومي.\"</p>', NULL, 94, 1),
(278, '\"Memory Foam Travel Pillow   with Shemagh Pattern bag\"', '<p>\"Reflecting Saudi heritage, the shemagh pattern on our memory foam travel pillow offers both comfort and a touch of cultural elegance. Perfect for enhancing your travel experience.</p>\r\n<p>Product Description<br />This travel pillow is made from high-quality memory foam and features a shemagh pattern. Available in two colors, it provides comfort and support for your head and neck during travel, and comes with a convenient carrying case.</p>\r\n<p>Features<br />High-quality memory foam ensures maximum comfort.<br />Shemagh pattern reflects Saudi heritage.<br />Comes with a carrying case for easy portability.\"</p>', NULL, 94, 2),
(279, 'مخدة سفر ميموري فورم -مع شنطة لوحة مكة', '<p>\"في قلب الراحة والمناجاة لرب العالمين، تعكس مكة اصدق معانيها. نقدم لكم مخدة رأس ميموري فوم مع شنطة لوحة مكة، لتوفير الراحة والأناقة أثناء السفر.</p>\r\n<p>وصف المنتج<br />تم تصميم هذه المخدة لتوفير الراحة القصوى لك اثناء السفر.<br />المميزات<br />راحة فائقة: مصنوعة من الميموري فوم لتوفير الدعم والراحة.<br />سهولة الحمل: تأتي مع شنطة تصميم لوحة مكة لتسهيل حملها أثناء السفر.متعددة الاستخدامات: مثالية للسفر والاستخدام اليومي.\"</p>', NULL, 95, 1);
INSERT INTO `product_descriptions` (`id`, `title`, `description`, `story`, `product_id`, `language_id`) VALUES
(280, '\"Memory Foam Travel Pillow   with MAKKAH Pattern- bag\"', '<p>\" Comfort in Reverence: The Makkah Memory Foam Travel Pillow with Makkah Print Bag</p>\r\n<p>Product Description<br />Designed to provide ultimate comfort during your travels, our Makkah Memory Foam Travel Pillow ensures you rest in serenity.</p>\r\n<p>Features<br />- Superior Comfort: Made from memory foam to offer maximum support and comfort.<br />- Easy to Carry: Comes with a bag featuring a beautiful Makkah print, making it convenient to carry during travel.<br />- Versatile Use: Ideal for travel and everyday use.</p>\r\n<p>Experience true relaxation with the Makkah Memory Foam Travel Pillow, where comfort meets elegance in every journey.\"</p>', NULL, 95, 2),
(281, 'تيشيرت عصري تصميم بلال قطن  كبار', '<p>\"تيشيرت قطن صافي 100% بجودة عالية<br />ارتدِ هذا التيشيرت المريح والأنيق المستوحى من قول الصحابي: \"\"يا بلال! ارفع أذان الصلاة وأقمها؛ لنستريح بها\"\"، ليكون تجسيداً للمناجاة مع الله وراحة للروح والقلب. هذا التيشيرت مناسب للجنسين ويأتي بتصاميم عصرية تعكس روح الراحة والسلام الداخلي.<br />يرجى مراجعة جدول المقاسات للتأكد من المقاس الفعلي لك. هذا التيشيرت مثالي لارتدائه في أي مناسبة، حيث يجمع بين الراحة والجودة العالية مع تصميم يعكس الروحانية والإيمان.</p>\r\n<p>المواصفات:</p>\r\n<p>اسم المنتج: تيشيرت قطن صافي 100%<br />الموديل: 085<br />المواد: قطن 100%<br />الاستايل: قميص نص كم<br />التقنية: مطبوع<br />\"</p>', NULL, 96, 1),
(282, '\"A modern T -shirt designed by Bilal  Cotton for adults\"', '<p>\"100% Pure Cotton High-Quality T-Shirt</p>\r\n<p>Wear this comfortable and stylish T-shirt inspired by the words of the companion: \"\"O Bilal! Announce the prayer and give the call so we may find rest,\"\" embodying the solace and peace found in prayer. This unisex T-shirt features contemporary designs that reflect the essence of inner peace and spiritual comfort.<br />Please refer to the size chart to ensure the correct fit. This T-shirt is perfect for any occasion, combining comfort and high quality with a design that reflects spirituality and faith.<br />Specifications:<br />- Product Name: 100% Pure Cotton T-Shirt<br />- Model: 085<br />- Material: 100% Cotton<br />- Style: Short Sleeve Shirt<br />- Technique: Printed\"</p>', NULL, 96, 2),
(283, 'تيشيرت  عصري تصميم محمد قطن للكبار', '<p>\"تيشيرت قطن صافي 100% بجودة عالية</p>\r\n<p>ارتدِ هذا التيشيرت المريح والأنيق، الذي يحتفي بسيرة نبينا محمد صلى الله عليه وسلم، وأجمل ما اتصف به من صدق وحلم وأمانة. هذا التيشيرت مناسب للجنسين ويأتي بتصاميم عصرية تعكس القيم النبيلة والصفات الحميدة.<br />يرجى مراجعة جدول المقاسات للتأكد من المقاس الفعلي لك. هذا التيشيرت مثالي لارتدائه في أي مناسبة، حيث يجمع بين الراحة والجودة العالية مع تصميم يعكس الفضائل النبوية والقيم الأخلاقية.<br />المواصفات:</p>\r\n<p>اسم المنتج: تيشيرت قطن صافي 100%<br />الموديل:090<br />المواد: قطن 100%<br />الاستايل: قميص نص كم<br />التقنية: مطبوع<br />\"</p>', NULL, 97, 1),
(284, '\"A modern T-shirt designed by Mohamed  cotton for adults\"', '<p>\"100% Pure Cotton High-Quality T-Shirt</p>\r\n<p>Wear this comfortable and stylish T-shirt, celebrating the virtues of our Prophet Muhammad (peace be upon him), embodying his honesty, forbearance, and trustworthiness. This unisex T-shirt features contemporary designs that reflect noble values and admirable qualities.<br />Please refer to the size chart to ensure the correct fit. This T-shirt is perfect for any occasion, combining comfort and high quality with a design that reflects prophetic virtues and ethical values.</p>\r\n<p>Specifications:</p>\r\n<p>Product Name: 100% Pure Cotton T-Shirt<br />Model:090<br />Material: 100% Cotton<br />Style: Short Sleeve Shirt<br />Technique: Printed</p>', NULL, 97, 2),
(285, 'تيشيرت  عصري تصميم سلام قطن  للكبار', '<p>\"تيشيرت قطن صافي 100% بجودة عالية</p>\r\n<p>ارتدِ هذا التيشيرت المريح والأنيق، المصمم بعبارة \"\"سلام\"\" المستلهمة من الآية الكريمة \"\"ادْخُلُوهَا بِسَلَامٍ آمِنِينَ\"\" التي تعبر عن الأمان والسكينة التي يشعر بها الزائر في مكة المكرمة. هذا التيشيرت يعكس الشعور بالسلام الداخلي والأمان من كل خوف وفزع، وهو ما تستشعره بمجرد الدخول إلى مكة.<br />يرجى مراجعة جدول المقاسات للتأكد من المقاس الفعلي لك. هذا التيشيرت مثالي لارتدائه في أي مناسبة، حيث يجمع بين الراحة والجودة العالية مع تصميم يعكس الأمان والسكينة التي يشعر بها الزائر في مكة المكرمة.<br />المواصفات:</p>\r\n<p>اسم المنتج: تيشيرت قطن صافي 100%<br />الموديل: 095<br />المواد: قطن 100%<br />الاستايل: قميص نص كم<br />التقنية: مطبوع\"</p>', NULL, 98, 1),
(286, '\"Modern T-shirt, Pease Cotton Design for Adults\"', '<p>\"100% Pure Cotton High-Quality T-Shirt</p>\r\n<p>Wear this comfortable and stylish T-shirt, designed with the word \"\"Salam\"\" inspired by the Quranic verse \"\"Enter it in peace and security,\"\" reflecting the sense of safety and tranquility felt in Makkah. This T-shirt embodies the inner peace and freedom from fear and anxiety, which is truly experienced upon entering Makkah.<br />Please refer to the size chart to ensure the correct fit. This T-shirt is perfect for any occasion, combining comfort and high quality with a design that reflects the safety and tranquility experienced in Makkah.<br />Specifications:</p>\r\n<p>Product Name: 100% Pure Cotton T-Shirt<br />Model: Not specified<br />Material: 100% Cotton<br />Style: Short Sleeve Shirt<br />Technique: Printed<br />\"</p>', NULL, 98, 2),
(287, 'تيشيرت  عصري تصميم السعودية قطن للكبار', '<p>\"تيشيرت قطن صافي 100% بجودة عالية</p>\r\n<p>ارتدِ هذا التيشيرت المريح والأنيق، المصمم بكلمة \"\"المملكة العربية السعودية\"\" والمزينة بنقش الشماغ المميز بداخلها، والذي يعبر عن رمز الأصالة والشجاعة. هذا التيشيرت يعكس الفخر بالتراث السعودي والشجاعة المتجذرة في تاريخ المملكة.<br />يرجى مراجعة جدول المقاسات للتأكد من المقاس الفعلي لك. هذا التيشيرت مثالي لارتدائه في أي مناسبة، حيث يجمع بين الراحة والجودة العالية مع تصميم يعكس الفخر والأصالة السعودية.<br />المواصفات:</p>\r\n<p>اسم المنتج: تيشيرت قطن صافي 100%<br />الموديل: 0100<br />المواد: قطن 100%<br />الاستايل: قميص نص كم<br />التقنية: مطبوع<br />\"</p>', NULL, 99, 1),
(288, '\"A modern T -shirt design Saudi Arabia,  cotton for adults\"', '<p>\"100% Pure Cotton High-Quality T-Shirt</p>\r\n<p>Wear this comfortable and stylish T-shirt, designed with the words \"\"The Kingdom of Saudi Arabia\"\" adorned with the distinctive Shemagh pattern inside, symbolizing authenticity and bravery. This T-shirt reflects pride in Saudi heritage and the courage rooted in the kingdom\'s history.</p>\r\n<p>Please refer to the size chart to ensure the correct fit. This T-shirt is perfect for any occasion, combining comfort and high quality with a design that reflects Saudi pride and authenticity.</p>\r\n<p>Specifications:</p>\r\n<p>Product Name: 100% Pure Cotton T-Shirt<br />Model: 0100<br />Material: 100% Cotton<br />Style: Short Sleeve Shirt<br />Technique: Printed<br />\"</p>', NULL, 99, 2),
(289, 'تيشيرت  عصري تصميم الرياض قطن للكبار', '<p>\"تيشيرت قطن صافي 100% بجودة عالية</p>\r\n<p>ارتدِ هذا التيشيرت المريح والأنيق، المصمم برسوم خطية تعكس مدينة الرياض ومعالمها المميزة بين الحاضر والأصالة والتراث. يعبر هذا التصميم عن تطور المدينة وجمال مزيجها الفريد بين التاريخ العريق والحداثة المعاصرة، مما يجعل هذا التيشيرت تجسيداً حياً للروح السعودية.<br />يرجى مراجعة جدول المقاسات للتأكد من المقاس الفعلي لك. هذا التيشيرت مثالي لارتدائه في أي مناسبة، حيث يجمع بين الراحة والجودة العالية مع تصميم يعكس تاريخ وثقافة الرياض.</p>\r\n<p>المواصفات:</p>\r\n<p>اسم المنتج: تيشيرت قطن صافي 100%<br />الموديل: 0105<br />المواد: قطن 100%<br />الاستايل: قميص نص كم<br />التقنية: مطبوع\"</p>', NULL, 100, 1),
(290, '\"A modern T-shirt design  Riyadh,  cotton for adults\"', '<p>\"100% Pure Cotton High-Quality T-Shirt</p>\r\n<p>Wear this comfortable and stylish T-shirt, featuring line art drawings that depict the city of Riyadh and its iconic landmarks, showcasing the blend of modernity and tradition. This design reflects the city\'s evolution and its unique blend of rich heritage and contemporary elegance, making this T-shirt a vivid representation of the Saudi spirit.</p>\r\n<p>Please refer to the size chart to ensure the correct fit. This T-shirt is perfect for any occasion, combining comfort and high quality with a design that reflects the history and culture of Riyadh.</p>\r\n<p>Specifications:</p>\r\n<p>Product Name: 100% Pure Cotton T-Shirt<br />Model:0105<br />Material: 100% Cotton<br />Style: Short Sleeve Shirt<br />Technique: Printed<br />\"</p>', NULL, 100, 2),
(291, 'ملابس حديثي الولادة-انا احب مكة', '<p>\"بربتوز قطن صافي 100% بجودة عالية</p>\r\n<p>اجعل طفلك يرتدي هذا البربتوز المريح والأنيق، المصمم بعبارة \"\"أنا أحب مكة\"\"، ليعبر عن الحب والانتماء لأقدس بقاع الأرض. هذا البربتوز مناسب للجنسين ويأتي بتصاميم عصرية تتماشى مع أذواق الأهل الحديثة، مما يجعله خياراً مثالياً لملابس حديثي الولادة.</p>\r\n<p>المواصفات:</p>\r\n<p>اسم المنتج: بربتوز قطن صافي 100%<br />الموديل: 016<br />المواد: قطن 100%<br />الاستايل: بربتوز اطفال بقفل من الأسفل<br />التقنية: مطبوع<br />المقاس : من 0 الى 24 شهر<br />\"</p>', NULL, 101, 1),
(292, '\"Newborn clothes-I love Mecca cotton\"', '<p>\"100% Pure Cotton High-Quality Onesie</p>\r\n<p>Dress your baby in this comfortable and stylish onesie, designed with the phrase \"\"I Love Makkah,\"\" expressing love and connection to the holiest place on earth. This unisex onesie features contemporary designs that cater to modern parents\' tastes, making it an ideal choice for newborn clothing.</p>\r\n<p>Specifications:</p>\r\n<p>- Product Name: 100% Pure Cotton Onesie<br />- Model: 016<br />- Material: 100% Cotton<br />- Style: Infant onesie with bottom closure<br />- Technique: Printed<br />- Size: 0 to 24 months\"</p>', NULL, 101, 2),
(293, 'ملابس حديثي الولادة-مكية بالمدينة', '<p>\"بربتوز قطن صافي 100% بجودة عالية</p>\r\n<p>اجعل طفلك يرتدي هذا البربتوز المريح والأنيق، المصمم برسمة حمام الحرم \"\"مكية\"\"، ليعبر عن الحب والانتماء بإحتضانه القبة للمسجد النبوي. هذا التصميم اللطيف والمحبب يعزز من تعلق الأطفال بالشعائر الدينية منذ الصغر. هذا البربتوز مناسب للجنسين ويأتي بتصاميم عصرية تتماشى مع أذواق الأهل الحديثة، مما يجعله خياراً مثالياً لملابس حديثي الولادة.</p>\r\n<p>المواصفات:</p>\r\n<p>اسم المنتج: بربتوز قطن صافي 100%<br />الموديل: 016<br />المواد: قطن 100%<br />الاستايل: بربتوز أطفال بقفل من الأسفل<br />التقنية: مطبوع<br />المقاس: من 0 إلى 24 شهر\"</p>', NULL, 102, 1),
(294, '\"Newborn-clothes Mkya  in Madina city-cotton\"', '<p>\"100% Pure Cotton High-Quality Onesie</p>\r\n<p>Dress your baby in this comfortable and stylish onesie, featuring a drawing of Haram Pigeons and the phrase \"\"Makkiya,\"\" symbolizing love and connection by embracing the dome of the Prophet\'s Mosque. This charming and endearing design fosters a connection to religious rituals from a young age. This unisex onesie features contemporary designs that cater to modern parents\' tastes, making it an ideal choice for newborn clothing.</p>\r\n<p>Specifications:</p>\r\n<p>- Product Name: 100% Pure Cotton Onesie<br />- Model: 016<br />- Material: 100% Cotton<br />- Style: Infant onesie with bottom closure<br />- Technique: Printed<br />- Size: 0 to 24 months\"</p>', NULL, 102, 2),
(295, 'ملابس حديثي الولادة-مكية', '<p>\"\"\"بربتوز قطن صافي 100% بجودة عالية</p>\r\n<p>اجعل طفلك يرتدي هذا البربتوز المريح والأنيق، المصمم برسمة حمام الحرم \"\"\"\"مكية\"\"\"\"، ليعبر عن الحب والانتماء بإحتضانه الكعبة المشرفة. هذا التصميم اللطيف والمحبب يعزز من تعلق الأطفال بالشعائر الدينية منذ الصغر. هذا البربتوز مناسب للجنسين ويأتي بتصاميم عصرية تتماشى مع أذواق الأهل الحديثة، مما يجعله خياراً مثالياً لملابس حديثي الولادة.</p>\r\n<p>المواصفات:</p>\r\n<p>اسم المنتج: بربتوز قطن صافي 100%<br />الموديل:036<br />المواد: قطن 100%<br />الاستايل: بربتوز أطفال بقفل من الأسفل<br />التقنية: مطبوع<br />المقاس: من 0 إلى 24 شهر\"</p>', NULL, 103, 1),
(296, 'Newborn clothes-MKYA', '<p>\"<br />100% Pure Cotton Baby Bodysuit - High Quality</p>\r\n<p>Dress your little one in comfort and style with this adorable bodysuit, designed with a charming \"\"Mkya\"\" Kaaba motif. This design not only adds a touch of elegance but also fosters a deep sense of love and belonging by embracing the sacred Kaaba from an early age. Suitable for both boys and girls, this bodysuit features modern designs that align with contemporary tastes, making it an ideal choice for newborns.</p>\r\n<p>Specifications:</p>\r\n<p>- Product Name: 100% Pure Cotton Baby Bodysuit<br />- Model:036<br />- Material:100% Cotton<br />- Style:Baby Bodysuit with Bottom Snap Closure<br />- Technique:Printed<br />- **Size:** 0 to 24 Months</p>\r\n<p>---</p>\r\n<p>Feel free to adjust if you need any specific details!\"</p>', NULL, 103, 2),
(297, 'ملابس حديثي الولادة-كوول', '<p>\"بربتوز قطن صافي 100% بجودة عالية</p>\r\n<p>احرص على راحة وأناقة صغيرك مع هذا البربتوز الرائع، المصمم برسمة \"\"مكية\"\" الرائعة التي تمنح شعوراً لطيفاً وهيه مستمتعه بين أزهار المدينة المنورة الجميلة. يضيف هذا التصميم الساحر لمسة من الجمال ويعزز الإحساس بالانتماء من سن مبكرة. مناسب للجنسين، ويجمع بين الأناقة العصرية والتفاصيل الثقافية، مما يجعله خياراً مثالياً لملابس حديثي الولادة.</p>\r\n<p>المواصفات:</p>\r\n<p>اسم المنتج: بربتوز قطن صافي 100%<br />الموديل: 043<br />المواد: قطن 100%<br />الاستايل: بربتوز أطفال بقفل من الأسفل<br />التقنية: مطبوع<br />المقاس: من 0 إلى 24 شهر\"</p>', NULL, 104, 1),
(298, 'Newborn clothes-cool', '<p>\"<br />100% Pure Cotton Baby Bodysuit - High Quality</p>\r\n<p>Ensure your little one\'s comfort and style with this exquisite bodysuit, adorned with a charming \"\"Makkah\"\" design that imparts a gentle feeling while enjoying the beautiful flowers of Madinah. This enchanting design adds a touch of beauty and fosters a sense of belonging from an early age. Suitable for both boys and girls, it combines modern elegance with cultural details, making it an ideal choice for newborn clothing.</p>\r\n<p>Specifications:</p>\r\n<p>- Product Name: 100% Pure Cotton Baby Bodysuit<br />- Model:043<br />- Material:100% Cotton<br />- Style:Baby Bodysuit with Bottom Snap Closure<br />- Technique:Printed<br />- **Size:** 0 to 24 Months</p>', NULL, 104, 2),
(299, 'تيشيرت قطن أطفال-انا احب مكة', '<p>\"قميص أطفال قطن صافي 100% بجودة عالية</p>\r\n<p>اجعل طفلك يرتدي هذا القميص المريح والأنيق، المصمم بعبارة \"\"أنا أحب مكة\"\"، ليعبر عن الحب والانتماء لأقدس بقاع الأرض. هذا البربتوز مناسب للجنسين ويأتي بتصاميم عصرية تتماشى مع أذواق الأهل الحديثة، مما يجعله خياراً مثالياً .</p>\r\n<p>المواصفات:</p>\r\n<p>اسم المنتج: بربتوز قطن صافي 100%<br />الموديل: 0110<br />المواد: قطن 100%<br />الاستايل: قميص نص كم<br />التقنية: مطبوع<br />المقاس : من 2 الى 14 سنة <br />\"</p>', NULL, 105, 1),
(300, '\"Children\'s cotton t-shirt- I love Mecca\"', '<p>\" 100% Pure Cotton Kids\' T-Shirt with High-Quality Print</p>\r\n<p>Let your child wear this comfortable and stylish T-shirt, designed with the phrase \"\"I Love Makkah\"\" to express love and belonging to the holiest place on earth. This unisex onesie features modern designs that appeal to contemporary tastes, making it an ideal choice for parents.</p>\r\n<p>Specifications:<br />- Product Name: 100% Pure Cotton Onesie<br />- Model: 0110<br />- Material: 100% Cotton<br />- Style: Short Sleeve T-Shirt<br />- Technique: Printed<br />- Size: 2 to 14 years</p>\r\n<p>This T-shirt combines comfort and style, allowing children to proudly showcase their love for Makkah.\"</p>', NULL, 105, 2),
(301, 'تيشيرت قطن أطفال-مكية بالمدينة', '<p>\"\"\"قميص قطن صافي 100% بجودة عالية</p>\r\n<p>اجعل طفلك يرتدي هذا القميص المريح والأنيق، المصمم برسمة حمام الحرم \"\"\"\"مكية\"\"\"\"، ليعبر عن الحب والانتماء بإحتضانه الكعبة المشرفة. هذا التصميم اللطيف والمحبب يعزز من تعلق الأطفال بالشعائر الدينية منذ الصغر. هذا القميص مناسب للجنسين ويأتي بتصاميم عصرية تتماشى مع أذواق الأهل الحديثة، مما يجعله خياراً مثالياً ..</p>\r\n<p>المواصفات:</p>\r\n<p>اسم المنتج:قميص قطن صافي 100%<br />الموديل:0114<br />المواد: قطن 100%<br />الاستايل: قميص بنص كم<br />التقنية: مطبوع<br />المقاس: من2 الى 14 سنة\"</p>', NULL, 106, 1),
(302, '\"Children\'s cotton t-shirt  Mkya in Madina city\"', '<p>100% Pure Cotton High-Quality T-Shirt</p>\r\n<p>Dress your child in this comfortable and stylish T-shirt, featuring a design of \"Mkya,\" the Sacred Mosque\'s pigeons, to express love and connection to the holy Kaaba. This cute and endearing design fosters a child\'s attachment to religious rituals from a young age. The unisex T-Shirt comes in modern designs that appeal to contemporary parental tastes, making it an ideal choice.</p>\r\n<p>Specifications:</p>\r\n<p>- Product Name: 100% Pure Cotton T-Shirt<br />- Model: 0114<br />- Material: 100% Cotton<br />- Style: Short Sleeve T-Shirt<br />- Technique: Printed<br />- Size: 2 to 14 years</p>\r\n<p>This T-shirt combines comfort and style, allowing children to proudly showcase their love for the Sacred Mosque and its traditions.</p>', NULL, 106, 2),
(303, 'تيشيرت قطن أطفال-حوار', '<p>\"تيشيرت الأطفال بشخصية \"\"حوار\"\" المرحة يأتي بتصميم مميز يجمع بين شخصية \"\"حوار\"\" المحبوبة وزهور الخزامى الجميلة التي تنتشر في المناطق الشمالية من المملكة. يرمز الخزامى إلى الأصالة والملكية، مما يجعل التيشيرت ليس مجرد قطعة ملابس بل تعبيرًا عن التراث والثقافة السعودية.</p>\r\n<p>ميزات التيشيرت<br />تصميم مميز: يحتوي التيشيرت على رسومات لشخصية \"\"حوار\"\" المرحة مزينة بزهور الخزامى، مما يمنح الأطفال مظهرًا جذابًا ومحببًا.<br />قماش قطن 100%: مصنوع من قطن نقي 100%، مما يضمن الراحة والنعومة على بشرة الأطفال الحساسة، كما يوفر التهوية الجيدة ويمنع التعرق.<br />رمز الأصالة والملكية: بوجود زهور الخزامى في التصميم، يعبر التيشيرت عن التراث السعودي ويعزز من شعور الأطفال بالفخر بانتمائهم لبلدهم.</p>\r\n<p>تم تصنيع التيشيرت من أجود أنواع القطن لضمان الراحة والمتانة، حيث يمكن ارتداؤه في جميع الأوقات والمناسبات، مما يجعله إضافة رائعة لخزانة ملابس الأطفال\"</p>', NULL, 107, 1),
(304, '\"Children\'s Cotton  T-shirt-HWAR\"', '<p>\"product Description<br />The \"\"Hwar\"\" character kids t-shirt features a delightful design that combines the beloved \"\"Hwar\"\" character with beautiful lavender flowers found in the northern regions of the kingdom. Lavender symbolizes authenticity and royalty, making this t-shirt not just a piece of clothing but an expression of Saudi heritage and culture.</p>\r\n<p>Features of the T-Shirt<br />Unique Design: The t-shirt showcases cheerful illustrations of \"\"Hwar\"\" adorned with lavender flowers, giving children an attractive and beloved appearance.<br />100% Cotton Fabric: Made from pure 100% cotton, ensuring comfort and softness on children&rsquo;s sensitive skin, providing good ventilation and preventing sweat.<br />Symbol of Authenticity and Royalty: Featuring lavender flowers in the design, the t-shirt expresses Saudi heritage and enhances children&rsquo;s sense of pride in their country.</p>\r\n<p>The t-shirt is crafted from the finest cotton to ensure comfort and durability, making it suitable for all occasions and a wonderful addition to children\'s wardrobes\"</p>', NULL, 107, 2),
(305, 'تيشيرت قطن أطفال-مكية', '<p>\"\"\"قميص قطن صافي 100% بجودة عالية</p>\r\n<p>اجعل طفلك يرتدي هذا القميص المريح والأنيق، المصمم برسمة حمام الحرم \"\"\"\"مكية\"\"\"\"، ليعبر عن الحب والانتماء بإحتضانه الكعبة المشرفة. هذا التصميم اللطيف والمحبب يعزز من تعلق الأطفال بالشعائر الدينية منذ الصغر. هذا القميص مناسب للجنسين ويأتي بتصاميم عصرية تتماشى مع أذواق الأهل العصرية، مما يجعله خياراً مثالياً .</p>\r\n<p>المواصفات:</p>\r\n<p>اسم المنتج: قميص قطن صافي 100%<br />الموديل:0122<br />المواد: قطن 100%<br />الاستايل: قميص بنص كم<br />التقنية: مطبوع<br />المقاس: من 2 الى 14 سنة\"</p>', NULL, 108, 1),
(306, '\"Children\'s Cotton  T-shirt-MKYA\"', '<p>\"100% Pure Cotton High-Quality T-Shirt</p>\r\n<p>Dress your child in this comfortable and stylish T-shirt, featuring a design of \"\"Mkya,\"\" the Sacred Mosque\'s pigeons, embracing the Kaaba. This adorable and endearing design fosters a child\'s attachment to religious rituals from an early age. The unisex T-shirt comes in modern designs that appeal to contemporary parental tastes, making it an ideal choice.</p>\r\n<p>Specifications:</p>\r\n<p>- Product Name: 100% Pure Cotton T-Shirt<br />- Model: 0122<br />- Material: 100% Cotton<br />- Style: Short Sleeve T-Shirt<br />- Technique: Printed<br />- Size: 2 to 14 years</p>\r\n<p>This T-shirt combines comfort and style, allowing children to proudly showcase their love for the Sacred Mosque and its traditions.\"</p>', NULL, 108, 2),
(307, 'تيشيرت قطن أطفال-كوول', '<p>\"قميص قطن صافي 100% بجودة عالية</p>\r\n<p>احرص على راحة وأناقة صغيرك مع هذا القميص الرائع، المصمم برسمة \"\"مكية\"\" الرائعة التي تمنح شعوراً لطيفاً وهيه مستمتعه بين أزهار المدينة المنورة الجميلة. يضيف هذا التصميم الساحر لمسة من الجمال ويعزز الإحساس بالانتماء من سن مبكرة. مناسب للجنسين، ويجمع بين الأناقة العصرية والتفاصيل الثقافية، مما يجعله خياراً مثالياً .</p>\r\n<p>المواصفات:</p>\r\n<p>اسم المنتج: بربتوز قطن صافي 100%<br />الموديل:0126<br />المواد: قطن 100%<br />الاستايل: قميص نصف كم<br />التقنية: مطبوع<br />المقاس: من 2 الى 14 سنة\"</p>', NULL, 109, 1),
(308, '\"Children\'s Cotton  T-shirt-Cool\"', '<p>\" 100% Pure Cotton High-Quality T-Shirt</p>\r\n<p>Ensure your little one\'s comfort and style with this fantastic T-shirt, featuring a charming design of \"\"Mkya\"\" enjoying the beautiful flowers of Medina. This delightful design adds a touch of beauty and fosters a sense of belonging from an early age. Suitable for both boys and girls, it combines modern elegance with cultural details, making it an ideal choice.</p>\r\n<p>Specifications:</p>\r\n<p>- Product Name: 100% Pure Cotton T-Shirt<br />- Model: 0126<br />- Material: 100% Cotton<br />- **Style**: Short Sleeve T-Shirt<br />- **Technique**: Printed<br />- **Size**: 2 to 14 years</p>\r\n<p>This T-shirt blends comfort and style, allowing children to showcase their connection to the heritage and beauty of Medina in a fashionable way.\"</p>', NULL, 109, 2),
(309, 'شنطة الشماغ قماشية', '<p>\"في عالم مليء بالتقاليد والتراث، يبرز الشماغ كرمز للأصالة والفخر. نقدم لكم شنطة قماشية بنقش الشماغ، التي تجسد التقاليد السعودية بروح عصرية وعملية.</p>\r\n<p>وصف المنتج<br />تم تصميم هذه الشنطة لتكون عملية وأنيقة، تعكس التراث السعودي بأجمل صوره:</p>\r\n<p>سعة كبيرة: توفر مساحة واسعة لحمل جميع احتياجاتك اليومية، مما يجعلها مثالية للرحلات والسفر.<br />جودة عالية: مصنوعة من قماش عالي الجودة لضمان المتانة والتحمل.<br />نقش الشماغ: تصميم بنقش الشماغ السعودي الأيقوني، مما يضفي عليها طابعًا مميزًا وجذابًا.<br />المميزات<br />سعة كبيرة: مثالية لحمل جميع احتياجاتك اليومية.<br />متينة وعملية: مصنوعة من قماش عالي الجودة لضمان المتانة.<br />تصميم أنيق: نقش الشماغ يضفي لمسة من التراث والجمال.<br />متعددة الاستخدامات: مثالية للرحلات، السفر، والاستخدام اليومي.<br />3. مظلة بنقش الشماغ<br />في كل زاوية من زوايا المملكة، يعكس الشماغ الفخر والأصالة. نقدم لكم مظلة بنقش الشماغ، التي تجمع بين الأناقة والوظيفة لحمايتك من أشعة الشمس بأسلوب مميز.</p>\r\n<p>وصف المنتج<br />هذه المظلة مصممة بعناية لتعكس التراث السعودي وتوفر الحماية في نفس الوقت:</p>\r\n<p>حماية ممتازة: توفر حماية ممتازة من أشعة الشمس الضارة.<br />نقش الشماغ: تصميم بنقش الشماغ السعودي، مما يضيف لمسة من الفخامة والأناقة.<br />سهولة الاستخدام: ذاتية الفتح والإغلاق، مزودة بأعمدة قوية من الستانلس ستيل.<br />المميزات<br />حماية من الشمس: توفر حماية فعالة من أشعة الشمس الضارة.<br />تصميم جذاب: نقش الشماغ يضفي لمسة من التراث والفخامة.<br />سهلة الاستخدام: ذاتية الفتح والإغلاق، مصممة للاستخدام اليومي.<br />متعددة الاستخدامات: مثالية للرحلات، النزهات، والاستخدام اليومي.<br />4. كأس سيراميك بنقش الشماغ مع ملعقة<br />في قلب التقاليد السعودية، يعكس الشماغ الفخر والهوية. نقدم لكم كأس سيراميك بنقش الشماغ مع ملعقة، لتضفي لمسة من التراث على تجربة تناول مشروباتك.</p>\r\n<p>وصف المنتج<br />هذا الكأس مصمم ليجمع بين الأناقة والوظيفة، مع نقش الشماغ الذي يعكس التراث السعودي:</p>\r\n<p>جودة عالية: مصنوع من السيراميك عالي الجودة لضمان المتانة.<br />نقش الشماغ: تصميم بنقش الشماغ السعودي الأيقوني، مما يضفي عليه طابعًا مميزًا.<br />ملعقة متناسقة: يأتي مع ملعقة متناسقة لإضافة لمسة من الأناقة.<br />المميزات<br />جودة عالية: مصنوع من السيراميك عالي الجودة.<br />تصميم جذاب: نقش الشماغ يضفي لمسة من التراث والجمال.<br />ملعقة متناسقة: تأتي مع ملعقة تضيف لمسة من الأناقة.<br />متعددة الاستخدامات: مثالي للاستخدام في المنزل أو المكتب، وهدية رائعة للأصدقاء والعائلة.<br />5. مخدة رأس ميموري فوم بنقش الشماغ<br />في قلب الراحة والتقاليد، يعكس الشماغ الفخر والأصالة. نقدم لكم مخدة رأس ميموري فوم بنقش الشماغ، لتوفير الراحة والأناقة أثناء السفر.</p>\r\n<p>وصف المنتج<br />تم تصميم هذه المخدة لتوفير الراحة القصوى، مع نقش الشماغ الذي يعكس التراث السعودي:</p>\r\n<p>راحة فائقة: مصنوعة من الميموري فوم لتوفير الدعم والراحة.<br />نقش الشماغ: تصميم بنقش الشماغ السعودي الأيقوني، مما يضيف لمسة من الفخامة.<br />سهولة الحمل: تأتي مع شنطة لتسهيل حملها أثناء السفر.<br />المميزات<br />راحة فائقة: مصنوعة من الميموري فوم لتوفير الدعم والراحة.<br />تصميم جذاب: نقش الشماغ يضفي لمسة من التراث والفخامة.<br />سهلة الحمل: تأتي مع شنطة لتسهيل حملها أثناء السفر.<br />متعددة الاستخدامات: مثالية للسفر والاستخدام اليومي.<br />6. سجادة ناعمة بنقش الشماغ مع شنطة للحمل<br />في كل تفاصيل الحياة اليومية، يعكس الشماغ الفخر والأصالة. نقدم لكم سجادة ناعمة بنقش الشماغ، لتضفي لمسة من التراث والأناقة على صلواتك وتجاربك اليومية.</p>\r\n<p>وصف المنتج<br />هذه السجادة مصممة بعناية لتعكس التراث السعودي وتوفر الراحة في نفس الوقت:</p>\r\n<p>جودة عالية: مصنوعة من مواد عالية الجودة لضمان المتانة والراحة.<br />نقش الشماغ: تصميم بنقش الشماغ السعودي الأيقوني، مما يضفي عليها طابعًا مميزًا.<br />سهولة الحمل: تأتي مع شنطة لتسهيل حملها أثناء التنقل.<br />المميزات<br />جودة عالية: مصنوعة من مواد عالية الجودة لضمان المتانة.<br />تصميم جذاب: نقش الشماغ يضفي لمسة من التراث والفخامة.<br />سهلة الحمل: تأتي مع شنطة لتسهيل حملها أثناء التنقل.<br />متعددة الاستخدامات: مثالية للصلاة في المنزل أو الخارج.<br />7. مروحة يدوية بنقش الشماغ<br />في حرارة الصيف وتحت الشمس الساطعة، يعكس الشماغ الفخر والأصالة. نقدم لكم مروحة يدوية بنقش الشماغ، لتوفر لك التهوية المنعشة بأسلوب تراثي وأنيق.</p>\r\n<p>وصف المنتج<br />هذه المروحة اليدوية مصممة لتجمع بين الوظيفة والجمال، مع نقش الشماغ الذي يعكس التراث السعودي:</p>\r\n<p>تصميم عصري: تصميم مميز بنقش الشماغ السعودي الأيقوني.<br />عملية ومريحة: توفر تهوية منعشة وتناسب الحقائب الصغيرة.<br />جودة عالية: مصنوعة من مواد متينة لضمان الاستخدام الطويل.<br />المميزات<br />تهوية منعشة: توفر تهوية فعالة في الأيام الحارة.<br />تصميم جذاب: نقش الشماغ يضفي لمسة من التراث والأناقة.<br />سهلة الحمل: تصميم عملي يناسب الحقائب الصغيرة.<br />متعددة الاستخدامات: مثالية للاستخدام اليومي والرحلات.<br />8. مروحة إلكترونية بعبارات مضيئة بنقش الشماغ<br />في عالم مليء بالتكنولوجيا والتقاليد، يعكس الشماغ الفخر والأصالة. نقدم لكم مروحة إلكترونية بعبارات مضيئة بنقش الشماغ، لتوفر لكم التهوية المنعشة وتضفي لمسة من التراث والتكنولوجيا.</p>\r\n<p>وصف المنتج<br />هذه المروحة الإلكترونية مصممة لتجمع بين الوظيفة والجمال، مع نقش الشماغ والعبارات المضيئة التي تعكس التراث السعودي:</p>\r\n<p>تصميم مبتكر: تصميم مميز بنقش الشماغ السعودي وعبارات مضيئة.<br />عملية وعصرية: توفر تهوية منعشة وتضفي لمسة من الجمال.<br />جودة عالية: مصنوعة من مواد متينة لضمان الاستخدام الطويل.<br />المميزات<br />تهوية منعشة: توفر تهوية فعالة في الأيام الحارة.<br />تصميم جذاب: نقش الشماغ وعبارات مضيئة تضفي لمسة من التراث والأناقة.<br />*سهلة</p>', NULL, 110, 1),
(310, 'fabric bag -SA', '<p>\"Spacious Canvas Bag with Shemagh Pattern<br />The shemagh reflects Saudi Arabia\'s rich culture and traditions. Our spacious canvas bag, adorned with the shemagh pattern, combines practicality and elegance, perfect for daily use and travel.</p>\r\n<p>Product Description<br />This bag is designed for maximum comfort and convenience. Made from high-quality canvas, it offers ample space for all your daily essentials, while the shemagh pattern adds a unique cultural touch.</p>\r\n<p>Features<br />High-quality canvas ensures durability.<br />Stylish shemagh pattern reflects Saudi heritage.<br />Spacious design accommodates all your daily needs.\"</p>', NULL, 110, 2),
(311, 'شنطة  لوحة مكة قماشية', '<p>\"في مدينة الطهر والإيمان، حيث تتلاقى القلوب والأرواح، نقدم لكم شنطة قماشية مستوحاة من روح مكة المكرمة، لتكون رفيقك في رحلاتك اليومية.</p>\r\n<p>الوصف:<br />شنطة قماشية فاخرة مستوحاة من نقوش وألوان مكة المكرمة، تجمع بين الجمال والعملية لتلبية احتياجاتك اليومية بأسلوب أنيق.</p>\r\n<p>المميزات:<br />سعة كبيرة: لحمل جميع احتياجاتك اليومية.<br />مصنوعة من قماش عالي الجودة: لضمان المتانة والاستخدام الطويل.<br />تصميم مستوحى من نقوش مكة: يضفي لمسة تراثية على مظهرك.<br />أحزمة مريحة: لحمل مريح طوال اليوم.\"</p>', NULL, 111, 1),
(312, 'fabric bag -MAKKAH', '<p>\"n the city of purity and faith, where hearts and souls meet, we present to you a fabric bag inspired by the spirit of Makkah, to be your companion on your daily journeys.</p>\r\n<p>Description:<br />A luxurious fabric bag inspired by the patterns and colors of Makkah, combining beauty and practicality to meet your daily needs in an elegant manner.</p>\r\n<p>Features:<br />Large Capacity: To carry all your daily essentials.<br />Made from High-Quality Fabric: Ensures durability and long-term use.<br />Design Inspired by Makkah\'s Patterns: Adds a traditional touch to your appearance.<br />Comfortable Straps: For comfortable carrying all day long.\"</p>', NULL, 111, 2),
(313, 'دفتر مذكرات صغير- نقش الشماغ', '<p>\"في قلب التقاليد السعودية، يعكس الشماغ الفخر والأصالة. نقدم لكم كتيب مذكرات بنقش الشماغ، الذي يتيح لكم تدوين أفكاركم وملاحظاتكم بأسلوب يجمع بين التراث والحداثة.</p>\r\n<p>وصف المنتج<br />تم تصميم هذا الكتيب ليكون أنيقًا وعصريًا، مع نقش الشماغ الذي يعكس التراث السعودي<br />المميزات<br />جودة عالية: مصنوع من مواد متينة لضمان الاستخدام الطويل.<br />تصميم جذاب: نقش الشماغ يضفي لمسة من التراث والجمال.<br />حجم مناسب: مثالي لحمله في الحقائب وتدوين الملاحظات اليومية.<br />متعددة الاستخدامات: يمكن استخدامه في العمل، الدراسة، أو لتدوين الأفكار الشخصية.\"</p>', NULL, 112, 1),
(314, 'Note book -SA', '<p>\"In Saudi culture, the shemagh symbolizes pride and heritage. Our shemagh-patterned notebook offers a stylish way to jot down your thoughts and notes.</p>\r\n<p>Product Description<br />This notebook is designed with a shemagh pattern that reflects Saudi heritage. It\'s perfect for daily note-taking and is easy to carry in your bag.</p>\r\n<p>Features<br />High-quality materials ensure durability.<br />Shemagh pattern adds a touch of cultural elegance.<br />Compact size makes it easy to carry.\"</p>', NULL, 112, 2),
(315, 'دفتر مذكرات صغير- لوحة مكة', '<p>\"في أجواء مكة المكرمة المقدسة، نقدم لكم دفتر مذكرات مستوحى من روح هذه المدينة العريقة، ليكون رفيقك في تسجيل ملاحظاتك وأفكارك.</p>\r\n<p>الوصف:<br />دفتر مذكرات أنيق مصمم بنقوش مستوحاة من مكة المكرمة، يجمع بين الجمال والعملية ليكون مثاليًا لتدوين ملاحظاتك اليومية.</p>\r\n<p>المميزات:<br />تصميم أنيق: يعكس جمال وروح مكة المكرمة.<br />حجم مناسب: يسهل حمله واستخدامه في أي وقت.<br />ورق عالي الجودة: لضمان تجربة كتابة سلسة ومريحة.<br />يأتي بغلاف متين: لحماية مذكراتك من التلف.\"</p>', NULL, 113, 1),
(316, 'Note book -MAKKAH', '<p>\" Notebook Inspired by the Sacred City of Mecca</p>\r\n<p>Immerse yourself in the spiritual ambiance of Mecca with our elegantly designed notebook, perfect for capturing your notes and thoughts.</p>\r\n<p>Description:<br />An elegant notebook adorned with motifs inspired by the timeless beauty of Mecca, combining aesthetics and practicality for your daily note-taking needs.</p>\r\n<p>Features:<br />- Elegant Design:Reflects the beauty and spirit of Mecca.<br />- Convenient Size: Easy to carry and use anytime.<br />- High-Quality Paper: Ensures a smooth and comfortable writing experience.<br />- Durable Cover:Protects your notes from damage.</p>\r\n<p>This notebook is an ideal companion for those who wish to keep their memories and ideas safe, while drawing inspiration from the sacred city of Mecca.\"</p>', NULL, 113, 2),
(317, 'مروحة الأحرف المضيئة welcome in macca', '<p>\"مروحة رسائل LED الترحيبية في مكة</p>\r\n<p>هذه المروحة الذكية تعرض الأحرف المضيئة بعبارة \"\"Welcome in Macca\"\" عند دورانها، مما يجعلها لحظة سعودية رائعة تحتفظ بها وتهديها الى احبابك .</p>\r\n<p>المواصفات :<br />1. رسائل مخصصة متحركة: تعرض المروحة رسائل مخصصة بتقنية LED.<br />2. المواد:<br />- مقبض: مصنوع من ABS.<br />- الشفرة: مصنوعة من PVC.<br />3. حجم الوحدة: 11 سم &times; 3.5 سم &times; 5.5 سم.<br />4. وزن الوحدة: 50 جرام.<br />5. البطاريات: تعمل بـ 3 بطاريات AAA (غير مشمولة).<br />6. ألوان المروحة: متوفرة باللون الأخضر.</p>\r\n<p>هذه المروحة ليست فقط أداة لتبريد الهواء، بل هي أيضًا وسيلة رائعة لعرض رسائل ترحيبية مميزة باستخدام تكنولوجيا LED.\"</p>', NULL, 114, 1),
(318, 'LED Lettar fan', '<p>\"LED Message Fan - Welcome in Macca</p>\r\n<p>This smart fan displays illuminated letters with the message \"\"Welcome in Macca\"\" when spinning, creating a wonderful Saudi moment to cherish and gift to your loved ones.</p>\r\n<p>Specifications:<br />1. Customizable Moving Messages: Displays personalized messages with LED technology.<br />2. Materials:<br />- Handle: Made from ABS.<br />- Blade: Made from PVC.<br />3. Unit Size: 11 cm &times; 3.5 cm &times; 5.5 cm.<br />4. Unit Weight: 50 grams.<br />5. Batteries: Operates on 3 AAA batteries (not included).<br />6. Fan Colors: Available in green.</p>\r\n<p>This fan is not just an air cooling device but also a fantastic way to display unique welcoming messages using LED technology.\"</p>', NULL, 114, 2),
(319, 'مروحة الأحرف المضيئة I love KSA', '<p>\"مروحة رسائل LED الترحيبية في السعودية</p>\r\n<p>هذه المروحة الذكية تعرض الأحرف المضيئة بعبارة \"\"I love KSA\"\" عند دورانها، مما يجعلها لحظة سعودية رائعة تحتفظ بها وتهديها الى احبابك .</p>\r\n<p>المواصفات :<br />1. **رسائل مخصصة متحركة**: تعرض المروحة رسائل مخصصة بتقنية LED.<br />2. **المواد**:<br />- **مقبض**: مصنوع من ABS.<br />- **الشفرة**: مصنوعة من PVC.<br />3. حجم الوحدة: 11 سم &times; 3.5 سم &times; 5.5 سم.<br />4. وزن الوحدة: 50 جرام.<br />5. البطاريات: تعمل بـ 3 بطاريات AAA (غير مشمولة).<br />6. **ألوان المروحة**: متوفرة باللون الأسود.</p>\r\n<p>هذه المروحة ليست فقط أداة لتبريد الهواء، بل هي أيضًا وسيلة رائعة لعرض رسائل ترحيبية مميزة باستخدام تكنولوجيا LED.\"</p>', NULL, 115, 1),
(320, 'LED Lettar fan', '<p>\"LED Message Fan - Welcome in KSA</p>\r\n<p>This smart fan displays illuminated letters with the message \"\"I love KSA\"\" when spinning, creating a wonderful Saudi moment to cherish and gift to your loved ones.</p>\r\n<p>Specifications:<br />1. Customizable Moving Messages: Displays personalized messages with LED technology.<br />2. Materials:<br />- Handle: Made from ABS.<br />- Blade: Made from PVC.<br />3. Unit Size: 11 cm &times; 3.5 cm &times; 5.5 cm.<br />4. Unit Weight: 50 grams.<br />5. Batteries: Operates on 3 AAA batteries (not included).<br />6. Fan Colors: Available in black.</p>\r\n<p>This fan is not just an air cooling device but also a fantastic way to display unique welcoming messages using LED technology.\"</p>', NULL, 115, 2),
(321, 'بزل الكرات القطنية', '<p>\"بزل الكرات القطنية</p>\r\n<p>انطلق بطفلك في رحلة إبداعية وتعليمية مع لعبة \"\"بزل الكرات القطنية\"\"، التي تجمع بين المتعة والفائدة من خلال تعزيز القيم الثقافية والدينية لديهم منذ نعومة أظافرهم. تحتوي هذه اللعبة على ثلاث صور مميزة تمثل حواراً في الفضاء، ومكية في المسجد الحرام، ومكية في المسجد النبوي، مما يجعلها تجربة مميزة وممتعة للأطفال.</p>\r\n<p>مواصفات المنتج:</p>\r\n<p>- اسم المنتج: بزل الكرات القطنية - DIY POMPOM ART<br />- الأبعاد: 22x22 سم<br />-المحتوى: يمكن إنشاء 3 صور (3 تصاميم مختلفة)<br />- التعبئة: داخل صندوق ورقي مطبوع</p>\r\n<p>تقدم هذه اللعبة فرصة للأطفال لتنمية مهاراتهم الفنية واليدوية بينما يتعلمون عن تراثهم الثقافي والديني بطريقة مرحة ومبتكرة. اخلق لحظات لا تُنسى مع لعبة \"\"بزل الكرات القطنية\"\" ودع إبداع طفلك يتألق مع كل صورة يقوم بإنشائها.\"</p>', NULL, 116, 1),
(322, 'DIY POMPOM ART', '<p>\" DIY Pompom Puzzle</p>\r\n<p>Embark on a creative and educational journey with your child through the \"\"DIY Pompom Puzzle,\"\" a delightful toy that combines fun and learning while fostering cultural and religious values from an early age. This toy features three unique pictures depicting a conversation in space, Makkah at the Grand Mosque, and Makkah at the Prophet\'s Mosque, providing a special and enjoyable experience for children.</p>\r\n<p>Product Specifications:</p>\r\n<p>- Product Name:DIY Pompom Puzzle - DIY POMPOM ART<br />- Dimensions: 22x22 cm<br />- Contents:Can create 3 pictures (3 different designs)<br />- Packaging:Printed paper box</p>\r\n<p>This toy offers children the opportunity to develop their artistic and manual skills while learning about their cultural and religious heritage in a fun and innovative way. Create unforgettable moments with the \"\"DIY Pompom Puzzle\"\" and let your child\'s creativity shine with every picture they create.\"</p>', NULL, 116, 2),
(323, 'فواحة عطرية تذكارية باب الحرم', '<p>\"في قلب الإيمان والروحانية، تتجلى جمالية باب الحرم المكي كرمز للتواصل مع الله ولحظات السكينة والطمأنينة. نحن نفخر بتقديم تحفة باب الحرم المكي العطرية، التي تجمع بين التقاليد الدينية والتصميم العصري لتحفة فريدة ترافقك في رحلتك الروحية.</p>\r\n<p>تصميم المنتج<br />تحفة باب الحرم المكي العطرية تمثل تفاصيل باب الحرم المكي بأعلى مستويات الدقة والجمال. ولكن ليس هذا كل شيء، فهي أيضًا فواحة عطرية تأتي برائحة العود الفاخرة التي تعكس كرم السعودية وروعة التقاليد.</p>\r\n<p>- تفاصيل دقيقة: يتميز تصميم التحفة بتفاصيل دقيقة تعكس جمالية باب الحرم المكي، مما يضفي عليها طابعًا أصيلًا وفخامة فريدة.<br />- تصميم أنيق وعصري: بالرغم من الحفاظ على التقاليد الدينية، إلا أن التحفة تتمتع بتصميم عصري وأنيق يتناسب مع أي ديكور منزلي.<br />- فواحة عطرية: مزودة بفواحة عطرية تعمل على بخار العود الفاخر، لتملأ المكان برائحة ساحرة تذكرك بأجواء الحرم المكي المقدسة.<br />- تأمل روحي: تُعتبر تحفة باب الحرم المكي العطرية تذكارًا مثاليًا يحمل معه روحانية الزيارة إلى الحرم المكي، ويذكرك بلحظات لطالما تمنيتها وتتوق لتجربتها.</p>\r\n<p>الرسالة الثقافية<br />تمثل تحفة باب الحرم المكي العطرية رمزًا للروحانية والتقوى، وتعبر عن الثقافة الإسلامية والتراث السعودي بأبهى صورها. إنها ليست مجرد تحفة، بل هي تذكير بالروحانية والهدوء في عالم متسارع.<br />ختامية<br />بتقديم تحفة باب الحرم المكي العطرية، نحن نسعى لتقديم تجربة فريدة ومميزة تعزز الروحانية والسكينة في حياتك. دعونا نساعدك على إضفاء جو من الهدوء والتأمل في منزلك، ونجعل كل لحظة تذكرك بالسعادة والطمأنينة.\"</p>', NULL, 117, 1),
(324, '\"The masterpiece of the Al Haram Door\"', '<p>\"In the heart of faith and spirituality, the beauty of the Holy Kaaba Gate symbolizes the connection with God and moments of serenity and tranquility. We are proud to present the Holy Kaaba Gate Aromatic Masterpiece, which combines religious traditions with modern design to create a unique piece that accompanies you on your spiritual journey.</p>\r\n<p>Product Design:<br />The Holy Kaaba Gate Aromatic Masterpiece represents the intricate details of the Holy Kaaba Gate with the highest levels of precision and beauty. But that\'s not all; it is also an aromatic diffuser featuring luxurious oud fragrance, reflecting Saudi generosity and the splendor of traditions.</p>\r\n<p>- Intricate Details:The design features precise details that reflect the beauty of the Holy Kaaba Gate, giving it an authentic and unique elegance.<br />- Elegant and Modern Design:While maintaining religious traditions, the piece boasts a modern and elegant design that fits any home decor.<br />- Aromatic Diffuser:Equipped with an aromatic diffuser that emits luxurious oud vapor, filling the space with a captivating scent reminiscent of the sacred atmosphere of the Holy Kaaba.<br />- Spiritual Reflection:The Holy Kaaba Gate Aromatic Masterpiece serves as a perfect memento that carries the spirituality of visiting the Holy Kaaba, reminding you of the cherished moments you long to experience.</p>\r\n<p>Cultural Message:<br />The Holy Kaaba Gate Aromatic Masterpiece symbolizes spirituality and devotion, representing Islamic culture and Saudi heritage in its finest form. It is not just a masterpiece but a reminder of spirituality and tranquility in a fast-paced world.</p>\r\n<p>Conclusion:<br />By offering the Holy Kaaba Gate Aromatic Masterpiece, we strive to provide a unique and special experience that enhances spirituality and tranquility in your life. Let us help you infuse your home with an atmosphere of calm and reflection, making every moment a reminder of happiness and peace.\"</p>', NULL, 117, 2),
(325, 'فواحة عطرية الخيمة السعودية', '<p>\"في عمق الصحاري وتحت سماء النجوم، تعكس الخيمة السعودية جمال الثقافة والتراث العريق في المملكة. نحن نفخر بتقديم الخيمة السعودية العطرية، التي تجسد جو الكرم والشبة والقهوة العربية تحت سماء المملكة العربية السعودية الرائعة.</p>\r\n<p>تصميم المنتج<br />تم تصميم الخيمة السعودية العطرية بعناية فائقة لتجلب لكم جو من السحر والجمال في كل زاوية:</p>\r\n<p>- جمال الثقافة السعودية: تعكس الخيمة السعودية التقاليد العريقة والثقافة الغنية للمملكة، مما يضفي عليها طابعًا مميزًا وجذابًا.</p>\r\n<p>-العطر الساحر: مزودة بفواحة عطرية , لتملأ المكان برائحة ساحرة تذكرك بأجواء الصحاري السعودية الهادئة والمليئة بالسكينة.<br />- ثقافة الكرم والعطاء: تجسد الخيمة السعودية العطرية ثقافة الكرم والعطاء التي تتمتع بها المملكة، حيث يعتبر استقبال الضيوف وتقديم الضيافة من القيم الأساسية في المجتمع السعودي.<br />- الرمز الدال على الكرم: بوضع الخيمة السعودية العطرية في بيتك، تعبر عن كرمك وشهامتك كأهل الدار، وترحب بضيوفك بأسلوب فريد ومميز.</p>\r\n<p>روح السعودية<br />تعكس الخيمة السعودية العطرية روح السعودية العظيمة، بتضافر الجمال الطبيعي والثقافة العريقة والضيافة الساحرة. إنها تجسد الأجواء الرائعة واللحظات السعيدة التي تشتهر بها المملكة.</p>\r\n<p>ختامية<br />بتقديم الخيمة السعودية العطرية، نسعى لنقل لكم جو من السحر والجمال الذي يميز الثقافة السعودية. دعونا نساعدك في إضفاء لمسة من الفخامة والتميز على منزلك، وجعل كل لحظة تجمعك بضيوفك تكون لحظة لا تُنسى تحت سماء المملكة العربية السعودية الرائعة.\"</p>', NULL, 118, 1),
(326, 'The masterpiece of Saudi tent', '<p>\"In the depths of the deserts and under the starry skies, the Saudi tent reflects the beauty of the kingdom\'s rich culture and heritage. We proudly present the Saudi Tent Aromatic Masterpiece, which embodies the ambiance of generosity, gatherings, and Arabic coffee under the magnificent skies of Saudi Arabia.</p>\r\n<p>Product Design:<br />The Saudi Tent Aromatic Masterpiece is meticulously designed to bring a touch of magic and beauty to every corner of your space:</p>\r\n<p>- Beauty of Saudi Culture: The Saudi tent captures the ancient traditions and rich culture of the kingdom, giving it a distinctive and captivating charm.<br />- Enchanting Fragrance: Equipped with an aromatic diffuser with the scents of oud and amber, it fills the space with a captivating fragrance reminiscent of the serene and tranquil deserts of Saudi Arabia.<br />- Culture of Generosity: The Saudi Tent Aromatic Masterpiece embodies the culture of generosity and hospitality that defines Saudi society, where welcoming guests and offering hospitality are core values.<br />- Symbol of Hospitality: By placing the Saudi Tent Aromatic Masterpiece in your home, you express your generosity and nobility as a host, welcoming your guests in a unique and exceptional manner.</p>\r\n<p>The Spirit of Saudi Arabia:<br />The Saudi Tent Aromatic Masterpiece reflects the magnificent spirit of Saudi Arabia, combining natural beauty, rich culture, and enchanting hospitality. It embodies the wonderful atmosphere and joyous moments that the kingdom is known for.</p>\r\n<p>Conclusion:<br />By offering the Saudi Tent Aromatic Masterpiece, we aim to bring you a touch of the magic and beauty that defines Saudi culture. Let us help you add a touch of elegance and distinction to your home, making every moment with your guests unforgettable under the splendid skies of Saudi Arabia.\"</p>', NULL, 118, 2),
(327, 'فواحة تذكارية النخلة', '<p>\"في أعماق الصحاري الساحرة وبين أجواء الجمال والتراث، تنبتِ النخلة كرمز للثراء والحياة في الثقافة السعودية. ومعها، يأتي الجمل كرمز للقوة والصمود في وجه التحديات. نحن نفخر بتقديم فواحة النخلة والجمل العطرية، التي تجسد هذه المفاهيم الجميلة والغنية للمملكة العربية السعودية، وتفوح منها رائحة العود والعنبر الساحرة.</p>\r\n<p>تصميم المنتج</p>\r\n<p>تم تصميم فواحة النخلة والجمل العطرية بعناية فائقة لتجسد جمال وعمق التراث السعودي:</p>\r\n<p>- *تصميم فاخر ومميز*: تتميز الفواحة بتصميم فاخر يجمع بين جمال النخلة وعظمة الجمل، مما يضفي عليها طابعًا مميزًا وفريدًا.<br />- *رمزية النخلة والجمل*: ترمز الفواحة إلى النخلة كرمز للثراء والحياة، والجمل كرمز للقوة والصمود، مما يجسد روح الصحراء والتراث السعودي بكل أبعاده.<br />- *العطر الساحر*: مزودة بفواحة عطرية , لتملأ المكان برائحة ساحرة تذكرك بأجواء الصحاري السعودية الهادئة والمليئة بالسكينة.</p>\r\n<p>الرسالة الثقافية<br />تحمل فواحة النخلة والجمل العطرية رسالة ثقافية تعبر عن جمال وعمق التراث السعودي، وتذكرنا بقيم القوة والصمود والكرم التي تتميز بها الثقافة السعودية.</p>\r\n<p>ختامية<br />بتقديم فواحة النخلة والجمل العطرية، نسعى لنقل لكم جوًا من الجمال والسحر الذي يميز الثقافة السعودية، ونساعدك في إضفاء لمسة من الفخامة والتميز على منزلك. دعونا نجمع بين روح الصحراء وجمال العطور لتجربة فريدة ولا تُنسى تحت سماء المملكة العربية السعودية الساحرة.\"</p>', NULL, 119, 1),
(328, '\"The masterpiece of the  Palm tree\"', '<p>\"In the enchanting depths of the deserts and amidst the beauty of heritage, the palm tree emerges as a symbol of prosperity and life in Saudi culture. Alongside it, the camel stands as a symbol of strength and resilience against challenges. We are proud to present the Palm and Camel Aromatic Diffuser, embodying these beautiful and rich concepts of the Kingdom of Saudi Arabia, infused with the captivating scents of oud and amber.</p>\r\n<p>Product Design</p>\r\n<p>The Palm and Camel Aromatic Diffuser is meticulously crafted to reflect the beauty and depth of Saudi heritage:</p>\r\n<p>Luxurious and Unique Design:This diffuser boasts a luxurious design that combines the elegance of the palm tree and the grandeur of the camel, giving it a distinctive and unique charm.<br />Symbolism of the Palm and Camel:The diffuser symbolizes the palm tree as an emblem of prosperity and life, and the camel as a symbol of strength and resilience, encapsulating the spirit of the desert and the entirety of Saudi heritage.<br />Enchanting Fragrance: Equipped with an aromatic diffuser that fills the space with a captivating fragrance, reminiscent of the serene and tranquil deserts of Saudi Arabia.</p>\r\n<p>Cultural Message<br />The Palm and Camel Aromatic Diffuser carries a cultural message that expresses the beauty and depth of Saudi heritage, reminding us of the values of strength, resilience, and generosity that characterize Saudi culture.</p>\r\n<p><br />By offering the Palm and Camel Aromatic Diffuser, we aim to bring you an atmosphere of beauty and magic that distinguishes Saudi culture. We help you add a touch of elegance and distinction to your home. Let us blend the spirit of the desert with the allure of fragrances for a unique and unforgettable experience under the enchanting skies of the Kingdom of Saudi Arabia.\"</p>', NULL, 119, 2),
(329, 'الشطرنج الملكي السعودي', '<p>\"رقصة حرب <br />القطع الشطرنجية الغير تقليدية الأولى من نوعها بهوية سعودية مصنوعة من الرزين عالي الجودة والخشب الخالص. تم تصميم هذه القطع بأسلوب ينقل التراث السعودي بلمسة فاخرة، و بلمسة نهائية ذهبية وفضية تكتمل الحكاية، حكاية تروي عنا ادق التفاصيل للدلالة على الاهتمام بالتراث والثقافة والتقاليد والقيم العربية الأصيلة</p>\r\n<p>تتميز القطع بأناقة فائقة وتفاصيل دقيقة تعكس التراث السعودي والأزياء والبيئة بين حاضر وموروث ، مما يضفي لمسة فريدة على تحفة الشطرنج الفاخرة:<br />ارقص رقصة الحرب التي يرقصها النجديون، وهم مقبلون على الميدان<br />- لملك: يرتدي زيًا تقليديًا من منطقة نجد، والذي يكون عبارة عن معطف طويل مطرّز يعرف باسم &ldquo;الدقلة&rdquo;، ويتميز بياقات مستقيمة وستة أزرار، وتحته ثوب فضفاض أبيض ذو أكمام طويلة مثلّثة يعرف باسم &ldquo;المردون&rdquo;، كما يرتدون أحزمة جلدية للذخيرة بشكل مائل فوق صدورهم ويحملون سيوفهم باليد اليمنى.<br />قد كانت رقصة حرب (السيف) وسيلة لاستعراض الرجال لأسلحتهم وروحهم القتالية. وقد أصبحت رمزًا للثقافة السعودية التقليدية، وفي عام 2015 تم إدراج العرضة في قائمة اليونسكو التمثيلية للتراث الثقافي غير المادي للبشرية..<br />- الملكة: أنا أدعم السعوديّة، ونصف السعوديّة من النساء، لذا أنا أدعم النساء\"\" قالها ولي العهد محمد بن سلمان ، و أصبحنا اليوم نشهد حراكًا عظيمًا منذ أن قيلت هذه الجملة، وأصبحنا نرى دور المرأة في المجتمع واضحًا بشكل أكبر.<br />- النسر : ويسمى العقاب طائر قوي شرس هو أحد أكبر الطيور الجارحة الموجودة ومسجلة لدى المملة العربية السعودية <br />- الخيل النجدية : تعد الخيل النجدية من أجود أنواع الخيل وأعرقها. وهي تمتاز بصغر رأسها (من أهم ميزات الحصان العربي الأصيل، وعليها يتوقف حسنه وأصالته)<br />- أبراج قصر المصمك: كان مسرحاً لمعركة استرداد الرياض من قِبل جلالة الملك عبدالعزيز -طيّب الله ثراه-. يعتبر قصر المصمك من أبرز المعالم الوطنية.<br />- الجنود البواسل: أسود الحمى حماة الثغور.</p>\r\n<p>تتميز القطع الثقيلة بلمسة نهائية أنيقة تضيف لمسة من الفخامة إلى مجموعة الشطرنج. يتم رفع اللوحة المصنوعة من خشب القيقب لتكشف عن مساحة تخزين للقطع أدناه.</p>\r\n<p>تفاصيل المنتج:<br />- حجم اللوحة: ٥٢ سم &times; ٥٢ سم<br />- رقم الموديل:<br />- المواد: الخشب والرزين\"</p>', NULL, 120, 1);
INSERT INTO `product_descriptions` (`id`, `title`, `description`, `story`, `product_id`, `language_id`) VALUES
(330, 'The Royal Saudi Chess', '<p>\"Dance of War: The First-of-Its-Kind Unconventional Chess Pieces with a Saudi Identity</p>\r\n<p>Crafted from high-quality resin and solid wood, these chess pieces are designed to reflect Saudi heritage with a luxurious touch. Featuring gold and silver finishes, they tell a story rich in cultural detail, emphasizing the importance of heritage, culture, traditions, and authentic Arab values.</p>\r\n<p>These pieces are characterized by exceptional elegance and intricate details, representing Saudi heritage, attire, and environment, blending past and present. They add a unique touch to this luxurious chess masterpiece:</p>\r\n<p>- King: Dressed in traditional Najdi attire, featuring a long embroidered coat known as \"\"dagla,\"\" characterized by straight collars and six buttons, over a loose white robe with long triangular sleeves called \"\"mardoun.\"\" They wear leather ammunition belts diagonally across their chests and carry their swords in their right hands. The Dance of War (sword dance) was a way for men to showcase their weapons and combat spirit. It has become a symbol of traditional Saudi culture, and in 2015, it was inscribed on UNESCO\'s Representative List of the Intangible Cultural Heritage of Humanity.<br />- Queen:\"\"I support Saudi women, and half of Saudi Arabia is women, so I support women,\"\" said Crown Prince Mohammed bin Salman. Since then, we have witnessed significant progress, and the role of women in society has become more prominent.<br />- Eagle: Known as the \"\"Uqab,\"\" this powerful and fierce bird is one of the largest birds of prey and is registered in Saudi Arabia.<br />- Najdi Horse:The Najdi horse is renowned for its quality and heritage. It is distinguished by its small head, a key feature of the purebred Arabian horse, indicating its beauty and pedigree.<br />- Masmak Fort Towers:The fort was the site of the Battle of Riyadh, led by King Abdulaziz. The Masmak Fort is a significant national landmark.<br />- Brave Soldiers:Known as the guardians of the land, protecting the borders.</p>\r\n<p>The pieces feature a heavy, elegant finish that adds a touch of luxury to the chess set. The maple wood board lifts to reveal a storage space for the pieces below.</p>\r\n<p>Product Details:<br />- Board Size:52 cm x 52 cm<br />- Model Number:0245<br />- Materials:Wood and resin<br />\"</p>', NULL, 120, 2),
(331, 'مغناطيس مدينة  الرياض', '<p>\"<br />تخيل لحظة من التألق والتطور، حيث تجسد روح الرياض، عاصمة المجد والتقدم، في مغناطيس ثلاثي الأبعاد مصمم بدقة ليعكس عظمة هذه المدينة النابضة بالحياة. الرياض، قلب المملكة العربية السعودية النابض، تجمع بين حضارة العصور الحديثة والأصالة العريقة، وتحتضن أجمل المواسم الترفيهية وتزدهر بالحياة الثقافية والاجتماعية.</p>\r\n<p>مغناطيس الرياض</p>\r\n<p>أضف لمسة من التميز والتطور إلى منزلك مع مغناطيس الرياض، الذي صُنع بعناية ليمثل جمال وروح هذه العاصمة المتألقة. كل تفصيلة في هذا المغناطيس تأخذك إلى قلب الرياض، حيث تلتقي الحداثة مع الأصالة في مشهد متجدد ومبهج.</p>\r\n<p>مميزات المنتج:</p>\r\n<p>-تصميم ثلاثي الأبعاد:يعرض مشاهد دقيقة وساحرة للرياض، مع التركيز على أبرز معالمها مثل ناطحات السحاب الحديثة والأماكن الثقافية الشهيرة، مما يجسد روح المدينة بحيوية وأناقة.<br />- صناعة متقنة: مصنوع من مواد عالية الجودة، مما يضمن لك متانة وجودة ممتازتين، ويضفي لمسة من اللمعان والجمال على المنتج.<br />-تذكار عصري: يخلق المغناطيس ذكريات جميلة ودائمة، ويضيف لمسة من الأناقة والتطور إلى أي مكان تضعه فيه، ليكون تذكارًا ثمينًا لأوقاتك في الرياض.</p>\r\n<p>بفضل هذا المغناطيس، يمكنك أن تحمل معك جزءًا من عظمة الرياض وتطورها، لتظل دائمًا متصلاً بالجمال والحداثة التي تجسدها هذه العاصمة الرائعة.\"</p>', NULL, 30, 1),
(332, '3D Riyadh\'s Magnet', '<p>\"<br />Imagine a moment of brilliance and progress, where the spirit of Riyadh, the capital of glory and advancement, is captured in a meticulously crafted 3D magnet. Riyadh, the vibrant heart of Saudi Arabia, merges modernity with ancient heritage, hosting the most exciting entertainment seasons and flourishing with cultural and social life.</p>\r\n<p>Riyadh Magnet</p>\r\n<p>Add a touch of distinction and evolution to your space with the Riyadh Magnet, carefully designed to reflect the beauty and essence of this dynamic capital. Every detail of this magnet transports you to the heart of Riyadh, where modernity meets tradition in a refreshing and delightful scene.</p>\r\n<p>Product Features:</p>\r\n<p>- 3D Design: Showcases intricate and captivating scenes of Riyadh, focusing on its iconic landmarks such as modern skyscrapers and renowned cultural sites, capturing the city&rsquo;s spirit with vibrancy and elegance.<br />- Expert Craftsmanship:Made from high-quality materials, ensuring durability and an excellent finish, adding a touch of brilliance and beauty to the product.<br />- Contemporary Keepsake:Creates lasting and cherished memories, adding a touch of elegance and progress to any space, making it a valuable memento of your time in Riyadh.</p>\r\n<p>With this magnet, you can carry a piece of Riyadh&rsquo;s grandeur and evolution with you, always feeling connected to the beauty and modernity that this remarkable capital embodies.\"</p>', NULL, 30, 2);

-- --------------------------------------------------------

--
-- Table structure for table `product_items`
--

CREATE TABLE `product_items` (
  `id` bigint(20) UNSIGNED NOT NULL,
  `product_id` bigint(20) UNSIGNED DEFAULT NULL
) ENGINE=InnoDB DEFAULT CHARSET=utf8mb4 COLLATE=utf8mb4_unicode_ci;

--
-- Dumping data for table `product_items`
--

INSERT INTO `product_items` (`id`, `product_id`) VALUES
(3, 2),
(4, 2),
(5, 2),
(6, 8),
(8, 21);

-- --------------------------------------------------------

--
-- Table structure for table `product_item_descriptions`
--

CREATE TABLE `product_item_descriptions` (
  `id` bigint(20) UNSIGNED NOT NULL,
  `title` varchar(500) DEFAULT NULL,
  `description` text DEFAULT NULL,
  `product_item_id` bigint(20) UNSIGNED DEFAULT NULL,
  `language_id` bigint(20) UNSIGNED DEFAULT NULL
) ENGINE=InnoDB DEFAULT CHARSET=utf8mb4 COLLATE=utf8mb4_unicode_ci;

--
-- Dumping data for table `product_item_descriptions`
--

INSERT INTO `product_item_descriptions` (`id`, `title`, `description`, `product_item_id`, `language_id`) VALUES
(5, 'dddd', 'dddd-dddd', 3, 1),
(6, 'fffff', 'ffffffd-ddddd', 3, 2),
(7, 'qqqq', 'qqq-ddd', 4, 1),
(8, 'wwww', 'www-ddd', 4, 2),
(9, 'lllll', 'llll-ddd', 5, 1),
(10, 'kkkkk', 'kkkkk-ddddd', 5, 2),
(11, 'data', 'dasfasrewqe', 6, 1),
(12, 'sfgdsfgds', 'dfsgcxbvc', 6, 2),
(15, 'data', 'data', 8, 1),
(16, 'datya', 'datesa', 8, 2);

-- --------------------------------------------------------

--
-- Table structure for table `product_photos`
--

CREATE TABLE `product_photos` (
  `id` bigint(20) UNSIGNED NOT NULL,
  `image` varchar(500) DEFAULT NULL,
  `product_id` bigint(20) UNSIGNED DEFAULT NULL
) ENGINE=InnoDB DEFAULT CHARSET=utf8mb4 COLLATE=utf8mb4_unicode_ci;

--
-- Dumping data for table `product_photos`
--

INSERT INTO `product_photos` (`id`, `image`, `product_id`) VALUES
(28, '/storage/photos/shares/products/4.png', 2),
(31, 'http://rose.omar.alyomhost.org//storage/photos/shares/address_empty.png', 8),
(32, 'http://rose.omar.alyomhost.org//storage/photos/shares/free-shipping.png', 8),
(33, '/storage/files/shares/1.png', 7),
(34, '/storage/files/shares/2.png', 9),
(35, '/storage/files/shares/3.png', 6),
(36, '/storage/files/shares/5.png', 5),
(37, '/storage/files/shares/5.png', 4),
(38, '/storage/files/shares/4.png', 3),
(39, '/storage/files/shares/1.png', 22),
(41, '/storage/files/shares/4.png', 11),
(42, '/storage/files/shares/4.png', 12),
(43, '/storage/files/shares/4.png', 13),
(44, '/storage/files/shares/4.png', 14),
(45, '/storage/files/shares/4.png', 15),
(46, '/storage/files/shares/4.png', 16),
(47, '/storage/files/shares/4.png', 10),
(48, '/storage/files/shares/4.jpg', 17),
(50, '/storage/files/shares/7.jpg', 21),
(51, '/storage/files/shares/4.jpg', 20),
(52, '/storage/files/shares/4.jpg', 18),
(53, '/storage/files/shares/4.jpg', 19),
(54, '/storage/files/shares/11.png', 23),
(55, '/storage/files/shares/11.png', 24),
(56, '/storage/files/shares/4.png', 25),
(57, '/storage/files/shares/4.png', 26),
(58, '/storage/files/shares/4.png', 27),
(59, '/storage/files/shares/4.png', 28),
(60, '/storage/files/shares/4.png', 29),
(61, '/storage/files/shares/4.png', 31),
(62, '/storage/files/shares/4.png', 32),
(63, '/storage/files/shares/2_1.jpg', 33),
(64, '/storage/files/shares/2_1.jpg', 34),
(65, '/storage/files/shares/2_1.jpg', 35),
(66, '/storage/files/shares/4.png', 36),
(67, '/storage/files/shares/4.png', 37),
(68, '/storage/files/shares/4.png', 38),
(69, '/storage/files/shares/4.png', 39),
(70, '/storage/files/shares/4.png', 40),
(71, '/storage/files/shares/7.jpg', 41),
(72, '/storage/files/shares/7.jpg', 42),
(73, '/storage/files/shares/6.png', 43),
(74, '/storage/files/shares/6.png', 44),
(75, '/storage/files/shares/6.png', 45),
(76, '/storage/files/shares/1_2.jpg', 46),
(77, '/storage/files/shares/1_2.jpg', 47),
(78, '/storage/files/shares/1_2.jpg', 48),
(79, '/storage/files/shares/11.png', 49),
(80, '/storage/files/shares/11.png', 50),
(81, '/storage/files/shares/11.png', 51),
(82, '/storage/files/shares/11.png', 52),
(83, '/storage/files/shares/7.jpg', 53),
(84, '/storage/files/shares/10.png', 54),
(85, '/storage/files/shares/4.jpg', 55),
(86, '/storage/files/shares/4.jpg', 56),
(87, '/storage/files/shares/11.png', 57),
(88, '/storage/files/shares/2_1.jpg', 58),
(89, '/storage/files/shares/4.jpg', 59),
(90, '/storage/files/shares/4.jpg', 60),
(91, '/storage/files/shares/4.png', 61),
(92, '/storage/files/shares/2_1.jpg', 62),
(93, '/storage/files/shares/4.jpg', 63),
(94, '/storage/files/shares/4.jpg', 64),
(95, '/storage/files/shares/5.png', 65),
(96, '/storage/files/shares/6.png', 66),
(97, '/storage/files/shares/5.png', 67),
(98, '/storage/files/shares/4.png', 68),
(99, '/storage/files/shares/2_1.jpg', 69),
(100, '/storage/files/shares/1.png', 70),
(101, '/storage/files/shares/1.png', 71),
(102, '/storage/files/shares/11.png', 72),
(103, '/storage/files/shares/11.png', 73),
(104, '/storage/files/shares/11.png', 74),
(105, '/storage/files/shares/8.jpg', 75),
(106, '/storage/files/shares/8.jpg', 76),
(107, '/storage/files/shares/2_1.jpg', 77),
(108, '/storage/files/shares/8.jpg', 78),
(109, '/storage/files/shares/8.jpg', 79),
(110, '/storage/files/shares/9.jpg', 80),
(111, '/storage/files/shares/9.jpg', 81),
(112, '/storage/files/shares/9.jpg', 82),
(113, '/storage/files/shares/9.jpg', 83),
(114, '/storage/files/shares/8.jpg', 84),
(115, '/storage/files/shares/8.jpg', 85),
(116, '/storage/files/shares/8.jpg', 86),
(117, '/storage/files/shares/8.jpg', 87),
(118, '/storage/files/shares/8.jpg', 88),
(119, '/storage/files/shares/8.jpg', 89),
(120, '/storage/files/shares/8.jpg', 90),
(121, '/storage/files/shares/8.jpg', 91),
(122, '/storage/files/shares/8.jpg', 92),
(123, '/storage/files/shares/8.jpg', 93),
(124, '/storage/files/shares/4.jpg', 94),
(125, '/storage/files/shares/4.jpg', 95),
(126, '/storage/files/shares/2.png', 96),
(127, '/storage/files/shares/2.png', 97),
(128, '/storage/files/shares/2.png', 98),
(129, '/storage/files/shares/2.png', 99),
(130, '/storage/files/shares/2.png', 100),
(131, '/storage/files/shares/3.png', 101),
(132, '/storage/files/shares/3.png', 102),
(133, '/storage/files/shares/3.png', 103),
(134, '/storage/files/shares/3.png', 104),
(135, '/storage/files/shares/3.png', 105),
(136, '/storage/files/shares/3.png', 106),
(137, '/storage/files/shares/3.png', 107),
(138, '/storage/files/shares/2.png', 108),
(139, '/storage/files/shares/3.png', 109),
(140, '/storage/files/shares/2_1.jpg', 110),
(141, '/storage/files/shares/2_1.jpg', 111),
(142, '/storage/files/shares/9.jpg', 112),
(143, '/storage/files/shares/9.jpg', 113),
(144, '/storage/files/shares/9.jpg', 114),
(145, '/storage/files/shares/11.png', 115),
(146, '/storage/files/shares/4.jpg', 116),
(147, '/storage/files/shares/10.png', 117),
(148, '/storage/files/shares/10.png', 118),
(149, '/storage/files/shares/10.png', 119),
(150, '/storage/files/shares/2_1.jpg', 120),
(151, '/storage/files/shares/4.png', 30),
(152, '/storage/files/shares/11.png', 30),
(153, '/storage/files/shares/3__1_.jpg', 30),
(154, '/storage/files/shares/9.jpg', 30),
(155, '/storage/files/shares/10.png', 30),
(156, '/storage/files/shares/4.png', 30);

-- --------------------------------------------------------

--
-- Table structure for table `quotations`
--

CREATE TABLE `quotations` (
  `id` bigint(20) UNSIGNED NOT NULL,
  `user_id` bigint(20) UNSIGNED DEFAULT NULL,
  `product_id` bigint(20) UNSIGNED DEFAULT NULL,
  `request_id` varchar(20) DEFAULT NULL,
  `quantity` int(11) DEFAULT NULL,
  `deleted_at` timestamp NULL DEFAULT NULL,
  `created_at` timestamp NULL DEFAULT NULL,
  `updated_at` timestamp NULL DEFAULT NULL
) ENGINE=InnoDB DEFAULT CHARSET=utf8mb4 COLLATE=utf8mb4_unicode_ci;

--
-- Dumping data for table `quotations`
--

INSERT INTO `quotations` (`id`, `user_id`, `product_id`, `request_id`, `quantity`, `deleted_at`, `created_at`, `updated_at`) VALUES
(1, 21, 5, '971799425', 33, NULL, '2024-07-15 17:30:00', '2024-07-15 17:30:00'),
(2, 21, 5, '732570645', 33, NULL, '2024-07-15 17:30:17', '2024-07-15 17:30:17'),
(3, 21, 5, '484112329', 33, NULL, '2024-07-15 17:30:28', '2024-07-15 17:30:28');

-- --------------------------------------------------------

--
-- Table structure for table `rates`
--

CREATE TABLE `rates` (
  `id` bigint(20) UNSIGNED NOT NULL,
  `rate` varchar(191) DEFAULT NULL,
  `comment` text DEFAULT NULL,
  `product_id` bigint(20) UNSIGNED DEFAULT NULL,
  `status` varchar(191) DEFAULT NULL,
  `user_id` bigint(20) UNSIGNED DEFAULT NULL,
  `deleted_at` timestamp NULL DEFAULT NULL,
  `created_at` timestamp NULL DEFAULT NULL,
  `updated_at` timestamp NULL DEFAULT NULL
) ENGINE=InnoDB DEFAULT CHARSET=utf8mb4 COLLATE=utf8mb4_unicode_ci;

--
-- Dumping data for table `rates`
--

INSERT INTO `rates` (`id`, `rate`, `comment`, `product_id`, `status`, `user_id`, `deleted_at`, `created_at`, `updated_at`) VALUES
(1, '4', 'test', 2, 'user', 4, NULL, '2024-06-28 20:02:29', '2024-07-28 12:08:21'),
(2, '4', 'test', 3, 'user', 4, NULL, '2024-06-28 20:02:29', '2024-06-28 20:02:29'),
(3, '3', 'test', 3, 'user', 4, NULL, '2024-06-28 20:02:29', '2024-06-28 20:02:29'),
(4, '3', 'في عالم الأجهزة الكهربائية. نحن لسنا مجرد متجر، بل نعتبر أنفسنا شركاء في تحقيق رؤياك لمنزلك المثالي.', 3, 'user', 4, NULL, '2024-06-28 20:02:29', '2024-06-28 20:02:29'),
(5, '2', 'في عالم الأجهزة الكهربائية. نحن لسنا مجرد متجر، بل نعتبر أنفسنا شركاء في تحقيق رؤياك لمنزلك المثالي.', 3, 'user', 2, NULL, '2024-06-28 20:02:29', '2024-06-28 20:02:29'),
(7, '4', 'asasas', 2, 'user', 21, NULL, '2024-07-15 18:59:14', '2024-07-15 18:59:14'),
(9, '4', 'sdadasd', 7, 'user', 1, NULL, '2024-08-17 07:48:53', '2024-08-17 07:48:53'),
(10, '2', 'sxcdvcxvxcvcx', 8, 'user', 1, NULL, '2024-08-17 07:49:04', '2024-08-17 07:49:04'),
(11, '4', 'المنتج جميل جداااااااااااااااااااااااا', 92, 'user', 25, NULL, '2024-08-19 13:14:55', '2024-08-19 13:14:55'),
(12, '4', 'رائع جدااااااااااااااااااااااااااااااااااااااا', 93, 'user', 25, NULL, '2024-08-19 13:15:39', '2024-08-19 13:15:39'),
(13, '5', 'منتج جيد جدا', 119, 'user', 31, NULL, '2024-08-19 14:07:12', '2024-08-19 14:07:12');

-- --------------------------------------------------------

--
-- Table structure for table `rate_likes`
--

CREATE TABLE `rate_likes` (
  `id` int(11) NOT NULL,
  `rate_id` bigint(20) DEFAULT NULL,
  `user_id` bigint(20) DEFAULT NULL,
  `created_at` timestamp NULL DEFAULT NULL,
  `updated_at` timestamp NULL DEFAULT NULL
) ENGINE=InnoDB DEFAULT CHARSET=utf8mb3 COLLATE=utf8mb3_general_ci;

--
-- Dumping data for table `rate_likes`
--

INSERT INTO `rate_likes` (`id`, `rate_id`, `user_id`, `created_at`, `updated_at`) VALUES
(7, 1, 1, '2024-08-16 22:52:19', '2024-08-16 22:52:19'),
(9, 13, 26, '2024-08-19 14:48:29', '2024-08-19 14:48:29'),
(10, 13, 25, '2024-08-20 08:49:24', '2024-08-20 08:49:24');

-- --------------------------------------------------------

--
-- Table structure for table `regions`
--

CREATE TABLE `regions` (
  `id` bigint(20) UNSIGNED NOT NULL,
  `code` text DEFAULT NULL,
  `deleted_at` timestamp NULL DEFAULT NULL,
  `created_at` timestamp NULL DEFAULT NULL,
  `updated_at` timestamp NULL DEFAULT NULL
) ENGINE=InnoDB DEFAULT CHARSET=utf8mb4 COLLATE=utf8mb4_unicode_ci;

--
-- Dumping data for table `regions`
--

INSERT INTO `regions` (`id`, `code`, `deleted_at`, `created_at`, `updated_at`) VALUES
(1, NULL, '2024-07-28 09:08:03', '2024-06-28 16:50:57', '2024-07-28 09:08:03'),
(2, '966', NULL, '2024-07-28 09:06:52', '2024-08-19 14:50:54'),
(3, '20', NULL, '2024-07-28 09:07:10', '2024-08-19 14:50:46'),
(4, '965', NULL, '2024-07-28 09:07:27', '2024-08-19 14:51:10'),
(5, '974', NULL, '2024-08-19 14:55:54', '2024-08-19 14:55:54');

-- --------------------------------------------------------

--
-- Table structure for table `region_descriptions`
--

CREATE TABLE `region_descriptions` (
  `id` bigint(20) UNSIGNED NOT NULL,
  `title` varchar(50) DEFAULT NULL,
  `region_id` bigint(20) UNSIGNED DEFAULT NULL,
  `language_id` bigint(20) UNSIGNED DEFAULT NULL
) ENGINE=InnoDB DEFAULT CHARSET=utf8mb4 COLLATE=utf8mb4_unicode_ci;

--
-- Dumping data for table `region_descriptions`
--

INSERT INTO `region_descriptions` (`id`, `title`, `region_id`, `language_id`) VALUES
(3, 'data', 1, 1),
(4, 'data', 1, 2),
(11, 'مصر', 3, 1),
(12, 'Egypt', 3, 2),
(13, 'المملكة العربية السعودية', 2, 1),
(14, 'Saudi Arabia', 2, 2),
(15, 'الامارات', 4, 1),
(16, 'United Arab Emirates', 4, 2),
(17, 'قطر', 5, 1),
(18, 'Qatar', 5, 2);

-- --------------------------------------------------------

--
-- Table structure for table `shippings`
--

CREATE TABLE `shippings` (
  `id` bigint(20) UNSIGNED NOT NULL,
  `image` varchar(250) DEFAULT NULL,
  `length` int(11) DEFAULT NULL,
  `deleted_at` timestamp NULL DEFAULT NULL,
  `created_at` timestamp NULL DEFAULT NULL,
  `updated_at` timestamp NULL DEFAULT NULL
) ENGINE=InnoDB DEFAULT CHARSET=utf8mb4 COLLATE=utf8mb4_unicode_ci;

--
-- Dumping data for table `shippings`
--

INSERT INTO `shippings` (`id`, `image`, `length`, `deleted_at`, `created_at`, `updated_at`) VALUES
(1, '/storage/photos/shares/logos/shipping-1.svg', 10, NULL, NULL, '2024-07-13 18:58:37'),
(2, '/storage/photos/shares/logos/shipping-2.svg', 7, NULL, NULL, '2024-07-13 18:58:13');

-- --------------------------------------------------------

--
-- Table structure for table `shipping_cities`
--

CREATE TABLE `shipping_cities` (
  `id` bigint(20) UNSIGNED NOT NULL,
  `cost` double DEFAULT NULL,
  `shipping_id` bigint(20) UNSIGNED DEFAULT NULL,
  `city_id` bigint(20) UNSIGNED DEFAULT NULL
) ENGINE=InnoDB DEFAULT CHARSET=utf8mb4 COLLATE=utf8mb4_unicode_ci;

--
-- Dumping data for table `shipping_cities`
--

INSERT INTO `shipping_cities` (`id`, `cost`, `shipping_id`, `city_id`) VALUES
(11, 10, 2, 4),
(12, 15, 2, 3),
(13, 20, 2, 2),
(14, 20, 1, 3),
(15, 30, 1, 4),
(16, 40, 1, 2);

-- --------------------------------------------------------

--
-- Table structure for table `shipping_descriptions`
--

CREATE TABLE `shipping_descriptions` (
  `id` bigint(20) UNSIGNED NOT NULL,
  `title` varchar(500) DEFAULT NULL,
  `shipping_id` bigint(20) UNSIGNED DEFAULT NULL,
  `language_id` bigint(20) UNSIGNED DEFAULT NULL
) ENGINE=InnoDB DEFAULT CHARSET=utf8mb4 COLLATE=utf8mb4_unicode_ci;

--
-- Dumping data for table `shipping_descriptions`
--

INSERT INTO `shipping_descriptions` (`id`, `title`, `shipping_id`, `language_id`) VALUES
(13, 'زاجل', 2, 1),
(14, 'Zagel', 2, 2),
(15, 'ارامكس', 1, 1),
(16, 'Aramex', 1, 2);

-- --------------------------------------------------------

--
-- Table structure for table `sliders`
--

CREATE TABLE `sliders` (
  `id` bigint(20) UNSIGNED NOT NULL,
  `status` varchar(300) DEFAULT NULL,
  `image` varchar(300) DEFAULT NULL,
  `link` varchar(300) DEFAULT NULL,
  `deleted_at` timestamp NULL DEFAULT NULL,
  `created_at` timestamp NULL DEFAULT NULL,
  `updated_at` timestamp NULL DEFAULT NULL
) ENGINE=InnoDB DEFAULT CHARSET=utf8mb4 COLLATE=utf8mb4_unicode_ci;

--
-- Dumping data for table `sliders`
--

INSERT INTO `sliders` (`id`, `status`, `image`, `link`, `deleted_at`, `created_at`, `updated_at`) VALUES
(1, 'image', '/storage/files/shares/2__1_.png', NULL, '2024-08-19 14:15:27', '2024-06-28 15:07:16', '2024-08-19 14:15:27'),
(2, 'image', '/storage/files/shares/test/hero4.jpg', 'https://saudiway.omar.alyomhost.org/product', NULL, '2024-07-07 11:12:28', '2024-08-19 13:51:39'),
(3, NULL, 'http://rose.omar.alyomhost.org//storage/photos/shares/free-shipping.png', 'https://www.youtube.com/embed/WhJU-XK0vB0', '2024-08-19 09:35:20', '2024-08-09 16:53:58', '2024-08-19 09:35:20');

-- --------------------------------------------------------

--
-- Table structure for table `slider_descriptions`
--

CREATE TABLE `slider_descriptions` (
  `id` bigint(20) UNSIGNED NOT NULL,
  `title` varchar(50) DEFAULT NULL,
  `description` varchar(150) DEFAULT NULL,
  `button` text DEFAULT NULL,
  `slider_id` bigint(20) UNSIGNED DEFAULT NULL,
  `language_id` bigint(20) UNSIGNED DEFAULT NULL
) ENGINE=InnoDB DEFAULT CHARSET=utf8mb4 COLLATE=utf8mb4_unicode_ci;

--
-- Dumping data for table `slider_descriptions`
--

INSERT INTO `slider_descriptions` (`id`, `title`, `description`, `button`, `slider_id`, `language_id`) VALUES
(9, 'data', 'data', 'data', 3, 1),
(10, 'data', 'data', 'data', 3, 2),
(17, 'الطريقة السعودية', 'الاختيار الأمثل لمفاجأة من تحب بهدية مميزة من متجرنا', 'تسوق الان', 2, 1),
(18, 'Saudian way', 'The perfect selection to surprise your loved one with a special gift from our store', 'Shop Now', 2, 2),
(21, 'الطريقة السعودية', 'الاختيار الأمثل لمفاجأة من تحب بهدية مميزة من متجرنا الاختيار الأمثل لمفاجأة من تحب بهدية مميزة من متجرنا', 'تسوق الان', 1, 1),
(22, 'Saudian way', 'The perfect selection to surprise your loved one with a special gift from our store', 'Shop Now', 1, 2);

-- --------------------------------------------------------

--
-- Table structure for table `user_codes`
--

CREATE TABLE `user_codes` (
  `id` int(11) NOT NULL,
  `target` varchar(100) DEFAULT NULL,
  `code` char(4) DEFAULT NULL,
  `op` varchar(20) DEFAULT 'forget_password',
  `created_at` timestamp NULL DEFAULT current_timestamp(),
  `updated_at` timestamp NULL DEFAULT current_timestamp()
) ENGINE=InnoDB DEFAULT CHARSET=utf8mb4 COLLATE=utf8mb4_general_ci;

--
-- Dumping data for table `user_codes`
--

INSERT INTO `user_codes` (`id`, `target`, `code`, `op`, `created_at`, `updated_at`) VALUES
(1, '531245681', '1234', 'forget_password', '2024-07-10 04:59:47', '2024-07-10 04:59:47'),
(2, '966531245681', '1234', 'forget_password', '2024-07-10 05:02:45', '2024-07-10 05:02:45'),
(3, '966561212121', '1234', 'forget_password', '2024-07-11 02:45:16', '2024-07-11 02:45:16'),
(4, '966561212121', '1234', 'forget_password', '2024-07-11 02:45:47', '2024-07-11 02:45:47'),
(5, 'super@admin.com', '1234', 'forget_password', '2024-08-12 17:19:08', '2024-08-12 17:19:08'),
(6, 'super@admin.com', '1234', 'forget_password', '2024-08-12 17:19:21', '2024-08-12 17:19:21'),
(7, 'super@admin.com', '1234', 'forget_password', '2024-08-12 17:23:01', '2024-08-12 17:23:01'),
(8, 'super@admin.com', '1234', 'forget_password', '2024-08-12 18:02:18', '2024-08-12 18:02:18'),
(9, 'super@admin.com', '1234', 'forget_password', '2024-08-12 18:19:00', '2024-08-12 18:19:00'),
(10, 'super@admin.com', '1234', 'forget_password', '2024-08-12 18:19:04', '2024-08-12 18:19:04'),
(11, 'super@admin.com', '1234', 'forget_password', '2024-08-12 18:19:46', '2024-08-12 18:19:46'),
(12, 'super@admin.com', '1234', 'forget_password', '2024-08-12 18:20:40', '2024-08-12 18:20:40'),
(13, 'super@admin.com', '1234', 'forget_password', '2024-08-12 18:21:01', '2024-08-12 18:21:01'),
(14, 'super@admin.com', '1234', 'forget_password', '2024-08-12 18:21:10', '2024-08-12 18:21:10'),
(15, 'super@admin.com', '1234', 'forget_password', '2024-08-12 18:23:40', '2024-08-12 18:23:40'),
(16, 'super@admin.com', '1234', 'forget_password', '2024-08-12 18:23:48', '2024-08-12 18:23:48'),
(17, 'super@admin.com', '1234', 'forget_password', '2024-08-12 18:27:17', '2024-08-12 18:27:17'),
(18, 'super@admin.com', '1234', 'forget_password', '2024-08-12 18:48:26', '2024-08-12 18:48:26'),
(23, 'super@admin.com', '1234', 'forget_password', '2024-08-12 19:28:38', '2024-08-12 19:28:38'),
(27, 'super@admin.com', '1234', 'forget_password', '2024-08-18 18:31:21', '2024-08-18 18:31:21'),
(32, 'ggg@ggg.com', '1234', 'register', '2024-08-19 09:41:29', '2024-08-19 09:41:29'),
(33, 'ibramsayed@hotmail.com', '1234', 'forget_password', '2024-08-19 09:58:20', '2024-08-19 09:58:20'),
(34, 'hossam.abdelmonem1990@gmail.com', '1234', 'register', '2024-08-19 10:24:09', '2024-08-19 10:24:09'),
(35, 'hossam.abdelmonem1990@gmail.com', '1234', 'register', '2024-08-19 10:29:38', '2024-08-19 10:29:38'),
(37, 'asd@asd.com', '1234', 'register', '2024-08-19 13:54:06', '2024-08-19 13:54:06'),
(41, 'yyy@yyy.com', '1234', 'register', '2024-08-20 08:33:57', '2024-08-20 08:33:57'),
(42, 'fff@fff.com', '1234', 'register', '2024-08-20 08:38:49', '2024-08-20 08:38:49'),
(43, 'hossammonem90@gmail.com', '1234', 'register', '2024-08-20 10:32:01', '2024-08-20 10:32:01'),
(44, 'hossam.abdelmonem1990@gmail.com', '1234', 'register', '2024-08-20 10:34:14', '2024-08-20 10:34:14'),
(45, 'hossam.abdelmonem1990@gmail.com', '1234', 'register', '2024-08-20 12:33:21', '2024-08-20 12:33:21'),
(46, 'vvvv@gmail.com', '1234', 'register', '2024-08-20 12:37:46', '2024-08-20 12:37:46'),
(47, 'qaqaq@gmail.com', '1234', 'register', '2024-08-20 12:50:01', '2024-08-20 12:50:01'),
(48, 'kWQcH@Vznyp.EcD', '1234', 'register', '2024-08-20 12:50:03', '2024-08-20 12:50:03'),
(49, 'rewqr@trew.com', '1234', 'register', '2024-08-20 19:08:26', '2024-08-20 19:08:26'),
(50, 'mshdid9@gmail.com', '1234', 'register', '2024-08-21 10:41:21', '2024-08-21 10:41:21');

-- --------------------------------------------------------

--
-- Table structure for table `user_modules`
--

CREATE TABLE `user_modules` (
  `id` bigint(20) UNSIGNED NOT NULL,
  `user_id` bigint(20) UNSIGNED DEFAULT NULL,
  `module_id` bigint(20) UNSIGNED DEFAULT NULL,
  `created_at` timestamp NULL DEFAULT NULL,
  `updated_at` timestamp NULL DEFAULT NULL
) ENGINE=InnoDB DEFAULT CHARSET=utf8mb4 COLLATE=utf8mb4_unicode_ci;

--
-- Dumping data for table `user_modules`
--

INSERT INTO `user_modules` (`id`, `user_id`, `module_id`, `created_at`, `updated_at`) VALUES
(1, 1, 1, NULL, NULL),
(2, 1, 2, NULL, NULL),
(3, 1, 3, NULL, NULL),
(4, 1, 4, NULL, NULL),
(5, 1, 5, NULL, NULL),
(6, 1, 6, NULL, NULL),
(7, 1, 7, NULL, NULL),
(8, 1, 8, NULL, NULL),
(9, 1, 9, NULL, NULL),
(10, 1, 10, NULL, NULL),
(11, 1, 11, NULL, NULL),
(12, 1, 12, NULL, NULL),
(13, 1, 13, NULL, NULL),
(14, 1, 14, NULL, NULL),
(15, 1, 15, NULL, NULL),
(16, 1, 16, NULL, NULL),
(17, 1, 17, NULL, NULL),
(18, 1, 18, NULL, NULL),
(19, 1, 19, NULL, NULL),
(20, 1, 20, NULL, NULL),
(21, 1, 21, NULL, NULL),
(22, 1, 22, NULL, NULL),
(23, 2, 1, NULL, NULL),
(24, 2, 2, NULL, NULL),
(25, 2, 3, NULL, NULL),
(26, 2, 4, NULL, NULL),
(27, 2, 5, NULL, NULL),
(28, 2, 6, NULL, NULL),
(29, 2, 7, NULL, NULL),
(30, 2, 8, NULL, NULL),
(31, 2, 9, NULL, NULL),
(32, 2, 10, NULL, NULL),
(33, 2, 11, NULL, NULL),
(34, 2, 12, NULL, NULL),
(35, 2, 13, NULL, NULL),
(36, 2, 14, NULL, NULL),
(37, 2, 15, NULL, NULL),
(38, 2, 16, NULL, NULL),
(39, 2, 17, NULL, NULL),
(40, 2, 18, NULL, NULL),
(41, 2, 19, NULL, NULL),
(42, 2, 20, NULL, NULL),
(43, 2, 21, NULL, NULL),
(44, 2, 22, NULL, NULL),
(45, 1, 23, NULL, NULL),
(46, 1, 17, NULL, NULL),
(47, 2, 23, NULL, NULL),
(48, 2, 24, NULL, NULL),
(49, 2, 25, NULL, NULL),
(50, 3, 1, NULL, NULL),
(51, 3, 2, NULL, NULL),
(52, 35, 1, NULL, NULL),
(53, 35, 4, NULL, NULL),
(54, 36, 1, NULL, NULL),
(55, 36, 4, NULL, NULL),
(56, 39, 2, NULL, NULL),
(57, 39, 4, NULL, NULL);

-- --------------------------------------------------------

--
-- Table structure for table `user_points`
--

CREATE TABLE `user_points` (
  `id` bigint(20) UNSIGNED NOT NULL,
  `status` varchar(191) DEFAULT NULL,
  `point` int(11) DEFAULT NULL,
  `created_at` timestamp NULL DEFAULT NULL,
  `updated_at` timestamp NULL DEFAULT NULL
) ENGINE=InnoDB DEFAULT CHARSET=utf8mb4 COLLATE=utf8mb4_unicode_ci;

-- --------------------------------------------------------

--
-- Table structure for table `visitor_messages`
--

CREATE TABLE `visitor_messages` (
  `id` bigint(20) UNSIGNED NOT NULL,
  `name` text DEFAULT NULL,
  `email` text DEFAULT NULL,
  `region_id` bigint(20) DEFAULT NULL,
  `phone` text DEFAULT NULL,
  `subject` text DEFAULT NULL,
  `message` longtext DEFAULT NULL,
  `read` tinyint(1) NOT NULL DEFAULT 0,
  `reply` tinyint(1) NOT NULL DEFAULT 0,
  `deleted_at` timestamp NULL DEFAULT NULL,
  `created_at` timestamp NULL DEFAULT NULL,
  `updated_at` timestamp NULL DEFAULT NULL
) ENGINE=InnoDB DEFAULT CHARSET=utf8mb4 COLLATE=utf8mb4_unicode_ci;

--
-- Dumping data for table `visitor_messages`
--

INSERT INTO `visitor_messages` (`id`, `name`, `email`, `region_id`, `phone`, `subject`, `message`, `read`, `reply`, `deleted_at`, `created_at`, `updated_at`) VALUES
(1, 'test', 'test@test.com', NULL, '14321423', 'test', 'test', 0, 0, NULL, '2024-06-28 20:01:22', '2024-06-27 21:00:00'),
(2, 'dssad', 'dsadas@dsad.com', NULL, '54165563', 'dsadas', 'fdsafds', 0, 0, NULL, '2024-08-13 17:38:41', '2024-08-13 17:38:41'),
(3, 'dasd', 'dasd@dsad.com', 5, '432423', 'dsadas', 'dasdas', 0, 0, NULL, '2024-08-19 18:09:35', '2024-08-19 18:09:35'),
(4, 'ابراهيم محمود', 'himabehiss@gmail.com', 5, '522222222', 'تجربة لاول استمارة اتصل بنا', 'سيتم العمل تجربة كاملة على التطبيق الذي تم به التعديلات الأخيرة بناءا على ما تم طلبه من العميل', 0, 0, NULL, '2024-08-20 08:46:49', '2024-08-20 08:46:49');

-- --------------------------------------------------------

--
-- Table structure for table `visitor_message_replies`
--

CREATE TABLE `visitor_message_replies` (
  `id` bigint(20) UNSIGNED NOT NULL,
  `reply` text DEFAULT NULL,
  `visitor_email` varchar(191) DEFAULT NULL,
  `user_id` bigint(20) UNSIGNED DEFAULT NULL,
  `visitor_message_id` bigint(20) UNSIGNED DEFAULT NULL,
  `created_at` timestamp NULL DEFAULT NULL,
  `updated_at` timestamp NULL DEFAULT NULL
) ENGINE=InnoDB DEFAULT CHARSET=utf8mb4 COLLATE=utf8mb4_unicode_ci;

-- --------------------------------------------------------

--
-- Table structure for table `ways`
--

CREATE TABLE `ways` (
  `id` bigint(20) UNSIGNED NOT NULL,
  `image` varchar(250) DEFAULT NULL,
  `deleted_at` timestamp NULL DEFAULT NULL,
  `created_at` timestamp NULL DEFAULT NULL,
  `updated_at` timestamp NULL DEFAULT NULL
) ENGINE=InnoDB DEFAULT CHARSET=utf8mb4 COLLATE=utf8mb4_unicode_ci;

--
-- Dumping data for table `ways`
--

INSERT INTO `ways` (`id`, `image`, `deleted_at`, `created_at`, `updated_at`) VALUES
(1, '/storage/files/shares/pay-2.svg', NULL, NULL, '2024-08-19 15:26:08'),
(2, '/storage/files/shares/pay-1.svg', NULL, NULL, '2024-08-19 15:25:05'),
(3, 'http://electric.omar.alyomhost.org//storage/photos/shares/free-shipping.png', '2024-08-17 20:06:13', NULL, '2024-06-28 19:36:07');

-- --------------------------------------------------------

--
-- Table structure for table `way_descriptions`
--

CREATE TABLE `way_descriptions` (
  `id` bigint(20) UNSIGNED NOT NULL,
  `title` varchar(500) DEFAULT NULL,
  `way_id` bigint(20) UNSIGNED DEFAULT NULL,
  `language_id` bigint(20) UNSIGNED DEFAULT NULL
) ENGINE=InnoDB DEFAULT CHARSET=utf8mb4 COLLATE=utf8mb4_unicode_ci;

--
-- Dumping data for table `way_descriptions`
--

INSERT INTO `way_descriptions` (`id`, `title`, `way_id`, `language_id`) VALUES
(9, 'الدفع بالنقاط ', 3, 1),
(10, 'Pay with points', 3, 2),
(13, 'دفع عند الاستلام', 2, 1),
(14, 'Cash On Delievery', 2, 2),
(15, 'دفع اونلاين', 1, 1),
(16, 'Online Payment', 1, 2);

-- --------------------------------------------------------

--
-- Table structure for table `website_visitors`
--

CREATE TABLE `website_visitors` (
  `id` bigint(20) UNSIGNED NOT NULL,
  `ip` varchar(45) DEFAULT NULL,
  `created_at` timestamp NULL DEFAULT NULL,
  `updated_at` timestamp NULL DEFAULT NULL
) ENGINE=InnoDB DEFAULT CHARSET=utf8mb4 COLLATE=utf8mb4_unicode_ci;

--
-- Dumping data for table `website_visitors`
--

INSERT INTO `website_visitors` (`id`, `ip`, `created_at`, `updated_at`) VALUES
(1, '::1', '2024-06-28 13:21:50', '2024-06-28 13:21:50'),
(2, '205.169.39.30', '2024-06-29 07:30:28', '2024-06-29 07:30:28'),
(3, '34.123.170.104', '2024-06-29 07:30:29', '2024-06-29 07:30:29'),
(4, '205.169.39.133', '2024-06-29 07:30:39', '2024-06-29 07:30:39'),
(5, '37.19.221.135', '2024-06-29 07:30:53', '2024-06-29 07:30:53'),
(6, '185.204.1.220', '2024-06-29 07:30:53', '2024-06-29 07:30:53'),
(7, '205.169.39.14', '2024-06-29 07:31:38', '2024-06-29 07:31:38'),
(8, '34.66.245.77', '2024-06-29 07:31:52', '2024-06-29 07:31:52'),
(9, '34.132.131.128', '2024-06-29 07:32:52', '2024-06-29 07:32:52'),
(10, '152.39.238.120', '2024-06-29 07:35:11', '2024-06-29 07:35:11'),
(11, '119.13.222.203', '2024-06-29 07:35:11', '2024-06-29 07:35:11'),
(12, '213.188.94.52', '2024-06-29 07:35:12', '2024-06-29 07:35:12'),
(13, '168.151.124.46', '2024-06-29 07:35:15', '2024-06-29 07:35:15'),
(14, '192.175.111.242', '2024-06-29 08:25:42', '2024-06-29 08:25:42'),
(15, '192.175.111.248', '2024-06-29 08:25:44', '2024-06-29 08:25:44'),
(16, '192.175.111.249', '2024-06-29 08:25:44', '2024-06-29 08:25:44'),
(17, '156.197.13.133', '2024-06-29 08:37:27', '2024-06-29 08:37:27'),
(18, '34.248.137.227', '2024-06-29 20:33:34', '2024-06-29 20:33:34'),
(19, '34.248.137.227', '2024-06-29 20:33:34', '2024-06-29 20:33:34'),
(20, '34.248.137.227', '2024-06-29 20:33:35', '2024-06-29 20:33:35'),
(21, '34.248.137.227', '2024-06-29 20:33:35', '2024-06-29 20:33:35'),
(22, '68.183.112.214', '2024-06-30 06:26:11', '2024-06-30 06:26:11'),
(23, '68.183.112.214', '2024-06-30 06:26:11', '2024-06-30 06:26:11'),
(24, '35.93.163.122', '2024-06-30 14:00:35', '2024-06-30 14:00:35'),
(25, '35.93.163.122', '2024-06-30 14:00:40', '2024-06-30 14:00:40'),
(26, '35.93.163.122', '2024-06-30 14:10:09', '2024-06-30 14:10:09'),
(27, '35.93.163.122', '2024-06-30 14:10:14', '2024-06-30 14:10:14'),
(28, '104.166.80.17', '2024-06-30 22:09:17', '2024-06-30 22:09:17'),
(29, '104.166.80.2', '2024-06-30 22:12:51', '2024-06-30 22:12:51'),
(30, '45.55.73.70', '2024-07-02 10:29:34', '2024-07-02 10:29:34'),
(31, '45.55.73.70', '2024-07-02 10:29:34', '2024-07-02 10:29:34'),
(32, '209.38.128.201', '2024-07-02 13:17:45', '2024-07-02 13:17:45'),
(33, '209.38.128.201', '2024-07-02 13:17:46', '2024-07-02 13:17:46'),
(34, '197.35.193.151', '2024-07-04 10:58:18', '2024-07-04 10:58:18'),
(35, '51.81.46.212', '2024-07-04 12:49:41', '2024-07-04 12:49:41'),
(36, '51.81.46.212', '2024-07-04 16:21:13', '2024-07-04 16:21:13'),
(37, '192.168.208.1', '2024-07-06 12:18:52', '2024-07-06 12:18:52'),
(38, '192.168.208.1', '2024-07-06 14:55:28', '2024-07-06 14:55:28'),
(39, '192.168.208.1', '2024-07-07 11:09:42', '2024-07-07 11:09:42'),
(40, '192.168.208.1', '2024-07-08 11:40:08', '2024-07-08 11:40:08'),
(41, '192.168.208.1', '2024-07-08 21:04:22', '2024-07-08 21:04:22'),
(42, '192.168.208.1', '2024-07-09 11:08:53', '2024-07-09 11:08:53'),
(43, '192.168.208.1', '2024-07-09 19:44:40', '2024-07-09 19:44:40'),
(44, '192.168.208.1', '2024-07-10 01:31:34', '2024-07-10 01:31:34'),
(45, '192.168.208.1', '2024-07-10 02:59:44', '2024-07-10 02:59:44'),
(46, '192.168.208.1', '2024-07-10 03:40:22', '2024-07-10 03:40:22'),
(47, '192.168.208.1', '2024-07-11 02:40:56', '2024-07-11 02:40:56'),
(48, '192.168.208.1', '2024-07-13 13:05:37', '2024-07-13 13:05:37'),
(49, '192.168.208.1', '2024-07-13 15:29:49', '2024-07-13 15:29:49'),
(50, '192.168.208.1', '2024-07-13 18:55:56', '2024-07-13 18:55:56'),
(51, '192.168.208.1', '2024-07-14 11:59:24', '2024-07-14 11:59:24'),
(52, '192.168.208.1', '2024-07-14 17:59:33', '2024-07-14 17:59:33'),
(53, '192.168.208.1', '2024-07-15 12:15:27', '2024-07-15 12:15:27'),
(54, '192.168.208.1', '2024-07-15 14:34:45', '2024-07-15 14:34:45'),
(55, '192.168.208.1', '2024-07-15 14:34:54', '2024-07-15 14:34:54'),
(56, '192.168.208.1', '2024-07-15 19:00:42', '2024-07-15 19:00:42'),
(57, '192.168.208.1', '2024-07-23 17:33:48', '2024-07-23 17:33:48'),
(58, '192.168.208.1', '2024-07-24 11:50:03', '2024-07-24 11:50:03'),
(59, '192.168.208.1', '2024-07-24 11:50:12', '2024-07-24 11:50:12'),
(60, '196.153.102.133', '2024-07-24 15:40:43', '2024-07-24 15:40:43'),
(61, '196.153.102.133', '2024-07-24 15:40:49', '2024-07-24 15:40:49'),
(62, '::1', '2024-08-10 16:20:04', '2024-08-10 16:20:04'),
(63, '::1', '2024-08-12 16:59:43', '2024-08-12 16:59:43'),
(64, '::1', '2024-08-13 16:02:05', '2024-08-13 16:02:05'),
(65, '::1', '2024-08-13 21:04:03', '2024-08-13 21:04:03'),
(66, '::1', '2024-08-14 17:02:28', '2024-08-14 17:02:28'),
(67, '::1', '2024-08-16 16:54:07', '2024-08-16 16:54:07'),
(68, '::1', '2024-08-16 21:20:43', '2024-08-16 21:20:43'),
(69, '::1', '2024-08-17 06:14:59', '2024-08-17 06:14:59'),
(70, '::1', '2024-08-17 16:35:12', '2024-08-17 16:35:12'),
(71, '::1', '2024-08-17 21:22:46', '2024-08-17 21:22:46'),
(72, '::1', '2024-08-18 06:04:55', '2024-08-18 06:04:55'),
(73, '196.154.137.230', '2024-08-18 09:05:50', '2024-08-18 09:05:50'),
(74, '104.197.69.115', '2024-08-18 09:06:44', '2024-08-18 09:06:44'),
(75, '205.169.39.221', '2024-08-18 09:06:52', '2024-08-18 09:06:52'),
(76, '205.169.39.221', '2024-08-18 09:06:57', '2024-08-18 09:06:57'),
(77, '207.241.225.134', '2024-08-18 09:07:05', '2024-08-18 09:07:05'),
(78, '207.241.225.134', '2024-08-18 09:07:05', '2024-08-18 09:07:05'),
(79, '205.169.39.18', '2024-08-18 09:07:05', '2024-08-18 09:07:05'),
(80, '69.4.234.90', '2024-08-18 09:07:10', '2024-08-18 09:07:10'),
(81, '185.65.135.251', '2024-08-18 09:07:12', '2024-08-18 09:07:12'),
(82, '207.241.225.134', '2024-08-18 09:07:19', '2024-08-18 09:07:19'),
(83, '207.241.225.134', '2024-08-18 09:07:19', '2024-08-18 09:07:19'),
(84, '197.35.239.139', '2024-08-18 09:09:28', '2024-08-18 09:09:28'),
(85, '197.35.239.139', '2024-08-18 09:11:45', '2024-08-18 09:11:45'),
(86, '44.220.143.46', '2024-08-18 09:20:11', '2024-08-18 09:20:11'),
(87, '51.68.48.117', '2024-08-18 09:22:14', '2024-08-18 09:22:14'),
(88, '197.35.222.118', '2024-08-18 10:30:50', '2024-08-18 10:30:50'),
(89, '197.35.222.118', '2024-08-18 10:31:46', '2024-08-18 10:31:46'),
(90, '156.197.34.114', '2024-08-18 12:01:37', '2024-08-18 12:01:37'),
(91, '156.197.34.114', '2024-08-18 12:17:19', '2024-08-18 12:17:19'),
(92, '41.33.156.65', '2024-08-18 12:35:26', '2024-08-18 12:35:26'),
(93, '51.68.48.117', '2024-08-18 13:06:09', '2024-08-18 13:06:09'),
(94, '41.238.25.137', '2024-08-18 15:44:39', '2024-08-18 15:44:39'),
(95, '47.89.193.239', '2024-08-18 21:11:59', '2024-08-18 21:11:59'),
(96, '209.38.99.3', '2024-08-19 00:46:16', '2024-08-19 00:46:16'),
(97, '209.38.99.3', '2024-08-19 00:46:19', '2024-08-19 00:46:19'),
(98, '104.131.15.8', '2024-08-19 01:17:26', '2024-08-19 01:17:26'),
(99, '104.131.15.8', '2024-08-19 01:17:28', '2024-08-19 01:17:28'),
(100, '41.238.25.137', '2024-08-19 04:54:14', '2024-08-19 04:54:14'),
(101, '156.197.34.114', '2024-08-19 05:37:00', '2024-08-19 05:37:00'),
(102, '156.197.34.114', '2024-08-19 05:37:49', '2024-08-19 05:37:49'),
(103, '197.35.222.118', '2024-08-19 07:18:06', '2024-08-19 07:18:06'),
(104, '34.198.221.238', '2024-08-19 07:33:36', '2024-08-19 07:33:36'),
(105, '156.197.34.114', '2024-08-19 08:43:05', '2024-08-19 08:43:05'),
(106, '197.63.56.113', '2024-08-19 09:31:10', '2024-08-19 09:31:10'),
(107, '156.197.34.114', '2024-08-19 11:28:41', '2024-08-19 11:28:41'),
(108, '156.197.34.114', '2024-08-19 11:43:08', '2024-08-19 11:43:08'),
(109, '156.197.34.114', '2024-08-19 11:46:54', '2024-08-19 11:46:54'),
(110, '156.197.34.114', '2024-08-19 11:47:22', '2024-08-19 11:47:22'),
(111, '137.184.91.8', '2024-08-19 12:52:22', '2024-08-19 12:52:22'),
(112, '137.184.91.8', '2024-08-19 12:52:24', '2024-08-19 12:52:24'),
(113, '156.197.34.114', '2024-08-19 13:50:22', '2024-08-19 13:50:22'),
(114, '156.197.8.210', '2024-08-19 14:44:32', '2024-08-19 14:44:32'),
(115, '3.208.231.207', '2024-08-19 15:42:42', '2024-08-19 15:42:42'),
(116, '18.209.183.169', '2024-08-19 15:43:05', '2024-08-19 15:43:05'),
(117, '52.54.180.101', '2024-08-19 15:43:30', '2024-08-19 15:43:30'),
(118, '41.238.25.137', '2024-08-19 15:51:28', '2024-08-19 15:51:28'),
(119, '149.154.161.236', '2024-08-19 16:00:15', '2024-08-19 16:00:15'),
(120, '156.197.137.210', '2024-08-19 16:50:30', '2024-08-19 16:50:30'),
(121, '41.238.25.137', '2024-08-19 18:24:10', '2024-08-19 18:24:10'),
(122, '44.206.83.111', '2024-08-19 18:25:27', '2024-08-19 18:25:27'),
(123, '44.199.21.82', '2024-08-19 18:28:12', '2024-08-19 18:28:12'),
(124, '54.224.223.231', '2024-08-19 18:28:12', '2024-08-19 18:28:12'),
(125, '35.95.85.88', '2024-08-19 19:46:44', '2024-08-19 19:46:44'),
(126, '102.47.151.214', '2024-08-20 04:28:48', '2024-08-20 04:28:48'),
(127, '100.29.179.31', '2024-08-20 05:36:28', '2024-08-20 05:36:28'),
(128, '52.55.183.88', '2024-08-20 07:12:30', '2024-08-20 07:12:30'),
(129, '18.210.2.36', '2024-08-20 07:12:30', '2024-08-20 07:12:30'),
(130, '44.199.21.82', '2024-08-20 07:12:45', '2024-08-20 07:12:45'),
(131, '197.35.241.189', '2024-08-20 07:18:18', '2024-08-20 07:18:18'),
(132, '197.35.241.189', '2024-08-20 07:39:54', '2024-08-20 07:39:54'),
(133, '154.188.172.47', '2024-08-20 07:43:18', '2024-08-20 07:43:18'),
(134, '197.35.241.189', '2024-08-20 07:57:10', '2024-08-20 07:57:10'),
(135, '197.35.241.189', '2024-08-20 07:59:52', '2024-08-20 07:59:52'),
(136, '197.35.241.189', '2024-08-20 08:18:02', '2024-08-20 08:18:02'),
(137, '197.35.241.189', '2024-08-20 08:27:43', '2024-08-20 08:27:43'),
(138, '54.144.224.175', '2024-08-20 08:49:35', '2024-08-20 08:49:35'),
(139, '52.202.97.19', '2024-08-20 08:50:09', '2024-08-20 08:50:09'),
(140, '34.198.214.171', '2024-08-20 08:50:09', '2024-08-20 08:50:09'),
(141, '95.161.76.25', '2024-08-20 09:32:09', '2024-08-20 09:32:09'),
(142, '149.154.161.245', '2024-08-20 09:32:13', '2024-08-20 09:32:13'),
(143, '154.188.172.47', '2024-08-20 10:31:27', '2024-08-20 10:31:27'),
(144, '196.154.140.16', '2024-08-20 10:32:10', '2024-08-20 10:32:10'),
(145, '197.35.241.189', '2024-08-20 12:11:06', '2024-08-20 12:11:06'),
(146, '197.35.241.189', '2024-08-20 12:21:33', '2024-08-20 12:21:33'),
(147, '197.35.241.189', '2024-08-20 12:49:44', '2024-08-20 12:49:44'),
(148, '156.200.3.7', '2024-08-20 12:50:03', '2024-08-20 12:50:03'),
(149, '102.47.151.214', '2024-08-20 16:19:47', '2024-08-20 16:19:47'),
(150, '102.47.151.214', '2024-08-20 16:20:51', '2024-08-20 16:20:51'),
(151, '156.197.81.47', '2024-08-20 16:22:02', '2024-08-20 16:22:02'),
(152, '156.197.81.47', '2024-08-20 16:33:17', '2024-08-20 16:33:17'),
(153, '156.197.81.47', '2024-08-20 16:37:08', '2024-08-20 16:37:08'),
(154, '154.187.114.202', '2024-08-20 17:07:03', '2024-08-20 17:07:03'),
(155, '35.86.237.39', '2024-08-20 17:16:03', '2024-08-20 17:16:03'),
(156, '3.224.12.127', '2024-08-20 17:19:36', '2024-08-20 17:19:36'),
(157, '18.210.2.36', '2024-08-20 17:19:36', '2024-08-20 17:19:36'),
(158, '34.224.178.127', '2024-08-20 19:10:17', '2024-08-20 19:10:17'),
(159, '52.2.214.255', '2024-08-20 19:10:17', '2024-08-20 19:10:17'),
(160, '156.197.182.85', '2024-08-20 19:14:54', '2024-08-20 19:14:54'),
(161, '156.197.182.85', '2024-08-20 21:46:32', '2024-08-20 21:46:32'),
(162, '156.197.182.85', '2024-08-20 22:06:12', '2024-08-20 22:06:12'),
(163, '2.90.73.67', '2024-08-20 22:26:45', '2024-08-20 22:26:45'),
(164, '5.109.148.114', '2024-08-20 23:18:47', '2024-08-20 23:18:47'),
(165, '46.101.12.213', '2024-08-21 01:21:50', '2024-08-21 01:21:50'),
(166, '46.101.12.213', '2024-08-21 01:21:53', '2024-08-21 01:21:53'),
(167, '2.90.73.75', '2024-08-21 04:04:24', '2024-08-21 04:04:24'),
(168, '145.82.204.173', '2024-08-21 05:41:28', '2024-08-21 05:41:28'),
(169, '176.18.19.141', '2024-08-21 10:38:57', '2024-08-21 10:38:57'),
(170, '138.197.172.89', '2024-08-21 13:41:06', '2024-08-21 13:41:06'),
(171, '138.197.172.89', '2024-08-21 13:41:08', '2024-08-21 13:41:08'),
(172, '2.90.162.143', '2024-08-21 17:58:42', '2024-08-21 17:58:42'),
(173, '5.109.21.82', '2024-08-22 06:34:17', '2024-08-22 06:34:17'),
(174, '147.182.247.120', '2024-08-23 03:06:07', '2024-08-23 03:06:07'),
(175, '135.148.100.196', '2024-08-23 15:34:16', '2024-08-23 15:34:16'),
(176, '5.108.231.130', '2024-08-24 05:57:21', '2024-08-24 05:57:21'),
(177, '2.90.164.177', '2024-08-24 11:07:48', '2024-08-24 11:07:48'),
(178, '143.198.42.99', '2024-08-25 02:34:32', '2024-08-25 02:34:32'),
(179, '143.198.42.99', '2024-08-25 02:34:34', '2024-08-25 02:34:34'),
(180, '5.108.1.137', '2024-08-25 06:05:26', '2024-08-25 06:05:26'),
(181, '5.108.1.137', '2024-08-25 06:06:05', '2024-08-25 06:06:05'),
(182, '176.225.139.68', '2024-08-25 06:06:39', '2024-08-25 06:06:39'),
(183, '5.108.1.137', '2024-08-25 11:23:29', '2024-08-25 11:23:29'),
(184, '176.225.139.68', '2024-08-25 11:24:29', '2024-08-25 11:24:29'),
(185, '142.93.231.161', '2024-08-25 12:49:33', '2024-08-25 12:49:33'),
(186, '142.93.231.161', '2024-08-25 12:49:36', '2024-08-25 12:49:36'),
(187, '156.197.30.78', '2024-08-25 13:00:56', '2024-08-25 13:00:56'),
(188, '176.225.139.68', '2024-08-25 13:02:59', '2024-08-25 13:02:59'),
(189, '149.154.161.245', '2024-08-25 13:19:22', '2024-08-25 13:19:22'),
(190, '156.197.30.78', '2024-08-25 13:19:24', '2024-08-25 13:19:24');

--
-- Indexes for dumped tables
--

--
-- Indexes for table `addresses`
--
ALTER TABLE `addresses`
  ADD PRIMARY KEY (`id`),
  ADD KEY `addresses_region_id_foreign` (`region_id`),
  ADD KEY `addresses_city_id_foreign` (`city_id`),
  ADD KEY `addresses_area_id_foreign` (`area_id`);

--
-- Indexes for table `areas`
--
ALTER TABLE `areas`
  ADD PRIMARY KEY (`id`),
  ADD KEY `areas_city_id_foreign` (`city_id`);

--
-- Indexes for table `area_descriptions`
--
ALTER TABLE `area_descriptions`
  ADD PRIMARY KEY (`id`),
  ADD KEY `area_descriptions_area_id_foreign` (`area_id`),
  ADD KEY `area_descriptions_language_id_foreign` (`language_id`);

--
-- Indexes for table `attributes`
--
ALTER TABLE `attributes`
  ADD PRIMARY KEY (`id`);

--
-- Indexes for table `attribute_descriptions`
--
ALTER TABLE `attribute_descriptions`
  ADD PRIMARY KEY (`id`),
  ADD KEY `attribute_descriptions_attribute_id_foreign` (`attribute_id`),
  ADD KEY `attribute_descriptions_language_id_foreign` (`language_id`);

--
-- Indexes for table `branches`
--
ALTER TABLE `branches`
  ADD PRIMARY KEY (`id`);

--
-- Indexes for table `branch_categories`
--
ALTER TABLE `branch_categories`
  ADD PRIMARY KEY (`id`);

--
-- Indexes for table `branch_descriptions`
--
ALTER TABLE `branch_descriptions`
  ADD PRIMARY KEY (`id`);

--
-- Indexes for table `carts`
--
ALTER TABLE `carts`
  ADD PRIMARY KEY (`id`),
  ADD KEY `carts_product_id_foreign` (`product_id`),
  ADD KEY `carts_main_attribute_id_foreign` (`main_attribute_id`),
  ADD KEY `carts_sub_attribute_id_foreign` (`sub_attribute_id`);

--
-- Indexes for table `categories`
--
ALTER TABLE `categories`
  ADD PRIMARY KEY (`id`),
  ADD KEY `categories_category_id_foreign` (`category_id`);

--
-- Indexes for table `category_descriptions`
--
ALTER TABLE `category_descriptions`
  ADD PRIMARY KEY (`id`),
  ADD KEY `category_descriptions_category_id_foreign` (`category_id`),
  ADD KEY `category_descriptions_language_id_foreign` (`language_id`);

--
-- Indexes for table `cities`
--
ALTER TABLE `cities`
  ADD PRIMARY KEY (`id`),
  ADD KEY `cities_region_id_foreign` (`region_id`);

--
-- Indexes for table `city_descriptions`
--
ALTER TABLE `city_descriptions`
  ADD PRIMARY KEY (`id`),
  ADD KEY `city_descriptions_city_id_foreign` (`city_id`),
  ADD KEY `city_descriptions_language_id_foreign` (`language_id`);

--
-- Indexes for table `countries`
--
ALTER TABLE `countries`
  ADD PRIMARY KEY (`id`),
  ADD UNIQUE KEY `countries_code_unique` (`code`);

--
-- Indexes for table `country_descriptions`
--
ALTER TABLE `country_descriptions`
  ADD PRIMARY KEY (`id`),
  ADD KEY `country_descriptions_country_id_language_id_index` (`country_id`,`language_id`);

--
-- Indexes for table `coupons`
--
ALTER TABLE `coupons`
  ADD PRIMARY KEY (`id`),
  ADD KEY `coupons_user_id_foreign` (`user_id`);

--
-- Indexes for table `coupon_products`
--
ALTER TABLE `coupon_products`
  ADD PRIMARY KEY (`id`),
  ADD KEY `coupon_products_coupon_id_foreign` (`coupon_id`),
  ADD KEY `coupon_products_product_id_foreign` (`product_id`);

--
-- Indexes for table `failed_jobs`
--
ALTER TABLE `failed_jobs`
  ADD PRIMARY KEY (`id`);

--
-- Indexes for table `faqs`
--
ALTER TABLE `faqs`
  ADD PRIMARY KEY (`id`),
  ADD KEY `faqs_faq_category_id_foreign` (`faq_category_id`);

--
-- Indexes for table `faq_categories`
--
ALTER TABLE `faq_categories`
  ADD PRIMARY KEY (`id`);

--
-- Indexes for table `faq_category_descriptions`
--
ALTER TABLE `faq_category_descriptions`
  ADD PRIMARY KEY (`id`),
  ADD KEY `faq_categories_faq_id_foreign` (`faq_category_id`),
  ADD KEY `faq_categories_language_id_foreign` (`language_id`);

--
-- Indexes for table `faq_descriptions`
--
ALTER TABLE `faq_descriptions`
  ADD PRIMARY KEY (`id`),
  ADD KEY `faq_descriptions_faq_id_foreign` (`faq_id`),
  ADD KEY `faq_descriptions_language_id_foreign` (`language_id`);

--
-- Indexes for table `favorites`
--
ALTER TABLE `favorites`
  ADD PRIMARY KEY (`id`),
  ADD KEY `favorites_product_id_foreign` (`product_id`);

--
-- Indexes for table `galleries`
--
ALTER TABLE `galleries`
  ADD PRIMARY KEY (`id`);

--
-- Indexes for table `groups`
--
ALTER TABLE `groups`
  ADD PRIMARY KEY (`id`);

--
-- Indexes for table `group_categories`
--
ALTER TABLE `group_categories`
  ADD PRIMARY KEY (`id`);

--
-- Indexes for table `group_descriptions`
--
ALTER TABLE `group_descriptions`
  ADD PRIMARY KEY (`id`);

--
-- Indexes for table `jobs`
--
ALTER TABLE `jobs`
  ADD PRIMARY KEY (`id`),
  ADD KEY `jobs_queue_index` (`queue`);

--
-- Indexes for table `languages`
--
ALTER TABLE `languages`
  ADD PRIMARY KEY (`id`),
  ADD UNIQUE KEY `languages_local_unique` (`local`),
  ADD KEY `languages_status_index` (`status`),
  ADD KEY `languages_admin_status_index` (`admin_status`);

--
-- Indexes for table `migrations`
--
ALTER TABLE `migrations`
  ADD PRIMARY KEY (`id`);

--
-- Indexes for table `modules`
--
ALTER TABLE `modules`
  ADD PRIMARY KEY (`id`);

--
-- Indexes for table `newsletters`
--
ALTER TABLE `newsletters`
  ADD PRIMARY KEY (`id`);

--
-- Indexes for table `notifications`
--
ALTER TABLE `notifications`
  ADD PRIMARY KEY (`id`),
  ADD KEY `notifications_user_id_foreign` (`user_id`);

--
-- Indexes for table `notification_descriptions`
--
ALTER TABLE `notification_descriptions`
  ADD PRIMARY KEY (`id`),
  ADD KEY `notification_descriptions_notification_id_foreign` (`notification_id`),
  ADD KEY `notification_descriptions_language_id_foreign` (`language_id`);

--
-- Indexes for table `order_products`
--
ALTER TABLE `order_products`
  ADD PRIMARY KEY (`id`),
  ADD KEY `order_products_order_id_foreign` (`order_id`),
  ADD KEY `order_products_product_id_foreign` (`product_id`),
  ADD KEY `order_products_main_attribute_id_foreign` (`main_attribute_id`),
  ADD KEY `order_products_sub_attribute_id_foreign` (`sub_attribute_id`);

--
-- Indexes for table `pages`
--
ALTER TABLE `pages`
  ADD PRIMARY KEY (`id`);

--
-- Indexes for table `page_descriptions`
--
ALTER TABLE `page_descriptions`
  ADD PRIMARY KEY (`id`),
  ADD KEY `page_descriptions_language_id_foreign` (`language_id`),
  ADD KEY `page_descriptions_page_id_language_id_index` (`page_id`,`language_id`);

--
-- Indexes for table `partners`
--
ALTER TABLE `partners`
  ADD PRIMARY KEY (`id`);

--
-- Indexes for table `partner_descriptions`
--
ALTER TABLE `partner_descriptions`
  ADD PRIMARY KEY (`id`),
  ADD KEY `partner_descriptions_partner_id_foreign` (`partner_id`),
  ADD KEY `partner_descriptions_language_id_foreign` (`language_id`);

--
-- Indexes for table `products`
--
ALTER TABLE `products`
  ADD PRIMARY KEY (`id`),
  ADD KEY `products_category_id_foreign` (`category_id`),
  ADD KEY `products_sub_category_id_foreign` (`sub_category_id`);

--
-- Indexes for table `product_attributes`
--
ALTER TABLE `product_attributes`
  ADD PRIMARY KEY (`id`),
  ADD KEY `product_attributes_attribute_id_foreign` (`attribute_id`),
  ADD KEY `product_attributes_product_id_foreign` (`product_id`),
  ADD KEY `product_attributes_main_attribute_id_foreign` (`main_attribute_id`);

--
-- Indexes for table `product_descriptions`
--
ALTER TABLE `product_descriptions`
  ADD PRIMARY KEY (`id`),
  ADD KEY `product_descriptions_product_id_foreign` (`product_id`),
  ADD KEY `product_descriptions_language_id_foreign` (`language_id`);

--
-- Indexes for table `product_items`
--
ALTER TABLE `product_items`
  ADD PRIMARY KEY (`id`),
  ADD KEY `product_items_product_id_foreign` (`product_id`);

--
-- Indexes for table `product_item_descriptions`
--
ALTER TABLE `product_item_descriptions`
  ADD PRIMARY KEY (`id`),
  ADD KEY `product_item_descriptions_product_item_id_foreign` (`product_item_id`),
  ADD KEY `product_item_descriptions_language_id_foreign` (`language_id`);

--
-- Indexes for table `product_photos`
--
ALTER TABLE `product_photos`
  ADD PRIMARY KEY (`id`),
  ADD KEY `product_photos_product_id_foreign` (`product_id`);

--
-- Indexes for table `quotations`
--
ALTER TABLE `quotations`
  ADD PRIMARY KEY (`id`),
  ADD KEY `quotations_user_id_foreign` (`user_id`),
  ADD KEY `quotations_product_id_foreign` (`product_id`);

--
-- Indexes for table `rates`
--
ALTER TABLE `rates`
  ADD PRIMARY KEY (`id`),
  ADD KEY `rates_product_id_foreign` (`product_id`);

--
-- Indexes for table `rate_likes`
--
ALTER TABLE `rate_likes`
  ADD PRIMARY KEY (`id`);

--
-- Indexes for table `regions`
--
ALTER TABLE `regions`
  ADD PRIMARY KEY (`id`);

--
-- Indexes for table `region_descriptions`
--
ALTER TABLE `region_descriptions`
  ADD PRIMARY KEY (`id`),
  ADD KEY `region_descriptions_region_id_foreign` (`region_id`),
  ADD KEY `region_descriptions_language_id_foreign` (`language_id`);

--
-- Indexes for table `shippings`
--
ALTER TABLE `shippings`
  ADD PRIMARY KEY (`id`);

--
-- Indexes for table `shipping_cities`
--
ALTER TABLE `shipping_cities`
  ADD PRIMARY KEY (`id`),
  ADD KEY `shipping_cities_shipping_id_foreign` (`shipping_id`),
  ADD KEY `shipping_cities_city_id_foreign` (`city_id`);

--
-- Indexes for table `shipping_descriptions`
--
ALTER TABLE `shipping_descriptions`
  ADD PRIMARY KEY (`id`),
  ADD UNIQUE KEY `shipping_id` (`shipping_id`,`language_id`),
  ADD KEY `shipping_descriptions_shipping_id_foreign` (`shipping_id`),
  ADD KEY `shipping_descriptions_language_id_foreign` (`language_id`);

--
-- Indexes for table `sliders`
--
ALTER TABLE `sliders`
  ADD PRIMARY KEY (`id`);

--
-- Indexes for table `slider_descriptions`
--
ALTER TABLE `slider_descriptions`
  ADD PRIMARY KEY (`id`),
  ADD KEY `slider_descriptions_slider_id_foreign` (`slider_id`),
  ADD KEY `slider_descriptions_language_id_foreign` (`language_id`);

--
-- Indexes for table `user_codes`
--
ALTER TABLE `user_codes`
  ADD PRIMARY KEY (`id`),
  ADD KEY `target` (`target`),
  ADD KEY `code` (`code`);

--
-- Indexes for table `user_modules`
--
ALTER TABLE `user_modules`
  ADD PRIMARY KEY (`id`),
  ADD KEY `user_modules_module_id_foreign` (`module_id`),
  ADD KEY `user_modules_user_id_module_id_index` (`user_id`,`module_id`);

--
-- Indexes for table `user_points`
--
ALTER TABLE `user_points`
  ADD PRIMARY KEY (`id`);

--
-- Indexes for table `visitor_messages`
--
ALTER TABLE `visitor_messages`
  ADD PRIMARY KEY (`id`);

--
-- Indexes for table `visitor_message_replies`
--
ALTER TABLE `visitor_message_replies`
  ADD PRIMARY KEY (`id`);

--
-- Indexes for table `ways`
--
ALTER TABLE `ways`
  ADD PRIMARY KEY (`id`);

--
-- Indexes for table `way_descriptions`
--
ALTER TABLE `way_descriptions`
  ADD PRIMARY KEY (`id`),
  ADD KEY `way_descriptions_way_id_foreign` (`way_id`),
  ADD KEY `way_descriptions_language_id_foreign` (`language_id`);

--
-- Indexes for table `website_visitors`
--
ALTER TABLE `website_visitors`
  ADD PRIMARY KEY (`id`);

--
-- AUTO_INCREMENT for dumped tables
--

--
-- AUTO_INCREMENT for table `addresses`
--
ALTER TABLE `addresses`
  MODIFY `id` bigint(20) UNSIGNED NOT NULL AUTO_INCREMENT, AUTO_INCREMENT=8;

--
-- AUTO_INCREMENT for table `areas`
--
ALTER TABLE `areas`
  MODIFY `id` bigint(20) UNSIGNED NOT NULL AUTO_INCREMENT, AUTO_INCREMENT=6;

--
-- AUTO_INCREMENT for table `area_descriptions`
--
ALTER TABLE `area_descriptions`
  MODIFY `id` bigint(20) UNSIGNED NOT NULL AUTO_INCREMENT, AUTO_INCREMENT=13;

--
-- AUTO_INCREMENT for table `attributes`
--
ALTER TABLE `attributes`
  MODIFY `id` bigint(20) UNSIGNED NOT NULL AUTO_INCREMENT, AUTO_INCREMENT=5;

--
-- AUTO_INCREMENT for table `attribute_descriptions`
--
ALTER TABLE `attribute_descriptions`
  MODIFY `id` bigint(20) UNSIGNED NOT NULL AUTO_INCREMENT, AUTO_INCREMENT=9;

--
-- AUTO_INCREMENT for table `branches`
--
ALTER TABLE `branches`
  MODIFY `id` int(11) NOT NULL AUTO_INCREMENT, AUTO_INCREMENT=18;

--
-- AUTO_INCREMENT for table `branch_categories`
--
ALTER TABLE `branch_categories`
  MODIFY `id` int(11) NOT NULL AUTO_INCREMENT, AUTO_INCREMENT=58;

--
-- AUTO_INCREMENT for table `branch_descriptions`
--
ALTER TABLE `branch_descriptions`
  MODIFY `id` int(11) NOT NULL AUTO_INCREMENT, AUTO_INCREMENT=59;

--
-- AUTO_INCREMENT for table `carts`
--
ALTER TABLE `carts`
  MODIFY `id` bigint(20) UNSIGNED NOT NULL AUTO_INCREMENT, AUTO_INCREMENT=57;

--
-- AUTO_INCREMENT for table `categories`
--
ALTER TABLE `categories`
  MODIFY `id` bigint(20) UNSIGNED NOT NULL AUTO_INCREMENT, AUTO_INCREMENT=42;

--
-- AUTO_INCREMENT for table `category_descriptions`
--
ALTER TABLE `category_descriptions`
  MODIFY `id` bigint(20) UNSIGNED NOT NULL AUTO_INCREMENT, AUTO_INCREMENT=103;

--
-- AUTO_INCREMENT for table `cities`
--
ALTER TABLE `cities`
  MODIFY `id` bigint(20) UNSIGNED NOT NULL AUTO_INCREMENT, AUTO_INCREMENT=6;

--
-- AUTO_INCREMENT for table `city_descriptions`
--
ALTER TABLE `city_descriptions`
  MODIFY `id` bigint(20) UNSIGNED NOT NULL AUTO_INCREMENT, AUTO_INCREMENT=13;

--
-- AUTO_INCREMENT for table `countries`
--
ALTER TABLE `countries`
  MODIFY `id` bigint(20) UNSIGNED NOT NULL AUTO_INCREMENT, AUTO_INCREMENT=23;

--
-- AUTO_INCREMENT for table `country_descriptions`
--
ALTER TABLE `country_descriptions`
  MODIFY `id` bigint(20) UNSIGNED NOT NULL AUTO_INCREMENT, AUTO_INCREMENT=53;

--
-- AUTO_INCREMENT for table `coupons`
--
ALTER TABLE `coupons`
  MODIFY `id` bigint(20) UNSIGNED NOT NULL AUTO_INCREMENT, AUTO_INCREMENT=6;

--
-- AUTO_INCREMENT for table `coupon_products`
--
ALTER TABLE `coupon_products`
  MODIFY `id` bigint(20) UNSIGNED NOT NULL AUTO_INCREMENT;

--
-- AUTO_INCREMENT for table `failed_jobs`
--
ALTER TABLE `failed_jobs`
  MODIFY `id` bigint(20) UNSIGNED NOT NULL AUTO_INCREMENT;

--
-- AUTO_INCREMENT for table `faqs`
--
ALTER TABLE `faqs`
  MODIFY `id` bigint(20) UNSIGNED NOT NULL AUTO_INCREMENT, AUTO_INCREMENT=8;

--
-- AUTO_INCREMENT for table `faq_categories`
--
ALTER TABLE `faq_categories`
  MODIFY `id` bigint(20) UNSIGNED NOT NULL AUTO_INCREMENT, AUTO_INCREMENT=4;

--
-- AUTO_INCREMENT for table `faq_category_descriptions`
--
ALTER TABLE `faq_category_descriptions`
  MODIFY `id` int(11) NOT NULL AUTO_INCREMENT, AUTO_INCREMENT=15;

--
-- AUTO_INCREMENT for table `faq_descriptions`
--
ALTER TABLE `faq_descriptions`
  MODIFY `id` bigint(20) UNSIGNED NOT NULL AUTO_INCREMENT, AUTO_INCREMENT=21;

--
-- AUTO_INCREMENT for table `favorites`
--
ALTER TABLE `favorites`
  MODIFY `id` bigint(20) UNSIGNED NOT NULL AUTO_INCREMENT, AUTO_INCREMENT=44;

--
-- AUTO_INCREMENT for table `galleries`
--
ALTER TABLE `galleries`
  MODIFY `id` int(11) NOT NULL AUTO_INCREMENT, AUTO_INCREMENT=48;

--
-- AUTO_INCREMENT for table `groups`
--
ALTER TABLE `groups`
  MODIFY `id` int(11) NOT NULL AUTO_INCREMENT, AUTO_INCREMENT=15;

--
-- AUTO_INCREMENT for table `group_categories`
--
ALTER TABLE `group_categories`
  MODIFY `id` int(11) NOT NULL AUTO_INCREMENT, AUTO_INCREMENT=88;

--
-- AUTO_INCREMENT for table `group_descriptions`
--
ALTER TABLE `group_descriptions`
  MODIFY `id` int(11) NOT NULL AUTO_INCREMENT, AUTO_INCREMENT=47;

--
-- AUTO_INCREMENT for table `jobs`
--
ALTER TABLE `jobs`
  MODIFY `id` bigint(20) UNSIGNED NOT NULL AUTO_INCREMENT;

--
-- AUTO_INCREMENT for table `languages`
--
ALTER TABLE `languages`
  MODIFY `id` bigint(20) UNSIGNED NOT NULL AUTO_INCREMENT, AUTO_INCREMENT=3;

--
-- AUTO_INCREMENT for table `migrations`
--
ALTER TABLE `migrations`
  MODIFY `id` int(10) UNSIGNED NOT NULL AUTO_INCREMENT, AUTO_INCREMENT=55;

--
-- AUTO_INCREMENT for table `modules`
--
ALTER TABLE `modules`
  MODIFY `id` bigint(20) UNSIGNED NOT NULL AUTO_INCREMENT, AUTO_INCREMENT=26;

--
-- AUTO_INCREMENT for table `newsletters`
--
ALTER TABLE `newsletters`
  MODIFY `id` bigint(20) UNSIGNED NOT NULL AUTO_INCREMENT, AUTO_INCREMENT=3;

--
-- AUTO_INCREMENT for table `notifications`
--
ALTER TABLE `notifications`
  MODIFY `id` bigint(20) UNSIGNED NOT NULL AUTO_INCREMENT, AUTO_INCREMENT=19;

--
-- AUTO_INCREMENT for table `notification_descriptions`
--
ALTER TABLE `notification_descriptions`
  MODIFY `id` bigint(20) UNSIGNED NOT NULL AUTO_INCREMENT, AUTO_INCREMENT=37;

--
-- AUTO_INCREMENT for table `order_products`
--
ALTER TABLE `order_products`
  MODIFY `id` bigint(20) UNSIGNED NOT NULL AUTO_INCREMENT, AUTO_INCREMENT=39;

--
-- AUTO_INCREMENT for table `pages`
--
ALTER TABLE `pages`
  MODIFY `id` bigint(20) UNSIGNED NOT NULL AUTO_INCREMENT, AUTO_INCREMENT=17;

--
-- AUTO_INCREMENT for table `page_descriptions`
--
ALTER TABLE `page_descriptions`
  MODIFY `id` bigint(20) UNSIGNED NOT NULL AUTO_INCREMENT, AUTO_INCREMENT=77;

--
-- AUTO_INCREMENT for table `partners`
--
ALTER TABLE `partners`
  MODIFY `id` bigint(20) UNSIGNED NOT NULL AUTO_INCREMENT, AUTO_INCREMENT=14;

--
-- AUTO_INCREMENT for table `partner_descriptions`
--
ALTER TABLE `partner_descriptions`
  MODIFY `id` bigint(20) UNSIGNED NOT NULL AUTO_INCREMENT, AUTO_INCREMENT=13;

--
-- AUTO_INCREMENT for table `products`
--
ALTER TABLE `products`
  MODIFY `id` bigint(20) UNSIGNED NOT NULL AUTO_INCREMENT, AUTO_INCREMENT=121;

--
-- AUTO_INCREMENT for table `product_attributes`
--
ALTER TABLE `product_attributes`
  MODIFY `id` bigint(20) UNSIGNED NOT NULL AUTO_INCREMENT, AUTO_INCREMENT=45;

--
-- AUTO_INCREMENT for table `product_descriptions`
--
ALTER TABLE `product_descriptions`
  MODIFY `id` bigint(20) UNSIGNED NOT NULL AUTO_INCREMENT, AUTO_INCREMENT=333;

--
-- AUTO_INCREMENT for table `product_items`
--
ALTER TABLE `product_items`
  MODIFY `id` bigint(20) UNSIGNED NOT NULL AUTO_INCREMENT, AUTO_INCREMENT=9;

--
-- AUTO_INCREMENT for table `product_item_descriptions`
--
ALTER TABLE `product_item_descriptions`
  MODIFY `id` bigint(20) UNSIGNED NOT NULL AUTO_INCREMENT, AUTO_INCREMENT=17;

--
-- AUTO_INCREMENT for table `product_photos`
--
ALTER TABLE `product_photos`
  MODIFY `id` bigint(20) UNSIGNED NOT NULL AUTO_INCREMENT, AUTO_INCREMENT=157;

--
-- AUTO_INCREMENT for table `quotations`
--
ALTER TABLE `quotations`
  MODIFY `id` bigint(20) UNSIGNED NOT NULL AUTO_INCREMENT, AUTO_INCREMENT=4;

--
-- AUTO_INCREMENT for table `rates`
--
ALTER TABLE `rates`
  MODIFY `id` bigint(20) UNSIGNED NOT NULL AUTO_INCREMENT, AUTO_INCREMENT=14;

--
-- AUTO_INCREMENT for table `rate_likes`
--
ALTER TABLE `rate_likes`
  MODIFY `id` int(11) NOT NULL AUTO_INCREMENT, AUTO_INCREMENT=11;

--
-- AUTO_INCREMENT for table `regions`
--
ALTER TABLE `regions`
  MODIFY `id` bigint(20) UNSIGNED NOT NULL AUTO_INCREMENT, AUTO_INCREMENT=6;

--
-- AUTO_INCREMENT for table `region_descriptions`
--
ALTER TABLE `region_descriptions`
  MODIFY `id` bigint(20) UNSIGNED NOT NULL AUTO_INCREMENT, AUTO_INCREMENT=19;

--
-- AUTO_INCREMENT for table `shippings`
--
ALTER TABLE `shippings`
  MODIFY `id` bigint(20) UNSIGNED NOT NULL AUTO_INCREMENT, AUTO_INCREMENT=3;

--
-- AUTO_INCREMENT for table `shipping_cities`
--
ALTER TABLE `shipping_cities`
  MODIFY `id` bigint(20) UNSIGNED NOT NULL AUTO_INCREMENT, AUTO_INCREMENT=17;

--
-- AUTO_INCREMENT for table `shipping_descriptions`
--
ALTER TABLE `shipping_descriptions`
  MODIFY `id` bigint(20) UNSIGNED NOT NULL AUTO_INCREMENT, AUTO_INCREMENT=17;

--
-- AUTO_INCREMENT for table `sliders`
--
ALTER TABLE `sliders`
  MODIFY `id` bigint(20) UNSIGNED NOT NULL AUTO_INCREMENT, AUTO_INCREMENT=4;

--
-- AUTO_INCREMENT for table `slider_descriptions`
--
ALTER TABLE `slider_descriptions`
  MODIFY `id` bigint(20) UNSIGNED NOT NULL AUTO_INCREMENT, AUTO_INCREMENT=23;

--
-- AUTO_INCREMENT for table `user_codes`
--
ALTER TABLE `user_codes`
  MODIFY `id` int(11) NOT NULL AUTO_INCREMENT, AUTO_INCREMENT=51;

--
-- AUTO_INCREMENT for table `user_modules`
--
ALTER TABLE `user_modules`
  MODIFY `id` bigint(20) UNSIGNED NOT NULL AUTO_INCREMENT, AUTO_INCREMENT=58;

--
-- AUTO_INCREMENT for table `user_points`
--
ALTER TABLE `user_points`
  MODIFY `id` bigint(20) UNSIGNED NOT NULL AUTO_INCREMENT;

--
-- AUTO_INCREMENT for table `visitor_messages`
--
ALTER TABLE `visitor_messages`
  MODIFY `id` bigint(20) UNSIGNED NOT NULL AUTO_INCREMENT, AUTO_INCREMENT=5;

--
-- AUTO_INCREMENT for table `visitor_message_replies`
--
ALTER TABLE `visitor_message_replies`
  MODIFY `id` bigint(20) UNSIGNED NOT NULL AUTO_INCREMENT;

--
-- AUTO_INCREMENT for table `ways`
--
ALTER TABLE `ways`
  MODIFY `id` bigint(20) UNSIGNED NOT NULL AUTO_INCREMENT, AUTO_INCREMENT=4;

--
-- AUTO_INCREMENT for table `way_descriptions`
--
ALTER TABLE `way_descriptions`
  MODIFY `id` bigint(20) UNSIGNED NOT NULL AUTO_INCREMENT, AUTO_INCREMENT=17;

--
-- AUTO_INCREMENT for table `website_visitors`
--
ALTER TABLE `website_visitors`
  MODIFY `id` bigint(20) UNSIGNED NOT NULL AUTO_INCREMENT, AUTO_INCREMENT=191;

--
-- Constraints for dumped tables
--

--
-- Constraints for table `addresses`
--
ALTER TABLE `addresses`
  ADD CONSTRAINT `addresses_area_id_foreign` FOREIGN KEY (`area_id`) REFERENCES `areas` (`id`) ON DELETE CASCADE ON UPDATE CASCADE,
  ADD CONSTRAINT `addresses_city_id_foreign` FOREIGN KEY (`city_id`) REFERENCES `cities` (`id`) ON DELETE CASCADE ON UPDATE CASCADE,
  ADD CONSTRAINT `addresses_region_id_foreign` FOREIGN KEY (`region_id`) REFERENCES `regions` (`id`) ON DELETE CASCADE ON UPDATE CASCADE;

--
-- Constraints for table `areas`
--
ALTER TABLE `areas`
  ADD CONSTRAINT `areas_city_id_foreign` FOREIGN KEY (`city_id`) REFERENCES `cities` (`id`) ON DELETE CASCADE ON UPDATE CASCADE;

--
-- Constraints for table `area_descriptions`
--
ALTER TABLE `area_descriptions`
  ADD CONSTRAINT `area_descriptions_area_id_foreign` FOREIGN KEY (`area_id`) REFERENCES `areas` (`id`) ON DELETE CASCADE ON UPDATE CASCADE,
  ADD CONSTRAINT `area_descriptions_language_id_foreign` FOREIGN KEY (`language_id`) REFERENCES `languages` (`id`) ON DELETE CASCADE ON UPDATE CASCADE;

--
-- Constraints for table `attribute_descriptions`
--
ALTER TABLE `attribute_descriptions`
  ADD CONSTRAINT `attribute_descriptions_attribute_id_foreign` FOREIGN KEY (`attribute_id`) REFERENCES `attributes` (`id`) ON DELETE CASCADE ON UPDATE CASCADE,
  ADD CONSTRAINT `attribute_descriptions_language_id_foreign` FOREIGN KEY (`language_id`) REFERENCES `languages` (`id`) ON DELETE CASCADE ON UPDATE CASCADE;

--
-- Constraints for table `carts`
--
ALTER TABLE `carts`
  ADD CONSTRAINT `carts_main_attribute_id_foreign` FOREIGN KEY (`main_attribute_id`) REFERENCES `attributes` (`id`) ON DELETE CASCADE ON UPDATE CASCADE,
  ADD CONSTRAINT `carts_product_id_foreign` FOREIGN KEY (`product_id`) REFERENCES `products` (`id`) ON DELETE CASCADE ON UPDATE CASCADE,
  ADD CONSTRAINT `carts_sub_attribute_id_foreign` FOREIGN KEY (`sub_attribute_id`) REFERENCES `attributes` (`id`) ON DELETE CASCADE ON UPDATE CASCADE;

--
-- Constraints for table `categories`
--
ALTER TABLE `categories`
  ADD CONSTRAINT `categories_category_id_foreign` FOREIGN KEY (`category_id`) REFERENCES `categories` (`id`) ON DELETE CASCADE ON UPDATE CASCADE;

--
-- Constraints for table `category_descriptions`
--
ALTER TABLE `category_descriptions`
  ADD CONSTRAINT `category_descriptions_category_id_foreign` FOREIGN KEY (`category_id`) REFERENCES `categories` (`id`) ON DELETE CASCADE ON UPDATE CASCADE,
  ADD CONSTRAINT `category_descriptions_language_id_foreign` FOREIGN KEY (`language_id`) REFERENCES `languages` (`id`) ON DELETE CASCADE ON UPDATE CASCADE;

--
-- Constraints for table `cities`
--
ALTER TABLE `cities`
  ADD CONSTRAINT `cities_region_id_foreign` FOREIGN KEY (`region_id`) REFERENCES `regions` (`id`) ON DELETE CASCADE ON UPDATE CASCADE;

--
-- Constraints for table `city_descriptions`
--
ALTER TABLE `city_descriptions`
  ADD CONSTRAINT `city_descriptions_city_id_foreign` FOREIGN KEY (`city_id`) REFERENCES `cities` (`id`) ON DELETE CASCADE ON UPDATE CASCADE,
  ADD CONSTRAINT `city_descriptions_language_id_foreign` FOREIGN KEY (`language_id`) REFERENCES `languages` (`id`) ON DELETE CASCADE ON UPDATE CASCADE;

--
-- Constraints for table `coupons`
--
ALTER TABLE `coupons`
  ADD CONSTRAINT `coupons_user_id_foreign` FOREIGN KEY (`user_id`) REFERENCES `users` (`id`) ON DELETE CASCADE ON UPDATE CASCADE;

--
-- Constraints for table `coupon_products`
--
ALTER TABLE `coupon_products`
  ADD CONSTRAINT `coupon_products_coupon_id_foreign` FOREIGN KEY (`coupon_id`) REFERENCES `coupons` (`id`) ON DELETE CASCADE ON UPDATE CASCADE,
  ADD CONSTRAINT `coupon_products_product_id_foreign` FOREIGN KEY (`product_id`) REFERENCES `products` (`id`) ON DELETE CASCADE ON UPDATE CASCADE;

--
-- Constraints for table `faqs`
--
ALTER TABLE `faqs`
  ADD CONSTRAINT `faqs_faq_category_id_foreign` FOREIGN KEY (`faq_category_id`) REFERENCES `faq_categories` (`id`) ON DELETE CASCADE ON UPDATE CASCADE;

--
-- Constraints for table `faq_category_descriptions`
--
ALTER TABLE `faq_category_descriptions`
  ADD CONSTRAINT `faq_categories_faq_id_foreign` FOREIGN KEY (`faq_category_id`) REFERENCES `faq_categories` (`id`) ON DELETE CASCADE ON UPDATE CASCADE,
  ADD CONSTRAINT `faq_categories_language_id_foreign` FOREIGN KEY (`language_id`) REFERENCES `languages` (`id`) ON DELETE CASCADE ON UPDATE CASCADE;

--
-- Constraints for table `faq_descriptions`
--
ALTER TABLE `faq_descriptions`
  ADD CONSTRAINT `faq_descriptions_faq_id_foreign` FOREIGN KEY (`faq_id`) REFERENCES `faqs` (`id`) ON DELETE CASCADE ON UPDATE CASCADE,
  ADD CONSTRAINT `faq_descriptions_language_id_foreign` FOREIGN KEY (`language_id`) REFERENCES `languages` (`id`) ON DELETE CASCADE ON UPDATE CASCADE;

--
-- Constraints for table `favorites`
--
ALTER TABLE `favorites`
  ADD CONSTRAINT `favorites_product_id_foreign` FOREIGN KEY (`product_id`) REFERENCES `products` (`id`) ON DELETE CASCADE ON UPDATE CASCADE;

--
-- Constraints for table `notifications`
--
ALTER TABLE `notifications`
  ADD CONSTRAINT `notifications_user_id_foreign` FOREIGN KEY (`user_id`) REFERENCES `users` (`id`) ON DELETE CASCADE ON UPDATE CASCADE;

--
-- Constraints for table `notification_descriptions`
--
ALTER TABLE `notification_descriptions`
  ADD CONSTRAINT `notification_descriptions_language_id_foreign` FOREIGN KEY (`language_id`) REFERENCES `languages` (`id`) ON DELETE CASCADE ON UPDATE CASCADE,
  ADD CONSTRAINT `notification_descriptions_notification_id_foreign` FOREIGN KEY (`notification_id`) REFERENCES `notifications` (`id`) ON DELETE CASCADE ON UPDATE CASCADE;

--
-- Constraints for table `order_products`
--
ALTER TABLE `order_products`
  ADD CONSTRAINT `order_products_main_attribute_id_foreign` FOREIGN KEY (`main_attribute_id`) REFERENCES `attributes` (`id`) ON DELETE CASCADE ON UPDATE CASCADE,
  ADD CONSTRAINT `order_products_order_id_foreign` FOREIGN KEY (`order_id`) REFERENCES `orders` (`id`) ON DELETE CASCADE ON UPDATE CASCADE,
  ADD CONSTRAINT `order_products_product_id_foreign` FOREIGN KEY (`product_id`) REFERENCES `products` (`id`) ON DELETE CASCADE ON UPDATE CASCADE,
  ADD CONSTRAINT `order_products_sub_attribute_id_foreign` FOREIGN KEY (`sub_attribute_id`) REFERENCES `attributes` (`id`) ON DELETE CASCADE ON UPDATE CASCADE;

--
-- Constraints for table `page_descriptions`
--
ALTER TABLE `page_descriptions`
  ADD CONSTRAINT `page_descriptions_language_id_foreign` FOREIGN KEY (`language_id`) REFERENCES `languages` (`id`) ON DELETE CASCADE ON UPDATE CASCADE,
  ADD CONSTRAINT `page_descriptions_page_id_foreign` FOREIGN KEY (`page_id`) REFERENCES `pages` (`id`) ON DELETE CASCADE ON UPDATE CASCADE;

--
-- Constraints for table `partner_descriptions`
--
ALTER TABLE `partner_descriptions`
  ADD CONSTRAINT `partner_descriptions_language_id_foreign` FOREIGN KEY (`language_id`) REFERENCES `languages` (`id`) ON DELETE CASCADE ON UPDATE CASCADE,
  ADD CONSTRAINT `partner_descriptions_partner_id_foreign` FOREIGN KEY (`partner_id`) REFERENCES `partners` (`id`) ON DELETE CASCADE ON UPDATE CASCADE;

--
-- Constraints for table `products`
--
ALTER TABLE `products`
  ADD CONSTRAINT `products_category_id_foreign` FOREIGN KEY (`category_id`) REFERENCES `categories` (`id`) ON DELETE CASCADE ON UPDATE CASCADE,
  ADD CONSTRAINT `products_sub_category_id_foreign` FOREIGN KEY (`sub_category_id`) REFERENCES `categories` (`id`) ON DELETE CASCADE ON UPDATE CASCADE;

--
-- Constraints for table `product_attributes`
--
ALTER TABLE `product_attributes`
  ADD CONSTRAINT `product_attributes_attribute_id_foreign` FOREIGN KEY (`attribute_id`) REFERENCES `attributes` (`id`) ON DELETE CASCADE ON UPDATE CASCADE,
  ADD CONSTRAINT `product_attributes_main_attribute_id_foreign` FOREIGN KEY (`main_attribute_id`) REFERENCES `product_attributes` (`id`) ON DELETE CASCADE ON UPDATE CASCADE,
  ADD CONSTRAINT `product_attributes_product_id_foreign` FOREIGN KEY (`product_id`) REFERENCES `products` (`id`) ON DELETE CASCADE ON UPDATE CASCADE;

--
-- Constraints for table `product_descriptions`
--
ALTER TABLE `product_descriptions`
  ADD CONSTRAINT `product_descriptions_language_id_foreign` FOREIGN KEY (`language_id`) REFERENCES `languages` (`id`) ON DELETE CASCADE ON UPDATE CASCADE,
  ADD CONSTRAINT `product_descriptions_product_id_foreign` FOREIGN KEY (`product_id`) REFERENCES `products` (`id`) ON DELETE CASCADE ON UPDATE CASCADE;

--
-- Constraints for table `product_items`
--
ALTER TABLE `product_items`
  ADD CONSTRAINT `product_items_product_id_foreign` FOREIGN KEY (`product_id`) REFERENCES `products` (`id`) ON DELETE CASCADE ON UPDATE CASCADE;

--
-- Constraints for table `product_item_descriptions`
--
ALTER TABLE `product_item_descriptions`
  ADD CONSTRAINT `product_item_descriptions_language_id_foreign` FOREIGN KEY (`language_id`) REFERENCES `languages` (`id`) ON DELETE CASCADE ON UPDATE CASCADE,
  ADD CONSTRAINT `product_item_descriptions_product_item_id_foreign` FOREIGN KEY (`product_item_id`) REFERENCES `product_items` (`id`) ON DELETE CASCADE ON UPDATE CASCADE;

--
-- Constraints for table `product_photos`
--
ALTER TABLE `product_photos`
  ADD CONSTRAINT `product_photos_product_id_foreign` FOREIGN KEY (`product_id`) REFERENCES `products` (`id`) ON DELETE CASCADE ON UPDATE CASCADE;

--
-- Constraints for table `quotations`
--
ALTER TABLE `quotations`
  ADD CONSTRAINT `quotations_product_id_foreign` FOREIGN KEY (`product_id`) REFERENCES `products` (`id`) ON DELETE CASCADE ON UPDATE CASCADE,
  ADD CONSTRAINT `quotations_user_id_foreign` FOREIGN KEY (`user_id`) REFERENCES `users` (`id`) ON DELETE CASCADE ON UPDATE CASCADE;

--
-- Constraints for table `rates`
--
ALTER TABLE `rates`
  ADD CONSTRAINT `rates_product_id_foreign` FOREIGN KEY (`product_id`) REFERENCES `products` (`id`) ON DELETE CASCADE ON UPDATE CASCADE;

--
-- Constraints for table `region_descriptions`
--
ALTER TABLE `region_descriptions`
  ADD CONSTRAINT `region_descriptions_language_id_foreign` FOREIGN KEY (`language_id`) REFERENCES `languages` (`id`) ON DELETE CASCADE ON UPDATE CASCADE,
  ADD CONSTRAINT `region_descriptions_region_id_foreign` FOREIGN KEY (`region_id`) REFERENCES `regions` (`id`) ON DELETE CASCADE ON UPDATE CASCADE;

--
-- Constraints for table `shipping_cities`
--
ALTER TABLE `shipping_cities`
  ADD CONSTRAINT `shipping_cities_city_id_foreign` FOREIGN KEY (`city_id`) REFERENCES `cities` (`id`) ON DELETE CASCADE ON UPDATE CASCADE,
  ADD CONSTRAINT `shipping_cities_shipping_id_foreign` FOREIGN KEY (`shipping_id`) REFERENCES `shippings` (`id`) ON DELETE CASCADE ON UPDATE CASCADE;

--
-- Constraints for table `shipping_descriptions`
--
ALTER TABLE `shipping_descriptions`
  ADD CONSTRAINT `shipping_descriptions_language_id_foreign` FOREIGN KEY (`language_id`) REFERENCES `languages` (`id`) ON DELETE CASCADE ON UPDATE CASCADE,
  ADD CONSTRAINT `shipping_descriptions_shipping_id_foreign` FOREIGN KEY (`shipping_id`) REFERENCES `shippings` (`id`) ON DELETE CASCADE ON UPDATE CASCADE;

--
-- Constraints for table `slider_descriptions`
--
ALTER TABLE `slider_descriptions`
  ADD CONSTRAINT `slider_descriptions_language_id_foreign` FOREIGN KEY (`language_id`) REFERENCES `languages` (`id`) ON DELETE CASCADE ON UPDATE CASCADE,
  ADD CONSTRAINT `slider_descriptions_slider_id_foreign` FOREIGN KEY (`slider_id`) REFERENCES `sliders` (`id`) ON DELETE CASCADE ON UPDATE CASCADE;

--
-- Constraints for table `user_modules`
--
ALTER TABLE `user_modules`
  ADD CONSTRAINT `user_modules_module_id_foreign` FOREIGN KEY (`module_id`) REFERENCES `modules` (`id`) ON DELETE CASCADE ON UPDATE CASCADE,
  ADD CONSTRAINT `user_modules_user_id_foreign` FOREIGN KEY (`user_id`) REFERENCES `users` (`id`) ON DELETE CASCADE ON UPDATE CASCADE;

--
-- Constraints for table `way_descriptions`
--
ALTER TABLE `way_descriptions`
  ADD CONSTRAINT `way_descriptions_language_id_foreign` FOREIGN KEY (`language_id`) REFERENCES `languages` (`id`) ON DELETE CASCADE ON UPDATE CASCADE,
  ADD CONSTRAINT `way_descriptions_way_id_foreign` FOREIGN KEY (`way_id`) REFERENCES `ways` (`id`) ON DELETE CASCADE ON UPDATE CASCADE;
COMMIT;

